{"id":17194,"date":"2026-03-18T09:21:22","date_gmt":"2026-03-18T09:21:22","guid":{"rendered":"https:\/\/soydeaqui.ddns.net\/pachuca\/index.php\/producto\/bajada-vertical-interior-de-90o-con-tapa-para-uso-con-canaletas-6x4-fiberrunner-color-amarillo\/"},"modified":"2026-03-18T09:21:26","modified_gmt":"2026-03-18T09:21:26","slug":"bajada-vertical-interior-de-90o-con-tapa-para-uso-con-canaletas-6x4-fiberrunner-color-amarillo","status":"publish","type":"product","link":"https:\/\/soydeaqui.ddns.net\/pachuca\/index.php\/producto\/bajada-vertical-interior-de-90o-con-tapa-para-uso-con-canaletas-6x4-fiberrunner-color-amarillo\/","title":{"rendered":"Bajada Vertical Interior de 90\u00ba con Tapa, Para uso con Canaletas 6X4 FiberRunner\u2122, Color Amarillo"},"content":{"rendered":"<div style='width: 100%; max-width: 1200px; margin: 0 auto; font-family: sans-serif; line-height: 1.6; color: inherit; background-color: transparent;'> <!-- Descripci\u00f3n principal --> <\/p>\n<div style='margin-bottom: 30px;'>\n<h2 style='font-size: 20px; margin-top: 0; color: inherit; opacity: 0.9;'>Descripci\u00f3n<\/h2>\n<p style='margin-top: 15px; font-size: 15px; color: inherit;'>La bajada vertical interior de 90\u00ba con tapa para canaletas 6&#215;4 FiberRunner\u2122 crea un \u00e1ngulo ascendente de 90\u00b0 a partir de un recorrido horizontal recto. Se utiliza con el accesorio de \u00e1ngulo vertical exterior de 90\u00b0 FROVRA6X4LYL para cambiar el nivel de un tramo horizontal recto&comma; manteniendo el radio de curvatura m\u00ednimo requerido para proteger las fibras \u00f3pticas.<\/p>\n<\/p><\/div>\n<p> <!-- Caracter\u00edsticas t\u00e9cnicas --> <\/p>\n<div style='display: flex; flex-wrap: wrap; gap: 30px; margin-bottom: 30px;'>\n<div style='flex: 1 1 300px; min-width: 280px;'>\n<h3 style='font-size: 18px; border-bottom: 2px solid currentColor; padding-bottom: 5px; margin-top: 0; color: inherit; opacity: 0.8;'>Caracter\u00edsticas T\u00e9cnicas<\/h3>\n<ul style='padding-left: 20px; font-size: 14px; color: inherit;'>\n<li style='margin-bottom: 5px;'><strong>Radio de curvatura:<\/strong> 2&#8242; (50.8 mm)<\/li>\n<li style='margin-bottom: 5px;'><strong>Color:<\/strong> Amarillo<\/li>\n<li style='margin-bottom: 5px;'><strong>Uso compatible:<\/strong> Canaletas 6&#215;4<\/li>\n<li style='margin-bottom: 5px;'><strong>Material:<\/strong> PC\/ABS<\/li>\n<li style='margin-bottom: 5px;'><strong>Altura total:<\/strong> 8.64&#8242; (219.4 mm)<\/li>\n<li style='margin-bottom: 5px;'><strong>Ancho total:<\/strong> 7.08&#8242; (179.8 mm)<\/li>\n<\/ul><\/div>\n<p> <!-- Especificaciones de cumplimiento --> <\/p>\n<div style='flex: 1 1 300px; min-width: 280px;'>\n<h3 style='font-size: 18px; border-bottom: 2px solid currentColor; padding-bottom: 5px; margin-top: 0; color: inherit; opacity: 0.8;'>Cumplimiento<\/h3>\n<ul style='padding-left: 20px; font-size: 14px; color: inherit;'>\n<li style='margin-bottom: 5px;'>UL Listed 2024A Ensambles de enrutamiento de cables de fibra \u00f3ptica<\/li>\n<li style='margin-bottom: 5px;'>Telcordia GR-63-CORE Network Equipment Building Systems Level 3<\/li>\n<li style='margin-bottom: 5px;'>RoHS<\/li>\n<\/ul><\/div>\n<p> <!-- Aplicaciones --> <\/p>\n<div style='flex: 1 1 300px; min-width: 280px;'>\n<h3 style='font-size: 18px; border-bottom: 2px solid currentColor; padding-bottom: 5px; margin-top: 0; color: inherit; opacity: 0.8;'>Aplicaciones<\/h3>\n<ul style='padding-left: 20px; font-size: 14px; color: inherit;'>\n<li style='margin-bottom: 5px;'>Centrales telef\u00f3nicas (Telco Central Offices)<\/li>\n<li style='margin-bottom: 5px;'>Centros de datos para rutas desde \u00e1reas de distribuci\u00f3n a gabinetes<\/li>\n<li style='margin-bottom: 5px;'>Sistemas de distribuci\u00f3n de fibra \u00f3ptica entre marcos de distribuci\u00f3n y equipos<\/li>\n<li style='margin-bottom: 5px;'>Instalaciones con rutas sobre racks o en pisos t\u00e9cnicos aprobados<\/li>\n<\/ul><\/div>\n<\/p><\/div>\n<p> <!-- Secci\u00f3n de especificaciones detalladas --> <\/p>\n<div style='display: flex; flex-wrap: wrap; gap: 20px; margin-bottom: 30px;'>\n<div style='flex: 1 1 250px; border: 1px solid rgba(150&comma; 150&comma; 150&comma; 0.4); border-radius: 8px; overflow: hidden; display: flex; flex-direction: column;'>\n<div style='padding: 15px; border-bottom: 1px solid rgba(150&comma; 150&comma; 150&comma; 0.2); font-weight: bold; font-size: 16px; color: inherit;'>Protecci\u00f3n de Cableado<\/div>\n<div style='padding: 15px; color: inherit;'>\n<ul style='padding-left: 20px; margin: 0; font-size: 14px; list-style-type: disc;'>\n<li style='margin-bottom: 5px;'>Mantiene un radio m\u00ednimo de 2&#8242; (50.8 mm) en todas las curvas<\/li>\n<li style='margin-bottom: 5px;'>Protecci\u00f3n contra da\u00f1os f\u00edsicos mediante sistema no met\u00e1lico<\/li>\n<\/ul><\/div>\n<\/p><\/div>\n<div style='flex: 1 1 250px; border: 1px solid rgba(150&comma; 150&comma; 150&comma; 0.4); border-radius: 8px; overflow: hidden; display: flex; flex-direction: column;'>\n<div style='padding: 15px; border-bottom: 1px solid rgba(150&comma; 150&comma; 150&comma; 0.2); font-weight: bold; font-size: 16px; color: inherit;'>Construcci\u00f3n<\/div>\n<div style='padding: 15px; color: inherit;'>\n<ul style='padding-left: 20px; margin: 0; font-size: 14px; list-style-type: disc;'>\n<li style='margin-bottom: 5px;'>Dise\u00f1o modular con tapa<\/li>\n<li style='margin-bottom: 5px;'>Sistema de acanalado y cubiertas<\/li>\n<li style='margin-bottom: 5px;'>Conexi\u00f3n mediante acoples preensamblados<\/li>\n<\/ul><\/div>\n<\/p><\/div>\n<div style='flex: 1 1 250px; border: 1px solid rgba(150&comma; 150&comma; 150&comma; 0.4); border-radius: 8px; overflow: hidden; display: flex; flex-direction: column;'>\n<div style='padding: 15px; border-bottom: 1px solid rgba(150&comma; 150&comma; 150&comma; 0.2); font-weight: bold; font-size: 16px; color: inherit;'>Ventajas<\/div>\n<div style='padding: 15px; color: inherit;'>\n<ul style='padding-left: 20px; margin: 0; font-size: 14px; list-style-type: disc;'>\n<li style='margin-bottom: 5px;'>Instalaci\u00f3n r\u00e1pida sin herramientas<\/li>\n<li style='margin-bottom: 5px;'>F\u00e1cil mantenimiento y acceso a cables<\/li>\n<li style='margin-bottom: 5px;'>Dise\u00f1o que permite acceso a cables incluso en espacios reducidos<\/li>\n<\/ul><\/div>\n<\/p><\/div>\n<\/p><\/div>\n<p> <!-- Secci\u00f3n de compatibilidad --> <\/p>\n<div style='margin-bottom: 30px;'>\n<h3 style='font-size: 18px; border-bottom: 2px solid currentColor; padding-bottom: 5px; margin-top: 0; color: inherit; opacity: 0.8;'>Compatibilidad<\/h3>\n<p style='margin-top: 15px; font-size: 14px; color: inherit;'>Este accesorio es compatible con el sistema completo FiberRunner\u00ae de Panduit&comma; incluyendo:<\/p>\n<ul style='padding-left: 20px; margin-top: 15px; font-size: 14px; color: inherit;'>\n<li style='margin-bottom: 5px;'>Sistemas de canaletas FiberRunner\u00ae 24&#215;4&comma; 12&#215;4&comma; 4&#215;4 y 2&#215;2<\/li>\n<li style='margin-bottom: 5px;'>Sistema de bandeja portacables Wyr-Grid\u2122<\/li>\n<li style='margin-bottom: 5px;'>Componentes de gesti\u00f3n de cableado y racks de Panduit<\/li>\n<\/ul><\/div>\n<p> <!-- Separador final --> <\/p>\n<hr style='border: 0; border-top: 1px solid rgba(150&comma; 150&comma; 150&comma; 0.3); margin: 30px 0;'> <\/div>\n","protected":false},"excerpt":{"rendered":"<p>Bajada Vertical Interior de 90\u00ba con Tapa, Para uso con Canaletas 6X4 FiberRunner\u2122, Color Amarillo<\/p>\n","protected":false},"featured_media":17193,"comment_status":"open","ping_status":"closed","template":"","meta":[],"product_brand":[],"product_cat":[571],"product_tag":[573,572,445],"class_list":{"0":"post-17194","1":"product","2":"type-product","3":"status-publish","4":"has-post-thumbnail","6":"product_cat-accesorios-para-canaletas","7":"product_tag-accesorios-para-canaletas","8":"product_tag-canalizacion","9":"product_tag-panduit","11":"first","12":"outofstock","13":"sale","14":"shipping-taxable","15":"purchasable","16":"product-type-simple"},"_links":{"self":[{"href":"https:\/\/soydeaqui.ddns.net\/pachuca\/index.php\/wp-json\/wp\/v2\/product\/17194","targetHints":{"allow":["GET"]}}],"collection":[{"href":"https:\/\/soydeaqui.ddns.net\/pachuca\/index.php\/wp-json\/wp\/v2\/product"}],"about":[{"href":"https:\/\/soydeaqui.ddns.net\/pachuca\/index.php\/wp-json\/wp\/v2\/types\/product"}],"replies":[{"embeddable":true,"href":"https:\/\/soydeaqui.ddns.net\/pachuca\/index.php\/wp-json\/wp\/v2\/comments?post=17194"}],"wp:featuredmedia":[{"embeddable":true,"href":"https:\/\/soydeaqui.ddns.net\/pachuca\/index.php\/wp-json\/wp\/v2\/media\/17193"}],"wp:attachment":[{"href":"https:\/\/soydeaqui.ddns.net\/pachuca\/index.php\/wp-json\/wp\/v2\/media?parent=17194"}],"wp:term":[{"taxonomy":"product_brand","embeddable":true,"href":"https:\/\/soydeaqui.ddns.net\/pachuca\/index.php\/wp-json\/wp\/v2\/product_brand?post=17194"},{"taxonomy":"product_cat","embeddable":true,"href":"https:\/\/soydeaqui.ddns.net\/pachuca\/index.php\/wp-json\/wp\/v2\/product_cat?post=17194"},{"taxonomy":"product_tag","embeddable":true,"href":"https:\/\/soydeaqui.ddns.net\/pachuca\/index.php\/wp-json\/wp\/v2\/product_tag?post=17194"}],"curies":[{"name":"wp","href":"https:\/\/api.w.org\/{rel}","templated":true}]}}