{"id":17056,"date":"2026-03-18T09:18:55","date_gmt":"2026-03-18T09:18:55","guid":{"rendered":"https:\/\/soydeaqui.ddns.net\/pachuca\/index.php\/producto\/acoplador-stp-extensor-de-cable-ethernet-rj45-10gbps-blindado-compatibilidad-con-cat8-cat7-cat6-cat5e-hasta-100-metros-328-08-pies-aleacin-de-aluminio\/"},"modified":"2026-03-18T09:18:58","modified_gmt":"2026-03-18T09:18:58","slug":"acoplador-stp-extensor-de-cable-ethernet-rj45-10gbps-blindado-compatibilidad-con-cat8-cat7-cat6-cat5e-hasta-100-metros-328-08-pies-aleacin-de-aluminio","status":"publish","type":"product","link":"https:\/\/soydeaqui.ddns.net\/pachuca\/index.php\/producto\/acoplador-stp-extensor-de-cable-ethernet-rj45-10gbps-blindado-compatibilidad-con-cat8-cat7-cat6-cat5e-hasta-100-metros-328-08-pies-aleacin-de-aluminio\/","title":{"rendered":"Acoplador STP (Extensor de Cable Ethernet RJ45) | 10Gbps | Blindado | Compatibilidad con Cat8 Cat7 Cat6 Cat5e | Hasta 100 Metros (328.08 Pies) | Aleaci?n de Aluminio"},"content":{"rendered":"<div style='width: 100%; max-width: 1200px; margin: 0 auto; font-family: sans-serif; line-height: 1.6; color: inherit; background-color: transparent;'> <!-- Im\u00e1genes del producto --> <\/p>\n<div style='display: flex; flex-wrap: wrap; gap: 15px; margin-bottom: 30px;'>\n<div style='flex: 1 1 300px; min-width: 280px;'> <img style='width: 100%; height: auto; border: 1px solid rgba(150&comma;150&comma;150&comma;0.3); border-radius: 8px;' src='http:\/\/ftp3.syscom.mx\/usuarios\/hallende\/UGREEN\/15117\/15117-10.jpg' alt=''> <\/div>\n<div style='flex: 1 1 300px; min-width: 280px;'> <img style='width: 100%; height: auto; border: 1px solid rgba(150&comma;150&comma;150&comma;0.3); border-radius: 8px;' src='http:\/\/ftp3.syscom.mx\/usuarios\/hallende\/UGREEN\/15117\/15117-11.jpg' alt=''> <\/div>\n<div style='flex: 1 1 300px; min-width: 280px;'> <img style='width: 100%; height: auto; border: 1px solid rgba(150&comma;150&comma;150&comma;0.3); border-radius: 8px;' src='http:\/\/ftp3.syscom.mx\/usuarios\/hallende\/UGREEN\/15117\/15117-12.jpg' alt=''> <\/div>\n<div style='flex: 1 1 300px; min-width: 280px;'> <img style='width: 100%; height: auto; border: 1px solid rgba(150&comma;150&comma;150&comma;0.3); border-radius: 8px;' src='http:\/\/ftp3.syscom.mx\/usuarios\/hallende\/UGREEN\/15117\/15117-13.jpg' alt=''> <\/div>\n<div style='flex: 1 1 300px; min-width: 280px;'> <img style='width: 100%; height: auto; border: 1px solid rgba(150&comma;150&comma;150&comma;0.3); border-radius: 8px;' src='http:\/\/ftp3.syscom.mx\/usuarios\/hallende\/UGREEN\/15117\/15117-14.jpg' alt=''> <\/div>\n<div style='flex: 1 1 300px; min-width: 280px;'> <img style='width: 100%; height: auto; border: 1px solid rgba(150&comma;150&comma;150&comma;0.3); border-radius: 8px;' src='http:\/\/ftp3.syscom.mx\/usuarios\/hallende\/UGREEN\/15117\/15117-15.jpg' alt=''> <\/div>\n<\/p><\/div>\n<p> <!-- Secci\u00f3n de caracter\u00edsticas principales --> <\/p>\n<div style='display: flex; flex-wrap: wrap; gap: 30px; margin-bottom: 30px;'>\n<div style='flex: 1 1 300px; min-width: 280px;'>\n<h3 style='font-size: 22px; border-bottom: 2px solid currentColor; padding-bottom: 5px; margin-top: 0; color: inherit; opacity: 0.8;'>Caracter\u00edsticas Principales<\/h3>\n<ul style='padding-left: 20px; font-size: 15px; color: inherit;'>\n<li style='margin-bottom: 5px;'>Velocidad de red: hasta 10 Gbps<\/li>\n<li style='margin-bottom: 5px;'>Soporta transmisi\u00f3n de larga distancia de hasta 100 metros<\/li>\n<li style='margin-bottom: 5px;'>Contactos de cobre chapados en oro para una transmisi\u00f3n de se\u00f1al constante<\/li>\n<li style='margin-bottom: 5px;'>Compatible con Cat8&comma; Cat7&comma; Cat6A&comma; Cat6&comma; Cat5e&comma; Cat5<\/li>\n<li style='margin-bottom: 5px;'>Carcasa de aleaci\u00f3n de aluminio para disipaci\u00f3n de calor y durabilidad<\/li>\n<li style='margin-bottom: 5px;'>Dise\u00f1o de clip de retenci\u00f3n a presi\u00f3n para conexi\u00f3n segura<\/li>\n<li style='margin-bottom: 5px;'>Cumple con est\u00e1ndar TIA\/EIA 568-C.2<\/li>\n<li style='margin-bottom: 5px;'>Verificado RoHS<\/li>\n<\/ul><\/div>\n<\/p><\/div>\n<p> <!-- Secci\u00f3n de especificaciones t\u00e9cnicas --> <\/p>\n<div style='display: flex; flex-wrap: wrap; gap: 20px; margin-bottom: 30px;'>\n<div style='flex: 1 1 250px; border: 1px solid rgba(150&comma; 150&comma; 150&comma; 0.4); border-radius: 8px; overflow: hidden; display: flex; flex-direction: column;'>\n<div style='padding: 15px; border-bottom: 1px solid rgba(150&comma; 150&comma; 150&comma; 0.2); font-weight: bold; font-size: 18px; color: inherit;'>Especificaciones T\u00e9cnicas<\/div>\n<div style='padding: 15px; color: inherit;'>\n<ul style='padding-left: 20px; margin: 0; font-size: 14px; list-style-type: disc;'>\n<li style='margin-bottom: 5px;'><strong>Tipo:<\/strong> Acoplador Ethernet RJ45 hembra a hembra<\/li>\n<li style='margin-bottom: 5px;'><strong>Velocidad:<\/strong> Hasta 10 Gbps<\/li>\n<li style='margin-bottom: 5px;'><strong>Compatibilidad:<\/strong> Cat8&comma; Cat7&comma; Cat6A&comma; Cat6&comma; Cat5e&comma; Cat5<\/li>\n<li style='margin-bottom: 5px;'><strong>Material:<\/strong> Aleaci\u00f3n de aluminio<\/li>\n<li style='margin-bottom: 5px;'><strong>Contactos:<\/strong> Cobre chapado en oro<\/li>\n<li style='margin-bottom: 5px;'><strong>Distancia m\u00e1xima:<\/strong> Hasta 100 metros<\/li>\n<li style='margin-bottom: 5px;'><strong>Est\u00e1ndares:<\/strong> TIA\/EIA 568-C.2<\/li>\n<li style='margin-bottom: 5px;'><strong>Certificaciones:<\/strong> RoHS<\/li>\n<\/ul><\/div>\n<\/p><\/div>\n<p> <!-- Secci\u00f3n de caracter\u00edsticas t\u00e9cnicas --> <\/p>\n<div style='flex: 1 1 250px; border: 1px solid rgba(150&comma; 150&comma; 150&comma; 0.4); border-radius: 8px; overflow: hidden; display: flex; flex-direction: column;'>\n<div style='padding: 15px; border-bottom: 1px solid rgba(150&comma; 150&comma; 150&comma; 0.2); font-weight: bold; font-size: 18px; color: inherit;'>Caracter\u00edsticas T\u00e9cnicas<\/div>\n<div style='padding: 15px; color: inherit;'>\n<ul style='padding-left: 20px; margin: 0; font-size: 14px; list-style-type: disc;'>\n<li style='margin-bottom: 5px;'>Dise\u00f1o de clip de retenci\u00f3n a presi\u00f3n<\/li>\n<li style='margin-bottom: 5px;'>M\u00e1xima disipaci\u00f3n de calor gracias a su carcasa de aluminio<\/li>\n<li style='margin-bottom: 5px;'>Alta disipaci\u00f3n de interferencia electromagn\u00e9tica<\/li>\n<li style='margin-bottom: 5px;'>Contactos de cobre puro para mejor conductividad<\/li>\n<\/ul><\/div>\n<\/p><\/div>\n<p> <!-- Secci\u00f3n de aplicaciones --> <\/p>\n<div style='flex: 1 1 250px; border: 1px solid rgba(150&comma; 150&comma; 150&comma; 0.4); border-radius: 8px; overflow: hidden; display: flex; flex-direction: column;'>\n<div style='padding: 15px; border-bottom: 1px solid rgba(150&comma; 150&comma; 150&comma; 0.2); font-weight: bold; font-size: 18px; color: inherit;'>Aplicaciones<\/div>\n<div style='padding: 15px; color: inherit;'>\n<ul style='padding-left: 20px; margin: 0; font-size: 14px; list-style-type: disc;'>\n<li style='margin-bottom: 5px;'>Extensi\u00f3n de conexiones Ethernet en hogares y oficinas<\/li>\n<li style='margin-bottom: 5px;'>Conexi\u00f3n entre cables Ethernet en configuraciones de red fija<\/li>\n<li style='margin-bottom: 5px;'>Soluci\u00f3n para conexiones temporales en entornos industriales<\/li>\n<li style='margin-bottom: 5px;'>Optimizaci\u00f3n de redes con largas distancias de cableado<\/li>\n<\/ul><\/div>\n<\/p><\/div>\n<\/p><\/div>\n<p> <!-- Separador --> <\/p>\n<hr style='border: 0; border-top: 1px solid rgba(150&comma; 150&comma; 150&comma; 0.3); margin: 30px 0;'> <\/div>\n","protected":false},"excerpt":{"rendered":"<p>Acoplador STP (Extensor de Cable Ethernet RJ45) | 10Gbps | Blindado | Compatibilidad con Cat8 Cat7 Cat6 Cat5e | Hasta 100 Metros (328.08 Pies) | Aleaci?n de Aluminio<\/p>\n","protected":false},"featured_media":17055,"comment_status":"open","ping_status":"closed","template":"","meta":[],"product_brand":[],"product_cat":[576],"product_tag":[488,577,650],"class_list":{"0":"post-17056","1":"product","2":"type-product","3":"status-publish","4":"has-post-thumbnail","6":"product_cat-categoria-6","7":"product_tag-cables-y-conectores","8":"product_tag-categoria-6","9":"product_tag-ugreen","11":"first","12":"instock","13":"sale","14":"shipping-taxable","15":"purchasable","16":"product-type-simple"},"_links":{"self":[{"href":"https:\/\/soydeaqui.ddns.net\/pachuca\/index.php\/wp-json\/wp\/v2\/product\/17056","targetHints":{"allow":["GET"]}}],"collection":[{"href":"https:\/\/soydeaqui.ddns.net\/pachuca\/index.php\/wp-json\/wp\/v2\/product"}],"about":[{"href":"https:\/\/soydeaqui.ddns.net\/pachuca\/index.php\/wp-json\/wp\/v2\/types\/product"}],"replies":[{"embeddable":true,"href":"https:\/\/soydeaqui.ddns.net\/pachuca\/index.php\/wp-json\/wp\/v2\/comments?post=17056"}],"wp:featuredmedia":[{"embeddable":true,"href":"https:\/\/soydeaqui.ddns.net\/pachuca\/index.php\/wp-json\/wp\/v2\/media\/17055"}],"wp:attachment":[{"href":"https:\/\/soydeaqui.ddns.net\/pachuca\/index.php\/wp-json\/wp\/v2\/media?parent=17056"}],"wp:term":[{"taxonomy":"product_brand","embeddable":true,"href":"https:\/\/soydeaqui.ddns.net\/pachuca\/index.php\/wp-json\/wp\/v2\/product_brand?post=17056"},{"taxonomy":"product_cat","embeddable":true,"href":"https:\/\/soydeaqui.ddns.net\/pachuca\/index.php\/wp-json\/wp\/v2\/product_cat?post=17056"},{"taxonomy":"product_tag","embeddable":true,"href":"https:\/\/soydeaqui.ddns.net\/pachuca\/index.php\/wp-json\/wp\/v2\/product_tag?post=17056"}],"curies":[{"name":"wp","href":"https:\/\/api.w.org\/{rel}","templated":true}]}}