{"id":17024,"date":"2026-03-18T09:18:25","date_gmt":"2026-03-18T09:18:25","guid":{"rendered":"https:\/\/soydeaqui.ddns.net\/pachuca\/index.php\/producto\/bobina-de-cable-de-305-metros-1000-pies-cat5e-color-negro-sin-blindar-para-aplicaciones-de-videovigilancia-redes-de-datos-uso-en-intemperie\/"},"modified":"2026-03-18T09:18:29","modified_gmt":"2026-03-18T09:18:29","slug":"bobina-de-cable-de-305-metros-1000-pies-cat5e-color-negro-sin-blindar-para-aplicaciones-de-videovigilancia-redes-de-datos-uso-en-intemperie","status":"publish","type":"product","link":"https:\/\/soydeaqui.ddns.net\/pachuca\/index.php\/producto\/bobina-de-cable-de-305-metros-1000-pies-cat5e-color-negro-sin-blindar-para-aplicaciones-de-videovigilancia-redes-de-datos-uso-en-intemperie\/","title":{"rendered":"Bobina de Cable de 305 Metros (1000 Pies), Cat5e, Color Negro, Sin Blindar, para Aplicaciones de Videovigilancia, Redes de Datos. Uso en Intemperie"},"content":{"rendered":"<div style='width: 100%; max-width: 1200px; margin: 0 auto; font-family: sans-serif; line-height: 1.6; color: inherit; background-color: transparent;'>\n<p style='text-align: center; margin: 0 0 20px 0; padding: 0;'> <img style='width: 100%; max-width: 450px; height: auto; border: 1px solid rgba(150&comma;150&comma;150&comma;0.3); border-radius: 8px;' src='https:\/\/ftp3.syscom.mx\/usuarios\/orobles\/LinkedPro\/linkedpro_logo.png' alt='Logo de LinkedPro'> <\/p>\n<div style='display: flex; flex-wrap: wrap; gap: 30px; margin-bottom: 30px;'>\n<div style='flex: 1 1 300px; min-width: 280px;'>\n<h3 style='font-size: 22px; border-bottom: 2px solid currentColor; padding-bottom: 5px; margin-top: 0; color: inherit; opacity: 0.8;'>Caracter\u00edsticas<\/h3>\n<ul style='padding-left: 20px; font-size: 15px; color: inherit; list-style-type: disc;'>\n<li style='margin-bottom: 5px;'>Video vigilancia IP Megapixel.<\/li>\n<li style='margin-bottom: 5px;'>Instalaciones de video an\u00e1logo.<\/li>\n<li style='margin-bottom: 5px;'>Redes locales de alta velocidad.<\/li>\n<li style='margin-bottom: 5px;'>Redes inalambricas.<\/li>\n<li style='margin-bottom: 5px;'>Aplicaciones en 10BASE-T&comma; 100BASE-T.<\/li>\n<li style='margin-bottom: 5px;'>Instalaciones Gigabit de voz\/datos.<\/li>\n<li style='margin-bottom: 5px;'>Env\u00edo de PoE en largas distancias.<\/li>\n<li style='margin-bottom: 5px;'>Dise\u00f1ado para: Aplicaciones de datos de alta velocidad&comma; Fast Ethernet.<\/li>\n<\/ul><\/div>\n<div style='flex: 1 1 300px; min-width: 280px;'>\n<h3 style='font-size: 22px; border-bottom: 2px solid currentColor; padding-bottom: 5px; margin-top: 0; color: inherit; opacity: 0.8;'>Caracter\u00edsticas f\u00edsicas y el\u00e9ctricas<\/h3>\n<ul style='padding-left: 20px; font-size: 15px; color: inherit; list-style-type: disc;'>\n<li style='margin-bottom: 5px;'><strong>Conductor: 100% Cobre<\/strong><\/li>\n<li style='margin-bottom: 5px;'>Para instalaciones en exterior (CMX) y protecci\u00f3n UV.<\/li>\n<li style='margin-bottom: 5px;'><strong>Color Exterior: Negro.<\/strong><\/li>\n<li style='margin-bottom: 5px;'>Construcci\u00f3n: UTP.<\/li>\n<li style='margin-bottom: 5px;'>Conductor: 24 AWG (0.48 mm)<\/li>\n<li style='margin-bottom: 5px;'>Di\u00e1metro: 5.2 \u00b1 0.2 mm.<\/li>\n<li style='margin-bottom: 5px;'><strong>Aplicaci\u00f3n : Intemperie.<\/strong><\/li>\n<\/ul><\/div>\n<div style='flex: 1 1 300px; min-width: 280px;'>\n<h3 style='font-size: 22px; border-bottom: 2px solid currentColor; padding-bottom: 5px; margin-top: 0; color: inherit; opacity: 0.8;'>Est\u00e1ndares<\/h3>\n<ul style='padding-left: 20px; font-size: 15px; color: inherit; list-style-type: disc;'>\n<li style='margin-bottom: 5px;'>UL ( E488955 )<\/li>\n<li style='margin-bottom: 5px;'>CMX&comma; ANSI\/TIA<\/li>\n<li style='margin-bottom: 5px;'>ISO\/IEC<\/li>\n<li style='margin-bottom: 5px;'>CENELEC EN.RoHS<\/li>\n<li style='margin-bottom: 5px;'>Cumple con las Pruebas de Rendimiento para Enlace Permanente a 90 metros<\/li>\n<\/ul><\/div>\n<\/p><\/div>\n<div style='text-align: center; margin: 30px 0;'>\n<p style='font-size: 15px; color: inherit; margin: 0; padding: 10px; background-color: rgba(245&comma; 34&comma; 7&comma; 0.1); border-left: 5px solid #F52207; display: inline-block;'><strong>*Precio por carrete de 305m (1000ft)<\/strong><\/p>\n<\/p><\/div>\n<\/p><\/div>\n","protected":false},"excerpt":{"rendered":"<p>Bobina de Cable de 305 Metros (1000 Pies), Cat5e, Color Negro, Sin Blindar, para Aplicaciones de Videovigilancia, Redes de Datos. Uso en Intemperie<\/p>\n","protected":false},"featured_media":17023,"comment_status":"open","ping_status":"closed","template":"","meta":[],"product_brand":[],"product_cat":[683],"product_tag":[672,620,435],"class_list":{"0":"post-17024","1":"product","2":"type-product","3":"status-publish","4":"has-post-thumbnail","6":"product_cat-categoria-5e-cable-bobinas","7":"product_tag-cable-bobinas","8":"product_tag-categoria-5e","9":"product_tag-linkedpro-by-epcom","11":"first","12":"outofstock","13":"sale","14":"shipping-taxable","15":"purchasable","16":"product-type-simple"},"_links":{"self":[{"href":"https:\/\/soydeaqui.ddns.net\/pachuca\/index.php\/wp-json\/wp\/v2\/product\/17024","targetHints":{"allow":["GET"]}}],"collection":[{"href":"https:\/\/soydeaqui.ddns.net\/pachuca\/index.php\/wp-json\/wp\/v2\/product"}],"about":[{"href":"https:\/\/soydeaqui.ddns.net\/pachuca\/index.php\/wp-json\/wp\/v2\/types\/product"}],"replies":[{"embeddable":true,"href":"https:\/\/soydeaqui.ddns.net\/pachuca\/index.php\/wp-json\/wp\/v2\/comments?post=17024"}],"wp:featuredmedia":[{"embeddable":true,"href":"https:\/\/soydeaqui.ddns.net\/pachuca\/index.php\/wp-json\/wp\/v2\/media\/17023"}],"wp:attachment":[{"href":"https:\/\/soydeaqui.ddns.net\/pachuca\/index.php\/wp-json\/wp\/v2\/media?parent=17024"}],"wp:term":[{"taxonomy":"product_brand","embeddable":true,"href":"https:\/\/soydeaqui.ddns.net\/pachuca\/index.php\/wp-json\/wp\/v2\/product_brand?post=17024"},{"taxonomy":"product_cat","embeddable":true,"href":"https:\/\/soydeaqui.ddns.net\/pachuca\/index.php\/wp-json\/wp\/v2\/product_cat?post=17024"},{"taxonomy":"product_tag","embeddable":true,"href":"https:\/\/soydeaqui.ddns.net\/pachuca\/index.php\/wp-json\/wp\/v2\/product_tag?post=17024"}],"curies":[{"name":"wp","href":"https:\/\/api.w.org\/{rel}","templated":true}]}}