{"id":16576,"date":"2026-03-18T09:10:40","date_gmt":"2026-03-18T09:10:40","guid":{"rendered":"https:\/\/soydeaqui.ddns.net\/pachuca\/index.php\/producto\/pdu-inteligente-monitoreable-el2p-para-distribucion-de-energia-enchufe-de-entrada-nema-l21-30p-con-24-salidas-c13-c15-y-24-c19-c15-c19-c21-de-instalacion-vertical-208-vca-30-amp\/"},"modified":"2026-03-18T09:10:44","modified_gmt":"2026-03-18T09:10:44","slug":"pdu-inteligente-monitoreable-el2p-para-distribucion-de-energia-enchufe-de-entrada-nema-l21-30p-con-24-salidas-c13-c15-y-24-c19-c15-c19-c21-de-instalacion-vertical-208-vca-30-amp","status":"publish","type":"product","link":"https:\/\/soydeaqui.ddns.net\/pachuca\/index.php\/producto\/pdu-inteligente-monitoreable-el2p-para-distribucion-de-energia-enchufe-de-entrada-nema-l21-30p-con-24-salidas-c13-c15-y-24-c19-c15-c19-c21-de-instalacion-vertical-208-vca-30-amp\/","title":{"rendered":"PDU Inteligente Monitoreable EL2P para Distribuci\u00f3n de Energ\u00eda, Enchufe de Entrada NEMA L21-30P, Con 24 Salidas C13\/C15 y 24 C19\/C15\/C19\/C21, de Instalaci\u00f3n Vertical, 208 Vca, 30 Amp"},"content":{"rendered":"<div style='width: 100%; max-width: 1200px; margin: 0 auto; font-family: sans-serif; line-height: 1.6; color: inherit; background-color: transparent;'> <!-- Descripci\u00f3n principal --> <\/p>\n<div style='margin-bottom: 30px; font-size: 15px; color: inherit;'>\n<p style='margin: 0 0 15px 0; padding: 0; color: inherit;'> La iPDU EL2P no es solo una unidad de distribuci\u00f3n de energ\u00eda y un dispositivo de monitorizaci\u00f3n energ\u00e9tica: es una soluci\u00f3n revolucionaria para su centro de datos. Estas innovadoras iPDU monitorizan continuamente la energ\u00eda y las condiciones ambientales a nivel de rack o armario&comma; garantizando que sus equipos de TI cr\u00edticos est\u00e9n siempre protegidos contra sobrecargas el\u00e9ctricas y factores ambientales adversos. Con las iPDU EL2P&comma; obtiene datos de medici\u00f3n de energ\u00eda completos y precisos que le permiten optimizar el consumo energ\u00e9tico&comma; tomar decisiones informadas sobre la planificaci\u00f3n de la capacidad&comma; aumentar el tiempo de actividad y medir la PUE (eficacia del uso de la energ\u00eda). Adem\u00e1s&comma; apoyan las iniciativas de centros de datos sostenibles para ayudarle a ahorrar energ\u00eda y dinero&comma; impulsando a la vez la sostenibilidad. Elegir el equipo de TI adecuado es fundamental para un funcionamiento seguro y eficiente del centro de datos. Nuestras iPDU EL2P&comma; sensores ambientales y cables de alimentaci\u00f3n con doble bloqueo proporcionan la soluci\u00f3n ideal para las necesidades de su centro de datos de misi\u00f3n cr\u00edtica. <\/p>\n<\/p><\/div>\n<p> <!-- Especificaciones t\u00e9cnicas --> <\/p>\n<div style='display: flex; flex-wrap: wrap; gap: 20px; margin-bottom: 30px;'>\n<div style='flex: 1 1 250px; border: 1px solid rgba(150&comma; 150&comma; 150&comma; 0.4); border-radius: 8px; overflow: hidden; display: flex; flex-direction: column;'>\n<div style='padding: 15px; border-bottom: 1px solid rgba(150&comma; 150&comma; 150&comma; 0.2); font-weight: bold; font-size: 18px; color: inherit;'>Especificaciones T\u00e9cnicas<\/div>\n<div style='padding: 15px; color: inherit;'>\n<ul style='padding-left: 20px; margin: 0; font-size: 14px; list-style-type: disc; color: inherit;'>\n<li style='margin-bottom: 5px; color: inherit;'><strong>Voltaje de entrada:<\/strong> 208 Vca<\/li>\n<li style='margin-bottom: 5px; color: inherit;'><strong>Voltaje de salida:<\/strong> 208 Vca<\/li>\n<li style='margin-bottom: 5px; color: inherit;'><strong>Corriente de ingreso:<\/strong> 30 Amp<\/li>\n<li style='margin-bottom: 5px; color: inherit;'><strong>Potencia aparente:<\/strong> 8.6 kVA<\/li>\n<li style='margin-bottom: 5px; color: inherit;'><strong>Tipo de Plug de Entrada:<\/strong> NEMA L21-30P<\/li>\n<li style='margin-bottom: 5px; color: inherit;'><strong>Longitud del cable:<\/strong> 3 m.<\/li>\n<li style='margin-bottom: 5px; color: inherit;'><strong>Tipos de Receptaculos:<\/strong> 24 C13\/C15 y 24 C19\/C15\/C19\/C21<\/li>\n<li style='margin-bottom: 5px; color: inherit;'><strong>Dimensiones:<\/strong> 52 x 1780 x 75 mm (Ancho x Alto x Profundidad)<\/li>\n<li style='margin-bottom: 5px; color: inherit;'><strong>Temperatura en operaci\u00f3n:<\/strong> 10 a 60 \u00baC<\/li>\n<li style='margin-bottom: 5px; color: inherit;'><strong>Temperatura en almacenamiento:<\/strong> -20 a 60 \u00baC<\/li>\n<li style='margin-bottom: 5px; color: inherit;'><strong>Humedad relativa sin operar:<\/strong> 5 a 95%<\/li>\n<li style='margin-bottom: 5px; color: inherit;'><strong>Humedad relativa en almacenamiento:<\/strong> 5 a 95%<\/li>\n<\/ul><\/div>\n<\/p><\/div>\n<\/p><\/div>\n<p> <!-- Separador --> <\/p>\n<hr style='border: 0; border-top: 1px solid rgba(150&comma; 150&comma; 150&comma; 0.3); margin: 30px 0;'> <\/div>\n","protected":false},"excerpt":{"rendered":"<p>PDU Inteligente Monitoreable EL2P para Distribuci\u00f3n de Energ\u00eda, Enchufe de Entrada NEMA L21-30P, Con 24 Salidas C13\/C15 y 24 C19\/C15\/C19\/C21, de Instalaci\u00f3n Vertical, 208 Vca, 30 Amp<\/p>\n","protected":false},"featured_media":16575,"comment_status":"open","ping_status":"closed","template":"","meta":[],"product_brand":[],"product_cat":[722],"product_tag":[723,445,646],"class_list":{"0":"post-16576","1":"product","2":"type-product","3":"status-publish","4":"has-post-thumbnail","6":"product_cat-monitoreables","7":"product_tag-monitoreables","8":"product_tag-panduit","9":"product_tag-pdu","11":"first","12":"outofstock","13":"sale","14":"shipping-taxable","15":"purchasable","16":"product-type-simple"},"_links":{"self":[{"href":"https:\/\/soydeaqui.ddns.net\/pachuca\/index.php\/wp-json\/wp\/v2\/product\/16576","targetHints":{"allow":["GET"]}}],"collection":[{"href":"https:\/\/soydeaqui.ddns.net\/pachuca\/index.php\/wp-json\/wp\/v2\/product"}],"about":[{"href":"https:\/\/soydeaqui.ddns.net\/pachuca\/index.php\/wp-json\/wp\/v2\/types\/product"}],"replies":[{"embeddable":true,"href":"https:\/\/soydeaqui.ddns.net\/pachuca\/index.php\/wp-json\/wp\/v2\/comments?post=16576"}],"wp:featuredmedia":[{"embeddable":true,"href":"https:\/\/soydeaqui.ddns.net\/pachuca\/index.php\/wp-json\/wp\/v2\/media\/16575"}],"wp:attachment":[{"href":"https:\/\/soydeaqui.ddns.net\/pachuca\/index.php\/wp-json\/wp\/v2\/media?parent=16576"}],"wp:term":[{"taxonomy":"product_brand","embeddable":true,"href":"https:\/\/soydeaqui.ddns.net\/pachuca\/index.php\/wp-json\/wp\/v2\/product_brand?post=16576"},{"taxonomy":"product_cat","embeddable":true,"href":"https:\/\/soydeaqui.ddns.net\/pachuca\/index.php\/wp-json\/wp\/v2\/product_cat?post=16576"},{"taxonomy":"product_tag","embeddable":true,"href":"https:\/\/soydeaqui.ddns.net\/pachuca\/index.php\/wp-json\/wp\/v2\/product_tag?post=16576"}],"curies":[{"name":"wp","href":"https:\/\/api.w.org\/{rel}","templated":true}]}}