{"id":16544,"date":"2026-03-18T09:10:05","date_gmt":"2026-03-18T09:10:05","guid":{"rendered":"https:\/\/soydeaqui.ddns.net\/pachuca\/index.php\/producto\/etiqueta-termorretrctil-de-transferencia-trmica-de-calidad-militar-para-cable-16-10-awg-500-unidades\/"},"modified":"2026-03-18T09:10:05","modified_gmt":"2026-03-18T09:10:05","slug":"etiqueta-termorretrctil-de-transferencia-trmica-de-calidad-militar-para-cable-16-10-awg-500-unidades","status":"publish","type":"product","link":"https:\/\/soydeaqui.ddns.net\/pachuca\/index.php\/producto\/etiqueta-termorretrctil-de-transferencia-trmica-de-calidad-militar-para-cable-16-10-awg-500-unidades\/","title":{"rendered":"Etiqueta Termorretr?ctil de Transferencia T?rmica de Calidad Militar, Para Cable 16-10 AWG, 500 Unidades"},"content":{"rendered":"<div style='width: 100%; max-width: 1200px; margin: 0 auto; font-family: sans-serif; line-height: 1.6; color: inherit; background-color: transparent;'>\n<h3 style='font-size: 22px; border-bottom: 2px solid currentColor; padding-bottom: 5px; margin-top: 0; color: inherit; opacity: 0.8; margin-bottom: 20px;'>Especificaciones<\/h3>\n<p> <!-- Secci\u00f3n de cards con especificaciones --> <\/p>\n<div style='display: flex; flex-wrap: wrap; gap: 20px; margin-bottom: 30px;'>\n<div style='flex: 1 1 250px; border: 1px solid rgba(150&comma; 150&comma; 150&comma; 0.4); border-radius: 8px; overflow: hidden; display: flex; flex-direction: column;'>\n<div style='padding: 15px; border-bottom: 1px solid rgba(150&comma; 150&comma; 150&comma; 0.2); font-weight: bold; font-size: 18px; color: inherit;'>Caracter\u00edsticas generales<\/div>\n<div style='padding: 15px; color: inherit;'>\n<ul style='padding-left: 20px; margin: 0; font-size: 14px; list-style-type: disc;'>\n<li style='margin-bottom: 5px;'><strong>Tipo de producto:<\/strong> Etiqueta termorretr\u00e1ctil<\/li>\n<li style='margin-bottom: 5px;'><strong>Color:<\/strong> Blanco<\/li>\n<li style='margin-bottom: 5px;'><strong>Calibrador de cables compatible (AWG):<\/strong> 16-10<\/li>\n<li style='margin-bottom: 5px;'><strong>N\u00famero de etiquetas:<\/strong> 500<\/li>\n<li style='margin-bottom: 5px;'><strong>N\u00famero de etiquetas por hilera:<\/strong> 1<\/li>\n<li style='margin-bottom: 5px;'><strong>N\u00famero de lados:<\/strong> 1<\/li>\n<li style='margin-bottom: 5px;'><strong>Propiedades de resistencia:<\/strong> Calidad militar<\/li>\n<li style='margin-bottom: 5px;'><strong>Aplicaci\u00f3n de etiquetas:<\/strong> Identificaci\u00f3n de cables<\/li>\n<li style='margin-bottom: 5px;'><strong>Tipo de impresora:<\/strong> Transferencia t\u00e9rmica<\/li>\n<\/ul><\/div>\n<\/p><\/div>\n<div style='flex: 1 1 250px; border: 1px solid rgba(150&comma; 150&comma; 150&comma; 0.4); border-radius: 8px; overflow: hidden; display: flex; flex-direction: column;'>\n<div style='padding: 15px; border-bottom: 1px solid rgba(150&comma; 150&comma; 150&comma; 0.2); font-weight: bold; font-size: 18px; color: inherit;'>Dimensiones<\/div>\n<div style='padding: 15px; color: inherit;'>\n<ul style='padding-left: 20px; margin: 0; font-size: 14px; list-style-type: disc;'>\n<li style='margin-bottom: 5px;'><strong>Dimensiones de la etiqueta:<\/strong> 2W x 0.44H (pulgadas)<\/li>\n<li style='margin-bottom: 5px;'><strong>Di\u00e1metro:<\/strong> 6.4 mm (0.25 in)<\/li>\n<li style='margin-bottom: 5px;'><strong>Anchura total:<\/strong> 2 in (50.8 mm)<\/li>\n<li style='margin-bottom: 5px;'><strong>Altura total:<\/strong> 0.44 in (11.2 mm)<\/li>\n<\/ul><\/div>\n<\/p><\/div>\n<div style='flex: 1 1 250px; border: 1px solid rgba(150&comma; 150&comma; 150&comma; 0.4); border-radius: 8px; overflow: hidden; display: flex; flex-direction: column;'>\n<div style='padding: 15px; border-bottom: 1px solid rgba(150&comma; 150&comma; 150&comma; 0.2); font-weight: bold; font-size: 18px; color: inherit;'>Rango de temperatura<\/div>\n<div style='padding: 15px; color: inherit;'>\n<ul style='padding-left: 20px; margin: 0; font-size: 14px; list-style-type: disc;'>\n<li style='margin-bottom: 5px;'><strong>M\u00e1xima temperatura de funcionamiento:<\/strong> 135\u00b0C (275\u00b0F)<\/li>\n<li style='margin-bottom: 5px;'><strong>M\u00ednima temperatura de funcionamiento:<\/strong> -55\u00b0C (-67\u00b0F)<\/li>\n<\/ul><\/div>\n<\/p><\/div>\n<div style='flex: 1 1 250px; border: 1px solid rgba(150&comma; 150&comma; 150&comma; 0.4); border-radius: 8px; overflow: hidden; display: flex; flex-direction: column;'>\n<div style='padding: 15px; border-bottom: 1px solid rgba(150&comma; 150&comma; 150&comma; 0.2); font-weight: bold; font-size: 18px; color: inherit;'>Materiales y normas<\/div>\n<div style='padding: 15px; color: inherit;'>\n<ul style='padding-left: 20px; margin: 0; font-size: 14px; list-style-type: disc;'>\n<li style='margin-bottom: 5px;'><strong>Material:<\/strong> Poliolefina<\/li>\n<li style='margin-bottom: 5px;'><strong>Grado de inflamabilidad:<\/strong> VW-1<\/li>\n<li style='margin-bottom: 5px;'><strong>Cumple las normas:<\/strong> Cumple con la norma 224 de UL para inflamabilidad y AMS-DTL-23053\/5C (clase 1 y clase 3). Cumple con SAE-AS81531&comma; MIL-STD-883F m\u00e9todo 2015.13&comma; soluciones A&comma; B y D&comma; y D202F&comma; y MIL-STD-202G m\u00e9todo 215K&comma; soluciones A&comma; C y D cuando se imprime con cintas de transferencia t\u00e9rmica de resina o h\u00edbridas. Cumple con la directiva RoHS.<\/li>\n<li style='margin-bottom: 5px;'><strong>Propiedad de etiquetas:<\/strong> Inflamabilidad&comma; resistencia a l\u00edquidos&comma; entornos hostiles&comma; calidad militar<\/li>\n<\/ul><\/div>\n<\/p><\/div>\n<\/p><\/div>\n<p> <!-- Separador --> <\/p>\n<hr style='border: 0; border-top: 1px solid rgba(150&comma; 150&comma; 150&comma; 0.3); margin: 30px 0;'> <\/div>\n","protected":false},"excerpt":{"rendered":"<p>Etiqueta Termorretr?ctil de Transferencia T?rmica de Calidad Militar, Para Cable 16-10 AWG, 500 Unidades<\/p>\n","protected":false},"featured_media":16543,"comment_status":"open","ping_status":"closed","template":"","meta":[],"product_brand":[],"product_cat":[608],"product_tag":[586,25,445],"class_list":{"0":"post-16544","1":"product","2":"type-product","3":"status-publish","4":"has-post-thumbnail","6":"product_cat-herramientas-cableado-de-cobre","7":"product_tag-cableado-de-cobre","8":"product_tag-herramientas","9":"product_tag-panduit","11":"first","12":"instock","13":"sale","14":"shipping-taxable","15":"purchasable","16":"product-type-simple"},"_links":{"self":[{"href":"https:\/\/soydeaqui.ddns.net\/pachuca\/index.php\/wp-json\/wp\/v2\/product\/16544","targetHints":{"allow":["GET"]}}],"collection":[{"href":"https:\/\/soydeaqui.ddns.net\/pachuca\/index.php\/wp-json\/wp\/v2\/product"}],"about":[{"href":"https:\/\/soydeaqui.ddns.net\/pachuca\/index.php\/wp-json\/wp\/v2\/types\/product"}],"replies":[{"embeddable":true,"href":"https:\/\/soydeaqui.ddns.net\/pachuca\/index.php\/wp-json\/wp\/v2\/comments?post=16544"}],"wp:featuredmedia":[{"embeddable":true,"href":"https:\/\/soydeaqui.ddns.net\/pachuca\/index.php\/wp-json\/wp\/v2\/media\/16543"}],"wp:attachment":[{"href":"https:\/\/soydeaqui.ddns.net\/pachuca\/index.php\/wp-json\/wp\/v2\/media?parent=16544"}],"wp:term":[{"taxonomy":"product_brand","embeddable":true,"href":"https:\/\/soydeaqui.ddns.net\/pachuca\/index.php\/wp-json\/wp\/v2\/product_brand?post=16544"},{"taxonomy":"product_cat","embeddable":true,"href":"https:\/\/soydeaqui.ddns.net\/pachuca\/index.php\/wp-json\/wp\/v2\/product_cat?post=16544"},{"taxonomy":"product_tag","embeddable":true,"href":"https:\/\/soydeaqui.ddns.net\/pachuca\/index.php\/wp-json\/wp\/v2\/product_tag?post=16544"}],"curies":[{"name":"wp","href":"https:\/\/api.w.org\/{rel}","templated":true}]}}