{"id":16504,"date":"2026-03-18T09:09:21","date_gmt":"2026-03-18T09:09:21","guid":{"rendered":"https:\/\/soydeaqui.ddns.net\/pachuca\/index.php\/producto\/kit-de-6-pigtails-con-conector-lc-multimodo-50-125-om3-900um-de-1-metro-3-28-pies\/"},"modified":"2026-03-18T09:09:22","modified_gmt":"2026-03-18T09:09:22","slug":"kit-de-6-pigtails-con-conector-lc-multimodo-50-125-om3-900um-de-1-metro-3-28-pies","status":"publish","type":"product","link":"https:\/\/soydeaqui.ddns.net\/pachuca\/index.php\/producto\/kit-de-6-pigtails-con-conector-lc-multimodo-50-125-om3-900um-de-1-metro-3-28-pies\/","title":{"rendered":"Kit de 6 Pigtails con Conector LC, Multimodo 50\/125 OM3, 900um, de 1 Metro (3.28 Pies)"},"content":{"rendered":"<div style='width: 100%; max-width: 1200px; margin: 0 auto; font-family: sans-serif; line-height: 1.6; color: inherit; background-color: transparent;'> <!-- Secci\u00f3n de descripci\u00f3n --> <\/p>\n<div style='margin-bottom: 30px;'>\n<h2 style='font-size: 20px; border-bottom: 2px solid currentColor; padding-bottom: 5px; margin-top: 0; color: inherit; opacity: 0.8;'>Descripci\u00f3n del Producto<\/h2>\n<p style='font-size: 15px; color: inherit;'>Los pigtails de fibra de 900 micras se proporcionan en paquetes de 6 o 12 hilos con colores de protecci\u00f3n individuales siguiendo el esquema de color EIA\/TIA 598-C o IEC 60304. Los juegos de pigtails de fibra con b\u00fafer de 900 micras est\u00e1n disponibles en los tipos de fibra OS2&comma; OM3 y OM4 para satisfacer las demandas de las redes de canal de fibra o Ethernet de alta velocidad actuales.<\/p>\n<\/p><\/div>\n<p> <!-- Secci\u00f3n de caracter\u00edsticas --> <\/p>\n<div style='display: flex; flex-wrap: wrap; gap: 30px; margin-bottom: 30px;'>\n<div style='flex: 1 1 300px; min-width: 280px;'>\n<h3 style='font-size: 22px; border-bottom: 2px solid currentColor; padding-bottom: 5px; margin-top: 0; color: inherit; opacity: 0.8;'>Caracter\u00edsticas Principales<\/h3>\n<ul style='padding-left: 20px; font-size: 15px; color: inherit;'>\n<li style='margin-bottom: 5px;'>Pigtails de 900 micras en paquetes de 6 o 12<\/li>\n<li style='margin-bottom: 5px;'>Colores de protecci\u00f3n seg\u00fan EIA\/TIA 598-C o IEC 60304<\/li>\n<li style='margin-bottom: 5px;'>Disponible en tipos de fibra OS2&comma; OM3&comma; OM4<\/li>\n<li style='margin-bottom: 5px;'>Conector LC para conectividad \u00f3ptica eficiente<\/li>\n<li style='margin-bottom: 5px;'>P\u00e9rdida de inserci\u00f3n .25dB&comma; p\u00e9rdida de retorno 26dB<\/li>\n<\/ul><\/div>\n<p> <!-- Secci\u00f3n de aplicaciones --> <\/p>\n<div style='flex: 1 1 300px; min-width: 280px;'>\n<h3 style='font-size: 22px; border-bottom: 2px solid currentColor; padding-bottom: 5px; margin-top: 0; color: inherit; opacity: 0.8;'>Aplicaciones<\/h3>\n<ul style='padding-left: 20px; font-size: 15px; color: inherit;'>\n<li style='margin-bottom: 5px;'>Pre-terminados para facilitar la identificaci\u00f3n de fibra<\/li>\n<li style='margin-bottom: 5px;'>Ideal para instalaciones en instalaciones de entrada y recintos<\/li>\n<li style='margin-bottom: 5px;'>Adecuados para terminaci\u00f3n por fusi\u00f3n con cables de fibra de b\u00fafer ajustado<\/li>\n<li style='margin-bottom: 5px;'>\u00d3ptimos donde se requieren grandes cantidades de empalmes por fusi\u00f3n<\/li>\n<\/ul><\/div>\n<\/p><\/div>\n<p> <!-- Secci\u00f3n de especificaciones --> <\/p>\n<div style='display: flex; flex-wrap: wrap; gap: 20px; margin-bottom: 30px;'>\n<div style='flex: 1 1 250px; border: 1px solid rgba(150&comma; 150&comma; 150&comma; 0.4); border-radius: 8px; overflow: hidden; display: flex; flex-direction: column;'>\n<div style='padding: 15px; border-bottom: 1px solid rgba(150&comma; 150&comma; 150&comma; 0.2); font-weight: bold; font-size: 18px; color: inherit;'>Especificaciones T\u00e9cnicas<\/div>\n<div style='padding: 15px; color: inherit;'>\n<ul style='padding-left: 20px; margin: 0; font-size: 14px; list-style-type: disc;'>\n<li style='margin-bottom: 5px;'><strong>Medida de fibra:<\/strong> 900\u03bcm<\/li>\n<li style='margin-bottom: 5px;'><strong>Tipo de conector:<\/strong> LC<\/li>\n<li style='margin-bottom: 5px;'><strong>Tipo de fibra \u00f3ptica:<\/strong> Multimodo 50\/125 OM3<\/li>\n<li style='margin-bottom: 5px;'><strong>P\u00e9rdida de inserci\u00f3n:<\/strong> 0.25dB<\/li>\n<li style='margin-bottom: 5px;'><strong>P\u00e9rdida de retorno:<\/strong> 26dB<\/li>\n<\/ul><\/div>\n<\/p><\/div>\n<div style='flex: 1 1 250px; border: 1px solid rgba(150&comma; 150&comma; 150&comma; 0.4); border-radius: 8px; overflow: hidden; display: flex; flex-direction: column;'>\n<div style='padding: 15px; border-bottom: 1px solid rgba(150&comma; 150&comma; 150&comma; 0.2); font-weight: bold; font-size: 18px; color: inherit;'>Construcci\u00f3n y Propiedades F\u00edsicas<\/div>\n<div style='padding: 15px; color: inherit;'>\n<ul style='padding-left: 20px; margin: 0; font-size: 14px; list-style-type: disc;'>\n<li style='margin-bottom: 5px;'><strong>Conteo de fibra:<\/strong> Simplex (1-fibra)<\/li>\n<li style='margin-bottom: 5px;'><strong>Di\u00e1metro exterior del cable:<\/strong> 900 micrones<\/li>\n<li style='margin-bottom: 5px;'><strong>Jacket:<\/strong> Sin chaqueta<\/li>\n<li style='margin-bottom: 5px;'><strong>Tipos de fibra:<\/strong> Multimodo: OM3<\/li>\n<li style='margin-bottom: 5px;'><strong>Radio de curvatura m\u00ednimo:<\/strong> 0.9mm<\/li>\n<\/ul><\/div>\n<\/p><\/div>\n<div style='flex: 1 1 250px; border: 1px solid rgba(150&comma; 150&comma; 150&comma; 0.4); border-radius: 8px; overflow: hidden; display: flex; flex-direction: column;'>\n<div style='padding: 15px; border-bottom: 1px solid rgba(150&comma; 150&comma; 150&comma; 0.2); font-weight: bold; font-size: 18px; color: inherit;'>Propiedades Ambientales<\/div>\n<div style='padding: 15px; color: inherit;'>\n<ul style='padding-left: 20px; margin: 0; font-size: 14px; list-style-type: disc;'>\n<li style='margin-bottom: 5px;'><strong>Temperatura de almacenamiento y transporte:<\/strong> -40\u00b0C a 70\u00b0C<\/li>\n<li style='margin-bottom: 5px;'><strong>Temperatura de operaci\u00f3n e instalaci\u00f3n:<\/strong> -20\u00b0C a 70\u00b0C<\/li>\n<\/ul><\/div>\n<\/p><\/div>\n<\/p><\/div>\n<p> <!-- Separador --> <\/p>\n<hr style='border: 0; border-top: 1px solid rgba(150&comma; 150&comma; 150&comma; 0.3); margin: 30px 0;'> <!-- Secci\u00f3n de est\u00e1ndares y cumplimiento --> <\/p>\n<div style='margin-bottom: 30px;'>\n<h3 style='font-size: 22px; border-bottom: 2px solid currentColor; padding-bottom: 5px; margin-top: 0; color: inherit; opacity: 0.8;'>Est\u00e1ndares y Cumplimiento<\/h3>\n<ul style='padding-left: 20px; font-size: 15px; color: inherit;'>\n<li style='margin-bottom: 5px;'>Cumple o excede los est\u00e1ndares ISO\/IEC 11801&comma; TIA\/EIA-568-C.3<\/li>\n<li style='margin-bottom: 5px;'>Cumple con TIA-604-3 (FOCIS-3)&comma; TIA-604-10 (FOCIS-10)<\/li>\n<li style='margin-bottom: 5px;'>Cumple con la directiva RoHS 2002\/95\/EC<\/li>\n<\/ul><\/div>\n<p> <!-- Secci\u00f3n de identificaci\u00f3n por colores --> <\/p>\n<div style='margin-bottom: 30px;'>\n<h3 style='font-size: 22px; border-bottom: 2px solid currentColor; padding-bottom: 5px; margin-top: 0; color: inherit; opacity: 0.8;'>Identificaci\u00f3n por Colores<\/h3>\n<ul style='padding-left: 20px; font-size: 15px; color: inherit;'>\n<li style='margin-bottom: 5px;'><strong>EIA\/TIA 598-C:<\/strong> Azul&comma; Rojo&comma; Verde&comma; Amarillo&comma; Blanco&comma; Marr\u00f3n&comma; Negro&comma; Violeta&comma; Rosa&comma; Turquesa&comma; Naranja&comma; Gris<\/li>\n<li style='margin-bottom: 5px;'><strong>IEC 60304:<\/strong> Verde&comma; Azul&comma; Amarillo&comma; Blanco&comma; Marr\u00f3n&comma; Negro&comma; Rojo&comma; Violeta&comma; Aqua&comma; Rosa&comma; Naranja&comma; Gris<\/li>\n<\/ul><\/div>\n<p> <!-- Secci\u00f3n de identificaci\u00f3n por c\u00f3digo de colores --> <\/p>\n<div style='margin-bottom: 30px;'>\n<h3 style='font-size: 22px; border-bottom: 2px solid currentColor; padding-bottom: 5px; margin-top: 0; color: inherit; opacity: 0.8;'>Identificaci\u00f3n por C\u00f3digo de Colores<\/h3>\n<ul style='padding-left: 20px; font-size: 15px; color: inherit;'>\n<li style='margin-bottom: 5px;'><strong>Caracter 1:<\/strong> F = Fibra<\/li>\n<li style='margin-bottom: 5px;'><strong>Caracter 2:<\/strong> X = OM3&comma; Z = OM4&comma; W = OM5<\/li>\n<li style='margin-bottom: 5px;'><strong>Caracter 3:<\/strong> T = 12-fibra pigtails&comma; 6 = 6-fibra pigtails<\/li>\n<li style='margin-bottom: 5px;'><strong>Caracter 4:<\/strong> B = 900\u03bcm buffer&comma; N = (No Jacket) 900\u03bcm Buffered Fiber<\/li>\n<li style='margin-bottom: 5px;'><strong>Caracter 5:<\/strong> N = No variant<\/li>\n<li style='margin-bottom: 5px;'><strong>Caracter 6:<\/strong> 1 = LC Simplex<\/li>\n<li style='margin-bottom: 5px;'><strong>Caracter 7:<\/strong> N = No variant<\/li>\n<li style='margin-bottom: 5px;'><strong>Caracter 8:<\/strong> N = None; pigtail<\/li>\n<li style='margin-bottom: 5px;'><strong>Caracter 9:<\/strong> N = No variant<\/li>\n<li style='margin-bottom: 5px;'><strong>Caracter 10:<\/strong> S = Standard IL<\/li>\n<li style='margin-bottom: 5px;'><strong>Caracter 11:<\/strong> Z = Colores ordenados por EIA\/TIA 598-C&comma; Y = Colores ordenados por IEC 60304<\/li>\n<li style='margin-bottom: 5px;'><strong>Caracter 12:<\/strong> M = Metros<\/li>\n<\/ul><\/div>\n<\/p><\/div>\n","protected":false},"excerpt":{"rendered":"<p>Kit de 6 Pigtails con Conector LC, Multimodo 50\/125 OM3, 900um, de 1 Metro (3.28 Pies)<\/p>\n","protected":false},"featured_media":16503,"comment_status":"open","ping_status":"closed","template":"","meta":[],"product_brand":[],"product_cat":[617],"product_tag":[611,618,445],"class_list":{"0":"post-16504","1":"product","2":"type-product","3":"status-publish","4":"has-post-thumbnail","6":"product_cat-jumpers-y-pigtails","7":"product_tag-fibra-optica","8":"product_tag-jumpers-y-pigtails","9":"product_tag-panduit","11":"first","12":"outofstock","13":"sale","14":"shipping-taxable","15":"purchasable","16":"product-type-simple"},"_links":{"self":[{"href":"https:\/\/soydeaqui.ddns.net\/pachuca\/index.php\/wp-json\/wp\/v2\/product\/16504","targetHints":{"allow":["GET"]}}],"collection":[{"href":"https:\/\/soydeaqui.ddns.net\/pachuca\/index.php\/wp-json\/wp\/v2\/product"}],"about":[{"href":"https:\/\/soydeaqui.ddns.net\/pachuca\/index.php\/wp-json\/wp\/v2\/types\/product"}],"replies":[{"embeddable":true,"href":"https:\/\/soydeaqui.ddns.net\/pachuca\/index.php\/wp-json\/wp\/v2\/comments?post=16504"}],"wp:featuredmedia":[{"embeddable":true,"href":"https:\/\/soydeaqui.ddns.net\/pachuca\/index.php\/wp-json\/wp\/v2\/media\/16503"}],"wp:attachment":[{"href":"https:\/\/soydeaqui.ddns.net\/pachuca\/index.php\/wp-json\/wp\/v2\/media?parent=16504"}],"wp:term":[{"taxonomy":"product_brand","embeddable":true,"href":"https:\/\/soydeaqui.ddns.net\/pachuca\/index.php\/wp-json\/wp\/v2\/product_brand?post=16504"},{"taxonomy":"product_cat","embeddable":true,"href":"https:\/\/soydeaqui.ddns.net\/pachuca\/index.php\/wp-json\/wp\/v2\/product_cat?post=16504"},{"taxonomy":"product_tag","embeddable":true,"href":"https:\/\/soydeaqui.ddns.net\/pachuca\/index.php\/wp-json\/wp\/v2\/product_tag?post=16504"}],"curies":[{"name":"wp","href":"https:\/\/api.w.org\/{rel}","templated":true}]}}