{"id":1647,"date":"2026-03-18T05:48:27","date_gmt":"2026-03-18T05:48:27","guid":{"rendered":"https:\/\/soydeaqui.ddns.net\/pachuca\/index.php\/producto\/sensor-de-movimiento-pir-uso-en-interior-funcion-anti-mascara-compatible-con-cualquier-panel-de-alarma-alambrico\/"},"modified":"2026-03-18T05:48:29","modified_gmt":"2026-03-18T05:48:29","slug":"sensor-de-movimiento-pir-uso-en-interior-funcion-anti-mascara-compatible-con-cualquier-panel-de-alarma-alambrico","status":"publish","type":"product","link":"https:\/\/soydeaqui.ddns.net\/pachuca\/index.php\/producto\/sensor-de-movimiento-pir-uso-en-interior-funcion-anti-mascara-compatible-con-cualquier-panel-de-alarma-alambrico\/","title":{"rendered":"Sensor de Movimiento PIR \/ Uso en Interior\/ Funci\u00f3n Anti-mascara\/ Compatible con cualquier panel de alarma \/ Alambrico"},"content":{"rendered":"<div style='width: 100%; max-width: 1200px; margin: 0 auto; font-family: sans-serif; line-height: 1.6; color: inherit; background-color: transparent;'>\n<div style='display: flex; flex-wrap: wrap; gap: 30px; margin-bottom: 30px;'>\n<div style='flex: 1 1 300px; min-width: 280px;'>\n<p style='font-size: 15px; color: inherit; margin: 0;'>OPTEX CDX-AM es un detector de infrarrojo pasivo PIR de interior que ofrece una cobertura de 15 x 15m (\u00e1ngulo 85\u00b0 en abanico). La Serie CDX cuenta con 82 zonas de detecci\u00f3n; en el area de cobertura se deben cruzar 4 o m\u00e1s zonas para distinguir entre la detecci\u00f3n de una persona y un animal peque\u00f1o. Adem\u00e1s&comma; la serie CDX cuenta con la &#8216;PLATAFORMA CENTRAL&#8217; MPU digital de nuevo desarrollo para obtener un rendimiento preciso y fiable.<\/p>\n<h3 style='font-size: 22px; border-bottom: 2px solid currentColor; padding-bottom: 5px; margin-top: 25px; margin-bottom: 15px; color: inherit; opacity: 0.8;'>Antienmascaramiento (Antimasking)<\/h3>\n<p style='font-size: 15px; color: inherit; margin: 0;'>La serie CDX utiliza tecnolog\u00eda de infrarrojos activos para detectar enmascaramiento. Para proporcionar un rendimiento estable&comma; la serie CDX diferencia entre el enmascaramiento real y otro tipo de enmascaramiento causado por cambios ambientales como la adhesi\u00f3n de polvo o suciedad&comma; los cambios de temperatura y la luz directa gracias a la optimizaci\u00f3n de la sensibilidad.<\/p>\n<\/div>\n<div style='flex: 1 1 300px; min-width: 280px;'>\n<div style='display: flex; flex-wrap: wrap; gap: 20px; margin-bottom: 30px;'>\n<div style='flex: 1 1 250px; border: 1px solid rgba(150&comma; 150&comma; 150&comma; 0.4); border-radius: 8px; overflow: hidden; display: flex; flex-direction: column;'>\n<div style='padding: 15px; border-bottom: 1px solid rgba(150&comma; 150&comma; 150&comma; 0.2); font-weight: bold; font-size: 18px; color: inherit;'>Aplicaciones<\/div>\n<div style='padding: 15px; color: inherit;'>\n<ul style='padding-left: 20px; margin: 0; font-size: 14px; list-style-type: disc; color: inherit;'>\n<li style='margin-bottom: 5px; color: inherit;'><span style='color: inherit;'>Edificios<\/span><\/li>\n<li style='margin-bottom: 5px; color: inherit;'>Casa<\/li>\n<\/ul>\n<\/div>\n<\/div>\n<div style='flex: 1 1 250px; border: 1px solid rgba(150&comma; 150&comma; 150&comma; 0.4); border-radius: 8px; overflow: hidden; display: flex; flex-direction: column;'>\n<div style='padding: 15px; border-bottom: 1px solid rgba(150&comma; 150&comma; 150&comma; 0.2); font-weight: bold; font-size: 18px; color: inherit;'>Caracteristicas<\/div>\n<div style='padding: 15px; color: inherit;'>\n<ul style='padding-left: 20px; margin: 0; font-size: 14px; list-style-type: disc; color: inherit;'>\n<li style='margin-bottom: 5px; color: inherit;'>Doble protecci\u00f3n conductiva<\/li>\n<li style='margin-bottom: 5px; color: inherit;'>Antienmascaramiento de infrarrojos activos digital<\/li>\n<li style='margin-bottom: 5px; color: inherit;'>Unidad principal intercambiable<\/li>\n<li style='margin-bottom: 5px; color: inherit;'>Opci\u00f3n de resistencia de fin de l\u00ednea plugin<\/li>\n<\/ul>\n<\/div>\n<\/div>\n<\/div>\n<\/div>\n<\/div>\n<div style='display: flex; flex-wrap: wrap; gap: 30px; margin-bottom: 30px;'>\n<div style='flex: 1 1 100%; min-width: 280px;'>\n<div style='position: relative; padding-bottom: 56.25%; height: 0; overflow: hidden; margin-bottom: 30px;'> <\/div>\n<p><img style='width: 100%; height: auto; border: 1px solid rgba(150&comma;150&comma;150&comma;0.3); border-radius: 8px;' src='https:\/\/s3-eu-west-1.amazonaws.com\/optex-europe\/sensor-downloads\/optex-cdx-nam-cdx-am-cdx-dam-specifications.JPG?mtime=20170317164158&#038;focal=none' alt=''><\/div>\n<\/div>\n<\/div>\n","protected":false},"excerpt":{"rendered":"<p>Sensor de Movimiento PIR \/ Uso en Interior\/ Funci\u00f3n Anti-mascara\/ Compatible con cualquier panel de alarma \/ Alambrico<\/p>\n","protected":false},"featured_media":1646,"comment_status":"open","ping_status":"closed","template":"","meta":[],"product_brand":[],"product_cat":[18],"product_tag":[19,20,106],"class_list":{"0":"post-1647","1":"product","2":"type-product","3":"status-publish","4":"has-post-thumbnail","6":"product_cat-movimiento-para-interior","7":"product_tag-detectores-sensores","8":"product_tag-movimiento-para-interior","9":"product_tag-optex","11":"first","12":"outofstock","13":"sale","14":"shipping-taxable","15":"purchasable","16":"product-type-simple"},"_links":{"self":[{"href":"https:\/\/soydeaqui.ddns.net\/pachuca\/index.php\/wp-json\/wp\/v2\/product\/1647","targetHints":{"allow":["GET"]}}],"collection":[{"href":"https:\/\/soydeaqui.ddns.net\/pachuca\/index.php\/wp-json\/wp\/v2\/product"}],"about":[{"href":"https:\/\/soydeaqui.ddns.net\/pachuca\/index.php\/wp-json\/wp\/v2\/types\/product"}],"replies":[{"embeddable":true,"href":"https:\/\/soydeaqui.ddns.net\/pachuca\/index.php\/wp-json\/wp\/v2\/comments?post=1647"}],"wp:featuredmedia":[{"embeddable":true,"href":"https:\/\/soydeaqui.ddns.net\/pachuca\/index.php\/wp-json\/wp\/v2\/media\/1646"}],"wp:attachment":[{"href":"https:\/\/soydeaqui.ddns.net\/pachuca\/index.php\/wp-json\/wp\/v2\/media?parent=1647"}],"wp:term":[{"taxonomy":"product_brand","embeddable":true,"href":"https:\/\/soydeaqui.ddns.net\/pachuca\/index.php\/wp-json\/wp\/v2\/product_brand?post=1647"},{"taxonomy":"product_cat","embeddable":true,"href":"https:\/\/soydeaqui.ddns.net\/pachuca\/index.php\/wp-json\/wp\/v2\/product_cat?post=1647"},{"taxonomy":"product_tag","embeddable":true,"href":"https:\/\/soydeaqui.ddns.net\/pachuca\/index.php\/wp-json\/wp\/v2\/product_tag?post=1647"}],"curies":[{"name":"wp","href":"https:\/\/api.w.org\/{rel}","templated":true}]}}