{"id":15899,"date":"2026-03-18T08:59:09","date_gmt":"2026-03-18T08:59:09","guid":{"rendered":"https:\/\/soydeaqui.ddns.net\/pachuca\/index.php\/producto\/uacc-rack-sliding-rails-rieles-deslizables-ajustables-para-equipos-unifi-de-montaje-en-rack\/"},"modified":"2026-03-18T08:59:12","modified_gmt":"2026-03-18T08:59:12","slug":"uacc-rack-sliding-rails-rieles-deslizables-ajustables-para-equipos-unifi-de-montaje-en-rack","status":"publish","type":"product","link":"https:\/\/soydeaqui.ddns.net\/pachuca\/index.php\/producto\/uacc-rack-sliding-rails-rieles-deslizables-ajustables-para-equipos-unifi-de-montaje-en-rack\/","title":{"rendered":"UACC Rack Sliding Rails \u2013 Rieles Deslizables Ajustables para Equipos UniFi de Montaje en Rack"},"content":{"rendered":"<div style='width: 100%; max-width: 1200px; margin: 0 auto; font-family: sans-serif; line-height: 1.6; color: inherit; background-color: transparent;'> <!-- Hero section --> <\/p>\n<div style='display: flex; flex-wrap: wrap; gap: 30px; align-items: center; margin-bottom: 30px; border: 1px solid rgba(150&comma;150&comma;150&comma;0.3); border-radius: 12px; padding: 20px;'>\n<div style='flex: 1 1 320px; min-width: 280px;'> <!-- Video container --> <\/p>\n<div style='position: relative; padding-bottom: 56.25%; height: 0; overflow: hidden; margin-bottom: 10px;'> <video style='position: absolute; top: 0; left: 0; width: 100%; height: 100%; border: 1px solid rgba(150&comma;150&comma;150&comma;0.3); border-radius: 8px; background: transparent;' src='https:\/\/ftp3.syscom.mx\/usuarios\/adiaz\/Ubiquiti\/Imagenes\/Accesorios\/SLIDES\/loop.mp4' preload='metadata' autoplay loop muted width='300' height='150'><\/video> <\/div>\n<p> <!-- Fallback image --> <img style='width: 100%; height: auto; border: 1px solid rgba(150&comma;150&comma;150&comma;0.3); border-radius: 8px; display: block; margin-bottom: 10px;' src='https:\/\/ftp3.syscom.mx\/usuarios\/adiaz\/Ubiquiti\/Imagenes\/Accesorios\/SLIDES\/vista1.png' alt='UACC-Rack-Rails-Slide - Rieles deslizables para rack'> <\/div>\n<div style='flex: 1 1 360px; min-width: 280px;'>\n<h2 style='font-size: 24px; margin: 0 0 10px; color: inherit;'>Rieles deslizables para rack<\/h2>\n<div style='margin: 0 0 15px; font-weight: 600; color: inherit;'>Modelo: <span style='font-weight: bold; color: inherit;'>UACC-Rack-Rails-Slide<\/span><\/div>\n<p style='margin: 0; color: inherit;'>Kit de <strong>rieles deslizables<\/strong> para montaje en rack&comma; dise\u00f1ado para permitir el <strong>deslizamiento<\/strong> del equipo para mantenimiento e instalaci\u00f3n m\u00e1s sencilla.<\/p>\n<\/p><\/div>\n<\/p><\/div>\n<p> <!-- Especificaciones --> <\/p>\n<div style='text-align: center; margin: 40px 0 20px;'> <span style='font-size: 20px; font-weight: bold; color: inherit;'>Especificaciones<\/span> <\/div>\n<p> <!-- Grid de especificaciones --> <\/p>\n<div style='display: flex; flex-wrap: wrap; gap: 20px; margin-bottom: 30px;'> <!-- Card: Dimensiones y materiales --> <\/p>\n<div style='flex: 1 1 250px; border: 1px solid rgba(150&comma;150&comma;150&comma;0.3); border-radius: 8px; overflow: hidden;'>\n<div style='padding: 15px; border-bottom: 1px solid rgba(150&comma;150&comma;150&comma;0.2); font-weight: bold; color: inherit;'>Dimensiones y materiales<\/div>\n<ul style='padding: 15px 20px; margin: 0; font-size: 14px; list-style: none; color: inherit;'>\n<li style='margin-bottom: 8px;'><strong>Dimensiones:<\/strong> 482.1 \u00d7 38 \u00d7 43.5 mm (19 \u00d7 1.5 \u00d7 1.7&#8242;)<\/li>\n<li style='margin-bottom: 8px;'><strong>Peso:<\/strong> 2.52 kg (5.6 lb)<\/li>\n<li style='margin-bottom: 8px;'><strong>Material:<\/strong> Acero al carbono laminado en fr\u00edo (SPCC)<\/li>\n<\/ul><\/div>\n<p> <!-- Card: Compatibilidad (rack) --> <\/p>\n<div style='flex: 1 1 250px; border: 1px solid rgba(150&comma;150&comma;150&comma;0.3); border-radius: 8px; overflow: hidden;'>\n<div style='padding: 15px; border-bottom: 1px solid rgba(150&comma;150&comma;150&comma;0.2); font-weight: bold; color: inherit;'>Compatibilidad (rack)<\/div>\n<ul style='padding: 15px 20px; margin: 0; font-size: 14px; list-style: none; color: inherit;'>\n<li style='margin-bottom: 8px;'><strong>Profundidad de rack compatible:<\/strong> 600\u20131066 mm (23.6\u201342&#8242;)<\/li>\n<li style='margin-bottom: 8px;'><strong>Tipo:<\/strong> Riel deslizante para montaje en rack<\/li>\n<\/ul><\/div>\n<p> <!-- Card: Capacidad --> <\/p>\n<div style='flex: 1 1 250px; border: 1px solid rgba(150&comma;150&comma;150&comma;0.3); border-radius: 8px; overflow: hidden;'>\n<div style='padding: 15px; border-bottom: 1px solid rgba(150&comma;150&comma;150&comma;0.2); font-weight: bold; color: inherit;'>Capacidad<\/div>\n<ul style='padding: 15px 20px; margin: 0; font-size: 14px; list-style: none; color: inherit;'>\n<li style='margin-bottom: 8px;'><strong>Capacidad m\u00e1xima de carga:<\/strong> 70 kg (154 lb)<\/li>\n<\/ul><\/div>\n<p> <!-- Card: Modelos compatibles --> <\/p>\n<div style='flex: 1 1 250px; border: 1px solid rgba(150&comma;150&comma;150&comma;0.3); border-radius: 8px; overflow: hidden;'>\n<div style='padding: 15px; border-bottom: 1px solid rgba(150&comma;150&comma;150&comma;0.2); font-weight: bold; color: inherit;'>Modelos compatibles<\/div>\n<div style='padding: 10px 20px 0; font-size: 14px; color: inherit; opacity: 0.8;'>Equipos compatibles:<\/div>\n<ul style='padding: 10px 20px; margin: 0; font-size: 14px; list-style: none; color: inherit;'>\n<li style='margin-bottom: 6px;'>USW-Pro-HD-24-PoE<\/li>\n<li style='margin-bottom: 6px;'>USW-Pro-XG-10-PoE<\/li>\n<li style='margin-bottom: 6px;'>USW-Pro-XG-Aggregation<\/li>\n<li style='margin-bottom: 6px;'>USW-Pro-XG-48<\/li>\n<li style='margin-bottom: 6px;'>USW-Pro-XG-24<\/li>\n<li style='margin-bottom: 6px;'>USW-Pro-HD-24<\/li>\n<li style='margin-bottom: 6px;'>USW-Pro-XG-48-PoE<\/li>\n<li style='margin-bottom: 6px;'>USW-Pro-XG-24-PoE<\/li>\n<li style='margin-bottom: 6px;'>UNAS-Pro-8<\/li>\n<li style='margin-bottom: 6px;'>UPS-2U<\/li>\n<li style='margin-bottom: 6px;'>UACC-Rack-42U-1000-P<\/li>\n<li style='margin-bottom: 6px;'>UACC-Rack-42U-1000-G<\/li>\n<li style='margin-bottom: 6px;'>UACC-Rack-42U-800-P<\/li>\n<li style='margin-bottom: 6px;'>UACC-Rack-42U-800-G<\/li>\n<\/ul><\/div>\n<\/p><\/div>\n<p> <!-- Galer\u00eda de im\u00e1genes --> <\/p>\n<div style='border: 1px solid rgba(150&comma;150&comma;150&comma;0.3); border-radius: 8px; padding: 20px; margin-top: 30px; text-align: center;'>\n<h3 style='font-size: 18px; margin: 0 0 20px; color: inherit;'>Vista del producto<\/h3>\n<div style='display: flex; flex-wrap: wrap; gap: 20px; justify-content: center;'> <img style='width: 100%; max-width: 480px; height: auto; border: 1px solid rgba(150&comma;150&comma;150&comma;0.3); border-radius: 8px;' src='https:\/\/ftp3.syscom.mx\/usuarios\/adiaz\/Ubiquiti\/Imagenes\/Accesorios\/SLIDES\/vista1.png' alt='UACC-Rack-Rails-Slide vista 1'> <img style='width: 100%; max-width: 480px; height: auto; border: 1px solid rgba(150&comma;150&comma;150&comma;0.3); border-radius: 8px;' src='https:\/\/ftp3.syscom.mx\/usuarios\/adiaz\/Ubiquiti\/Imagenes\/Accesorios\/SLIDES\/vista2.png' alt='UACC-Rack-Rails-Slide vista 2'> <\/div>\n<\/p><\/div>\n<\/p><\/div>\n","protected":false},"excerpt":{"rendered":"<p>UACC Rack Sliding Rails \u2013 Rieles Deslizables Ajustables para Equipos UniFi de Montaje en Rack<\/p>\n","protected":false},"featured_media":15898,"comment_status":"open","ping_status":"closed","template":"","meta":[],"product_brand":[],"product_cat":[633],"product_tag":[634,605,166],"class_list":{"0":"post-15899","1":"product","2":"type-product","3":"status-publish","4":"has-post-thumbnail","6":"product_cat-accesorios-para-rack-gabinetes","7":"product_tag-accesorios-para-rack-gabinetes","8":"product_tag-racks-y-gabinetes","9":"product_tag-ubiquiti","11":"first","12":"outofstock","13":"sale","14":"shipping-taxable","15":"purchasable","16":"product-type-simple"},"_links":{"self":[{"href":"https:\/\/soydeaqui.ddns.net\/pachuca\/index.php\/wp-json\/wp\/v2\/product\/15899","targetHints":{"allow":["GET"]}}],"collection":[{"href":"https:\/\/soydeaqui.ddns.net\/pachuca\/index.php\/wp-json\/wp\/v2\/product"}],"about":[{"href":"https:\/\/soydeaqui.ddns.net\/pachuca\/index.php\/wp-json\/wp\/v2\/types\/product"}],"replies":[{"embeddable":true,"href":"https:\/\/soydeaqui.ddns.net\/pachuca\/index.php\/wp-json\/wp\/v2\/comments?post=15899"}],"wp:featuredmedia":[{"embeddable":true,"href":"https:\/\/soydeaqui.ddns.net\/pachuca\/index.php\/wp-json\/wp\/v2\/media\/15898"}],"wp:attachment":[{"href":"https:\/\/soydeaqui.ddns.net\/pachuca\/index.php\/wp-json\/wp\/v2\/media?parent=15899"}],"wp:term":[{"taxonomy":"product_brand","embeddable":true,"href":"https:\/\/soydeaqui.ddns.net\/pachuca\/index.php\/wp-json\/wp\/v2\/product_brand?post=15899"},{"taxonomy":"product_cat","embeddable":true,"href":"https:\/\/soydeaqui.ddns.net\/pachuca\/index.php\/wp-json\/wp\/v2\/product_cat?post=15899"},{"taxonomy":"product_tag","embeddable":true,"href":"https:\/\/soydeaqui.ddns.net\/pachuca\/index.php\/wp-json\/wp\/v2\/product_tag?post=15899"}],"curies":[{"name":"wp","href":"https:\/\/api.w.org\/{rel}","templated":true}]}}