{"id":1585,"date":"2026-03-18T05:47:45","date_gmt":"2026-03-18T05:47:45","guid":{"rendered":"https:\/\/soydeaqui.ddns.net\/pachuca\/index.php\/producto\/luz-de-aviso-para-hospital-cuatri-color-para-indicar-presencias-o-alarmas-en-habitacion-bus-rs485-compatible-con-nx0019-b-nx1021-y-nx0015\/"},"modified":"2026-03-18T05:47:50","modified_gmt":"2026-03-18T05:47:50","slug":"luz-de-aviso-para-hospital-cuatri-color-para-indicar-presencias-o-alarmas-en-habitacion-bus-rs485-compatible-con-nx0019-b-nx1021-y-nx0015","status":"publish","type":"product","link":"https:\/\/soydeaqui.ddns.net\/pachuca\/index.php\/producto\/luz-de-aviso-para-hospital-cuatri-color-para-indicar-presencias-o-alarmas-en-habitacion-bus-rs485-compatible-con-nx0019-b-nx1021-y-nx0015\/","title":{"rendered":"Luz de Aviso para Hospital, Cuatri color para Indicar Presencias o Alarmas en Habitaci\u00f3n \/ BUS RS485 \/ Compatible con NX0019\/B, NX1021 y NX0015"},"content":{"rendered":"<div style=\"width: 100%; max-width: 1200px; margin: 0 auto; font-family: sans-serif; line-height: 1.6; color: inherit; background-color: transparent;\"><!-- Secci\u00f3n de funciones principales --><\/p>\n<div style=\"display: flex; flex-wrap: wrap; gap: 30px; margin-bottom: 30px;\">\n<div style=\"flex: 1 1 300px; min-width: 280px;\">\n<h3 style=\"font-size: 22px; border-bottom: 2px solid currentColor; padding-bottom: 5px; margin-top: 0; color: inherit; opacity: 0.8;\">Funciones principales<\/h3>\n<ul style=\"padding-left: 20px; font-size: 15px; color: inherit;\">\n<li style=\"margin-bottom: 5px;\">LEDs de alta eficiencia energ&eacute;tica<\/li>\n<li style=\"margin-bottom: 5px;\">Excelente visibilidad lateral<\/li>\n<li style=\"margin-bottom: 5px;\">Cumple con norma DIN VDE 0834<\/li>\n<li style=\"margin-bottom: 5px;\">Avisador ac&uacute;stico<\/li>\n<li style=\"margin-bottom: 5px;\">Requiere marco <a style=\"color: #005cb9; text-decoration: none; font-weight: 600; font-size: 14px;\" href=\"https:\/\/www.syscom.mx\/principal\/searchcont?route=NX9003-IBERNEX-195549&#038;autodetect=nx9003\" target=\"_blank\" rel=\"noopener\">NX9003<\/a><\/li>\n<li style=\"margin-bottom: 5px;\">Compatible con NX0019\/B&comma; NX1021 y NX0015<\/li>\n<\/ul>\n<\/div>\n<p><!-- Secci\u00f3n de caracter\u00edsticas el\u00e9ctricas y f\u00edsicas --><\/p>\n<div style=\"flex: 1 1 300px; min-width: 280px;\">\n<h3 style=\"font-size: 22px; border-bottom: 2px solid currentColor; padding-bottom: 5px; margin-top: 0; color: inherit; opacity: 0.8;\">Caracter&iacute;sticas el&eacute;ctricas y f&iacute;sicas<\/h3>\n<ul style=\"padding-left: 20px; font-size: 15px; color: inherit;\">\n<li style=\"margin-bottom: 5px;\">Alimentaci&oacute;n a 12 Vcc<\/li>\n<li style=\"margin-bottom: 5px;\">3 luces fijas y 1 luz RGB<\/li>\n<li style=\"margin-bottom: 5px;\">Dimensiones: 45 x 45 x 30 mm<\/li>\n<li style=\"margin-bottom: 5px;\"><a style=\"color: #005cb9; text-decoration: none; font-weight: 600; font-size: 14px;\" title=\"Ficha t\u00e9cnica\" href=\"https:\/\/ftp3.syscom.mx\/usuarios\/scorrea\/A\/IBERNEX\/NX0176\/DS_NX0176.pdf\" target=\"_blank\" rel=\"noopener\">Revise la ficha completa<\/a><\/li>\n<\/ul>\n<\/div>\n<p><!-- Secci\u00f3n de caracter\u00edsticas destacadas --><\/p>\n<div style=\"flex: 1 1 300px; min-width: 280px;\">\n<h3 style=\"font-size: 22px; border-bottom: 2px solid currentColor; padding-bottom: 5px; margin-top: 0; color: inherit; opacity: 0.8;\">Caracter&iacute;sticas Destacadas<\/h3>\n<p style=\"font-size: 15px; color: inherit;\">La luz de aviso cuatricolor NX0176 permite indicar diferentes situaciones de alerta u otro motivo gracias a sus cuatro segmentos luminosos de color regulables en intensidad:<\/p>\n<ul style=\"padding-left: 20px; font-size: 15px; color: inherit;\">\n<li style=\"margin-bottom: 5px;\">Diferentes tipos de alarmas<\/li>\n<li style=\"margin-bottom: 5px;\">Presencia de diferentes perfiles de personal (m&eacute;dico&comma; enfermera&comma; mantenimiento&comma; limpieza&#8230;)<\/li>\n<li style=\"margin-bottom: 5px;\">Tareas pendientes por realizar en habitaci&oacute;n<\/li>\n<\/ul>\n<p style=\"font-size: 15px; color: inherit;\">Los segmentos luminosos se dividen en 3 luces de color fijo (blanco&comma; rojo y verde) y una cuarta luz RGB con color configurable entre 16&comma;777&comma;216 colores posibles.<\/p>\n<p style=\"font-size: 15px; color: inherit;\">Adem&aacute;s&comma; este indicador luminoso cumple con la norma DIN VDE 0834.<\/p>\n<\/div>\n<\/div>\n<p><!-- Nota importante --><\/p>\n<div style=\"margin: 30px 0; padding: 15px; border-left: 5px solid #0091ff; background-color: rgba(0&comma; 145&comma; 255&comma; 0.05); color: inherit;\">\n<p style=\"margin: 0; font-weight: bold; color: inherit;\">Nota: Requiere certificaci&oacute;n para su instalaci&oacute;n y para solicitar soporte t&eacute;cnico.<\/p>\n<\/div>\n<p><!-- Secci\u00f3n de ejemplos de uso --><\/p>\n<div style=\"margin-top: 50px; margin-bottom: 30px;\">\n<h2 style=\"text-align: center; font-size: 24px; color: inherit; margin-bottom: 10px;\">Ejemplos de uso<\/h2>\n<h3 style=\"text-align: center; font-size: 18px; color: inherit; margin-bottom: 30px;\">La conexi&oacute;n se hace con 2 pares de cable UTP hacia cualquiera de las terminales de habitaci&oacute;n NX0019\/B&comma; NX1021 o NX0015.<\/h3>\n<\/div>\n<p><!-- Im\u00e1genes de ejemplos --><\/p>\n<div style=\"display: flex; flex-wrap: wrap; gap: 30px; justify-content: center; margin-bottom: 30px;\"><img decoding=\"async\" style=\"width: 100%; max-width: 600px; height: auto; border: 1px solid rgba(150&comma; 150&comma; 150&comma; 0.3); border-radius: 8px;\" src=\"https:\/\/ftp3.syscom.mx\/usuarios\/scorrea\/A\/IBERNEX\/I\/ejemplo1a.JPG\" alt=\"\" class=\"fr-fil fr-dib\">&nbsp;<img decoding=\"async\" style=\"width: 100%; max-width: 600px; height: auto; border: 1px solid rgba(150&comma; 150&comma; 150&comma; 0.3); border-radius: 8px;\" src=\"https:\/\/ftp3.syscom.mx\/usuarios\/scorrea\/A\/IBERNEX\/I\/ejemplo3.JPG\" alt=\"\" class=\"fr-fil fr-dib\">&nbsp;<img decoding=\"async\" style=\"width: 100%; max-width: 600px; height: auto; border: 1px solid rgba(150&comma; 150&comma; 150&comma; 0.3); border-radius: 8px;\" src=\"https:\/\/ftp3.syscom.mx\/usuarios\/scorrea\/A\/IBERNEX\/I\/ejemplo2.JPG\" alt=\"\" class=\"fr-fil fr-dib\"><\/div>\n<p><!-- Secci\u00f3n de escenarios de alarma --><\/p>\n<div style=\"display: flex; flex-wrap: wrap; gap: 20px; margin-top: 40px; margin-bottom: 40px; justify-content: center;\"><!-- Escenario 1 --><\/p>\n<div style=\"flex: 1 1 300px; min-width: 280px; border: 1px solid rgba(150&comma; 150&comma; 150&comma; 0.4); border-radius: 8px; overflow: hidden; display: flex; flex-direction: column;\">\n<div style=\"background-color: rgba(0&comma; 0&comma; 0&comma; 0.05); padding: 15px; border-bottom: 1px solid rgba(150&comma; 150&comma; 150&comma; 0.2); font-weight: bold; font-size: 18px; color: inherit;\">Alarma Normal<\/div>\n<div style=\"padding: 15px; color: inherit; flex-grow: 1; display: flex; flex-direction: column;\">\n<div style=\"margin-bottom: 15px; text-align: center;\"><img decoding=\"async\" style=\"width: 100%; max-width: 200px; height: auto; border: 1px solid rgba(150&comma; 150&comma; 150&comma; 0.3); border-radius: 8px;\" src=\"https:\/\/ftp3.syscom.mx\/usuarios\/scorrea\/A\/IBERNEX\/I\/176\/NX0176_alarma.png\" alt=\"\" class=\"fr-fic fr-dii\"><\/div>\n<h4 style=\"margin: 10px 0 5px 0; color: inherit; opacity: 0.8;\">Luz Roja fija<\/h4>\n<p style=\"margin: 0; font-size: 14px; color: inherit;\">Indica que existe una alarma normal en la habitaci&oacute;n pendiente por atender.<\/p>\n<\/div>\n<\/div>\n<p><!-- Escenario 2 --><\/p>\n<div style=\"flex: 1 1 300px; min-width: 280px; border: 1px solid rgba(150&comma; 150&comma; 150&comma; 0.4); border-radius: 8px; overflow: hidden; display: flex; flex-direction: column;\">\n<div style=\"background-color: rgba(0&comma; 0&comma; 0&comma; 0.05); padding: 15px; border-bottom: 1px solid rgba(150&comma; 150&comma; 150&comma; 0.2); font-weight: bold; font-size: 18px; color: inherit;\">Alarma de Ba&ntilde;o<\/div>\n<div style=\"padding: 15px; color: inherit; flex-grow: 1; display: flex; flex-direction: column;\">\n<div style=\"margin-bottom: 15px; text-align: center;\"><img decoding=\"async\" style=\"width: 100%; max-width: 200px; height: auto; border: 1px solid rgba(150&comma; 150&comma; 150&comma; 0.3); border-radius: 8px;\" src=\"https:\/\/ftp3.syscom.mx\/usuarios\/scorrea\/A\/IBERNEX\/I\/176\/NX0176_alarmawc.png\" alt=\"\" class=\"fr-fic fr-dii\"><\/div>\n<h4 style=\"margin: 10px 0 5px 0; color: inherit; opacity: 0.8;\">Luces Roja y Blanca fijas<\/h4>\n<p style=\"margin: 0; font-size: 14px; color: inherit;\">Indica que la alarma proviene del ba&ntilde;o de la habitaci&oacute;n.<\/p>\n<\/div>\n<\/div>\n<p><!-- Escenario 3 --><\/p>\n<div style=\"flex: 1 1 300px; min-width: 280px; border: 1px solid rgba(150&comma; 150&comma; 150&comma; 0.4); border-radius: 8px; overflow: hidden; display: flex; flex-direction: column;\">\n<div style=\"background-color: rgba(0&comma; 0&comma; 0&comma; 0.05); padding: 15px; border-bottom: 1px solid rgba(150&comma; 150&comma; 150&comma; 0.2); font-weight: bold; font-size: 18px; color: inherit;\">Presencia de Enfermera<\/div>\n<div style=\"padding: 15px; color: inherit; flex-grow: 1; display: flex; flex-direction: column;\">\n<div style=\"margin-bottom: 15px; text-align: center;\"><img decoding=\"async\" style=\"width: 100%; max-width: 200px; height: auto; border: 1px solid rgba(150&comma; 150&comma; 150&comma; 0.3); border-radius: 8px;\" src=\"https:\/\/ftp3.syscom.mx\/usuarios\/scorrea\/A\/IBERNEX\/I\/176\/NX0176_enfermera.png\" alt=\"\" class=\"fr-fic fr-dii\"><\/div>\n<h4 style=\"margin: 10px 0 5px 0; color: inherit; opacity: 0.8;\">Luz Verde fija<\/h4>\n<p style=\"margin: 0; font-size: 14px; color: inherit;\">Indica la presencia de una enfermera dentro de la habitaci&oacute;n.<\/p>\n<\/div>\n<\/div>\n<p><!-- Escenario 4 --><\/p>\n<div style=\"flex: 1 1 300px; min-width: 280px; border: 1px solid rgba(150&comma; 150&comma; 150&comma; 0.4); border-radius: 8px; overflow: hidden; display: flex; flex-direction: column;\">\n<div style=\"background-color: rgba(0&comma; 0&comma; 0&comma; 0.05); padding: 15px; border-bottom: 1px solid rgba(150&comma; 150&comma; 150&comma; 0.2); font-weight: bold; font-size: 18px; color: inherit;\">Llamada a M&eacute;dico<\/div>\n<div style=\"padding: 15px; color: inherit; flex-grow: 1; display: flex; flex-direction: column;\">\n<div style=\"margin-bottom: 15px; text-align: center;\"><img decoding=\"async\" style=\"width: 100%; max-width: 200px; height: auto; border: 1px solid rgba(150&comma; 150&comma; 150&comma; 0.3); border-radius: 8px;\" src=\"https:\/\/ftp3.syscom.mx\/usuarios\/scorrea\/A\/IBERNEX\/I\/176\/NX0176_medico.png\" alt=\"\" class=\"fr-fic fr-dii\"><\/div>\n<h4 style=\"margin: 10px 0 5px 0; color: inherit; opacity: 0.8;\">Luz Verde fija&comma; luces Roja&comma; Blanca y Azul parpadeando<\/h4>\n<p style=\"margin: 0; font-size: 14px; color: inherit;\">La llamada a m&eacute;dico se puede realizar s&oacute;lo cuando existe la presencia de una enfermera en la habitaci&oacute;n.<\/p>\n<\/div>\n<\/div>\n<p><!-- Escenario 5 --><\/p>\n<div style=\"flex: 1 1 300px; min-width: 280px; border: 1px solid rgba(150&comma; 150&comma; 150&comma; 0.4); border-radius: 8px; overflow: hidden; display: flex; flex-direction: column;\">\n<div style=\"background-color: rgba(0&comma; 0&comma; 0&comma; 0.05); padding: 15px; border-bottom: 1px solid rgba(150&comma; 150&comma; 150&comma; 0.2); font-weight: bold; font-size: 18px; color: inherit;\">Presencia de M&eacute;dico y Enfermera<\/div>\n<div style=\"padding: 15px; color: inherit; flex-grow: 1; display: flex; flex-direction: column;\">\n<div style=\"margin-bottom: 15px; text-align: center;\"><img decoding=\"async\" style=\"width: 100%; max-width: 200px; height: auto; border: 1px solid rgba(150&comma; 150&comma; 150&comma; 0.3); border-radius: 8px;\" src=\"https:\/\/ftp3.syscom.mx\/usuarios\/scorrea\/A\/IBERNEX\/I\/176\/NX0176_medico_nurse.png\" alt=\"\" class=\"fr-fic fr-dii\"><\/div>\n<h4 style=\"margin: 10px 0 5px 0; color: inherit; opacity: 0.8;\">Luces Azul y Verde fijas<\/h4>\n<p style=\"margin: 0; font-size: 14px; color: inherit;\">Indica la presencia de un m&eacute;dico y una enfermera en la habitaci&oacute;n<\/p>\n<\/div>\n<\/div>\n<p><!-- Escenario 6 --><\/p>\n<div style=\"flex: 1 1 300px; min-width: 280px; border: 1px solid rgba(150&comma; 150&comma; 150&comma; 0.4); border-radius: 8px; overflow: hidden; display: flex; flex-direction: column;\">\n<div style=\"background-color: rgba(0&comma; 0&comma; 0&comma; 0.05); padding: 15px; border-bottom: 1px solid rgba(150&comma; 150&comma; 150&comma; 0.2); font-weight: bold; font-size: 18px; color: inherit;\">Presencia de personal de Limpieza<\/div>\n<div style=\"padding: 15px; color: inherit; flex-grow: 1; display: flex; flex-direction: column;\">\n<div style=\"margin-bottom: 15px; text-align: center;\"><img decoding=\"async\" style=\"width: 100%; max-width: 200px; height: auto; border: 1px solid rgba(150&comma; 150&comma; 150&comma; 0.3); border-radius: 8px;\" src=\"https:\/\/ftp3.syscom.mx\/usuarios\/scorrea\/A\/IBERNEX\/I\/176\/NX0176_limpieza.png\" alt=\"\" class=\"fr-fic fr-dii\"><\/div>\n<h4 style=\"margin: 10px 0 5px 0; color: inherit; opacity: 0.8;\">Luz &Aacute;mbar fija<\/h4>\n<p style=\"margin: 0; font-size: 14px; color: inherit;\">Indica la presencia de una persona de limpieza o de mantenimiento en la habitaci&oacute;n.<\/p>\n<\/div>\n<\/div>\n<p><!-- Escenario 7 --><\/p>\n<div style=\"flex: 1 1 300px; min-width: 280px; border: 1px solid rgba(150&comma; 150&comma; 150&comma; 0.4); border-radius: 8px; overflow: hidden; display: flex; flex-direction: column;\">\n<div style=\"background-color: rgba(0&comma; 0&comma; 0&comma; 0.05); padding: 15px; border-bottom: 1px solid rgba(150&comma; 150&comma; 150&comma; 0.2); font-weight: bold; font-size: 18px; color: inherit;\">Alarma o Tarea pendiente de Codificar<\/div>\n<div style=\"padding: 15px; color: inherit; flex-grow: 1; display: flex; flex-direction: column;\">\n<div style=\"margin-bottom: 15px; text-align: center;\"><img decoding=\"async\" style=\"width: 100%; max-width: 200px; height: auto; border: 1px solid rgba(150&comma; 150&comma; 150&comma; 0.3); border-radius: 8px;\" src=\"https:\/\/ftp3.syscom.mx\/usuarios\/scorrea\/A\/IBERNEX\/I\/176\/NX0176_codificar.png\" alt=\"\" class=\"fr-fic fr-dii\"><\/div>\n<h4 style=\"margin: 10px 0 5px 0; color: inherit; opacity: 0.8;\">Luz fija&comma; Color personalizable<\/h4>\n<p style=\"margin: 0; font-size: 14px; color: inherit;\">Indica que una alarma o tarea asistencial de la habitaci&oacute;n est&aacute; pendiente por codificarse<\/p>\n<\/div>\n<\/div>\n<\/div>\n<p><!-- Secci\u00f3n de instalaci\u00f3n --><\/p>\n<div style=\"margin-top: 50px; margin-bottom: 30px;\">\n<h2 style=\"text-align: center; font-size: 24px; color: inherit; margin-bottom: 10px;\">Instalaci&oacute;n del m&oacute;dulo<\/h2>\n<h3 style=\"text-align: center; font-size: 18px; color: inherit; margin-bottom: 30px;\">El m&oacute;dulo incluye un bastidor para fijar de forma directa a una caja cuadrada de 2&#215;2 pulgadas (no incluida) y se coloca el marco embellecedor modelo NX9003 (no incluido).<\/h3>\n<\/div>\n<p><!-- Imagen de instalaci\u00f3n --><\/p>\n<div style=\"display: flex; justify-content: center; margin-bottom: 30px;\"><img decoding=\"async\" style=\"width: 100%; max-width: 400px; height: auto; border: 1px solid rgba(150&comma; 150&comma; 150&comma; 0.3); border-radius: 8px;\" src=\"https:\/\/ftp3.syscom.mx\/usuarios\/scorrea\/A\/IBERNEX\/I\/caja_2x2.JPG\" alt=\"\" class=\"fr-fil fr-dib\"><\/div>\n<p><!-- Separador final --><\/p>\n<hr style=\"border: 0; border-top: 1px solid rgba(150&comma; 150&comma; 150&comma; 0.3); margin: 30px 0;\"><\/div>\n","protected":false},"excerpt":{"rendered":"<p>Luz de Aviso para Hospital, Cuatri color para Indicar Presencias o Alarmas en Habitaci\u00f3n \/ BUS RS485 \/ Compatible con NX0019\/B, NX1021 y NX0015<\/p>\n","protected":false},"featured_media":1584,"comment_status":"open","ping_status":"closed","template":"","meta":[],"product_brand":[],"product_cat":[151],"product_tag":[152,153,126],"class_list":{"0":"post-1585","1":"product","2":"type-product","3":"status-publish","4":"has-post-thumbnail","6":"product_cat-atencion-sociosanitaria","7":"product_tag-atencion-sociosanitaria","8":"product_tag-ibernex","9":"product_tag-sistemas-de-emergencia","11":"first","12":"instock","13":"sale","14":"shipping-taxable","15":"purchasable","16":"product-type-simple"},"_links":{"self":[{"href":"https:\/\/soydeaqui.ddns.net\/pachuca\/index.php\/wp-json\/wp\/v2\/product\/1585","targetHints":{"allow":["GET"]}}],"collection":[{"href":"https:\/\/soydeaqui.ddns.net\/pachuca\/index.php\/wp-json\/wp\/v2\/product"}],"about":[{"href":"https:\/\/soydeaqui.ddns.net\/pachuca\/index.php\/wp-json\/wp\/v2\/types\/product"}],"replies":[{"embeddable":true,"href":"https:\/\/soydeaqui.ddns.net\/pachuca\/index.php\/wp-json\/wp\/v2\/comments?post=1585"}],"wp:featuredmedia":[{"embeddable":true,"href":"https:\/\/soydeaqui.ddns.net\/pachuca\/index.php\/wp-json\/wp\/v2\/media\/1584"}],"wp:attachment":[{"href":"https:\/\/soydeaqui.ddns.net\/pachuca\/index.php\/wp-json\/wp\/v2\/media?parent=1585"}],"wp:term":[{"taxonomy":"product_brand","embeddable":true,"href":"https:\/\/soydeaqui.ddns.net\/pachuca\/index.php\/wp-json\/wp\/v2\/product_brand?post=1585"},{"taxonomy":"product_cat","embeddable":true,"href":"https:\/\/soydeaqui.ddns.net\/pachuca\/index.php\/wp-json\/wp\/v2\/product_cat?post=1585"},{"taxonomy":"product_tag","embeddable":true,"href":"https:\/\/soydeaqui.ddns.net\/pachuca\/index.php\/wp-json\/wp\/v2\/product_tag?post=1585"}],"curies":[{"name":"wp","href":"https:\/\/api.w.org\/{rel}","templated":true}]}}