{"id":15763,"date":"2026-03-18T08:56:46","date_gmt":"2026-03-18T08:56:46","guid":{"rendered":"https:\/\/soydeaqui.ddns.net\/pachuca\/index.php\/producto\/huawei-fusionmodule500-centro-de-datos-edge-con-ups-enfriamiento-pdus-integrados-plug-play-de-3-5-kw\/"},"modified":"2026-03-18T08:56:50","modified_gmt":"2026-03-18T08:56:50","slug":"huawei-fusionmodule500-centro-de-datos-edge-con-ups-enfriamiento-pdus-integrados-plug-play-de-3-5-kw","status":"publish","type":"product","link":"https:\/\/soydeaqui.ddns.net\/pachuca\/index.php\/producto\/huawei-fusionmodule500-centro-de-datos-edge-con-ups-enfriamiento-pdus-integrados-plug-play-de-3-5-kw\/","title":{"rendered":"Huawei FusionModule500 Centro de Datos EDGE con UPS + Enfriamiento + PDUs Integrados Plug &#038; Play de 3.5 kW"},"content":{"rendered":"<div style=\"width: 100%; max-width: 1200px; margin: 0 auto; font-family: sans-serif; line-height: 1.6; color: inherit; background-color: transparent;\"><!-- Imagen de marca --> <\/p>\n<div style=\"margin-bottom: 30px;\"><img decoding=\"async\" style=\"width: 100%; max-width: 450px; height: auto; border: 1px solid rgba(150&comma;150&comma;150&comma;0.3); border-radius: 8px;\" src=\"https:\/\/ftp3.syscom.mx\/usuarios\/orobles\/Huawei\/Huawei-horizontal-logo_2018.jpg\" alt=\"Logo Huawei\" \/><\/div>\n<p> <!-- Descripci\u00f3n principal --> <\/p>\n<div style=\"margin-bottom: 30px;\">\n<p style=\"font-size: 18px; color: inherit;\">FusionModule500 es una soluci&oacute;n todo en uno con refrigeraci&oacute;n integrada&comma; sin unidad externa.<\/p>\n<\/p><\/div>\n<p> <!-- Caracter\u00edsticas principales --> <\/p>\n<div style=\"margin-bottom: 30px;\">\n<ul style=\"padding-left: 20px; font-size: 15px; color: inherit;\">\n<li style=\"margin-bottom: 10px;\">Con UPS integrado de 6 KVA con alimentaci&oacute;n 110 Vca<\/li>\n<li style=\"margin-bottom: 10px;\">Instalaci&oacute;n r&aacute;pida tipo plug-and-play en menos de 2 horas<\/li>\n<li style=\"margin-bottom: 10px;\">Acceso inteligente: apertura sin llave y sin contrase&ntilde;a<\/li>\n<li style=\"margin-bottom: 10px;\">Ahorra m&aacute;s del 50% del espacio gracias a su dise&ntilde;o compacto<\/li>\n<\/ul><\/div>\n<p> <!-- Secci\u00f3n de im\u00e1genes con descripci\u00f3n --> <\/p>\n<div style=\"margin-bottom: 30px;\">\n<div style=\"display: grid; grid-template-columns: repeat(auto-fill&comma; minmax(200px&comma; 1fr)); gap: 20px;\">\n<div style=\"text-align: center;\"><img decoding=\"async\" style=\"width: 100%; height: auto; border: 1px solid rgba(150&comma;150&comma;150&comma;0.3); border-radius: 8px;\" src=\"https:\/\/digitalpower.huawei.com\/attachments\/data-center-facility\/cd9ab434e7a84db984e6a4e1a679cc73.png\" alt=\"\" \/> <\/p>\n<p style=\"margin-top: 10px; font-weight: bold; color: inherit;\">Simple<\/p>\n<p style=\"font-size: 14px; color: inherit;\">Dise&ntilde;o &ldquo;todo en uno&rdquo; y unidad de enfriamiento integrada; despliegue r&aacute;pido en un plazo de hasta 2 horas; m&oacute;dulo de extinci&oacute;n de incendios integrado*; reconstrucci&oacute;n seg&uacute;n las necesidades del caso.<\/p>\n<\/p><\/div>\n<div style=\"text-align: center;\"><img decoding=\"async\" style=\"width: 100%; height: auto; border: 1px solid rgba(150&comma;150&comma;150&comma;0.3); border-radius: 8px;\" src=\"https:\/\/digitalpower.huawei.com\/attachments\/data-center-facility\/3bfaac5797944ae1b8915258f23ab862.png\" alt=\"\" \/> <\/p>\n<p style=\"margin-top: 10px; font-weight: bold; color: inherit;\">Verde<\/p>\n<p style=\"font-size: 14px; color: inherit;\">Dise&ntilde;o altamente integrado que permite ahorrar un 50 % de espacio; aislamiento de pasillos de aire caliente y fr&iacute;o para mejorar la eficiencia del enfriamiento y reducir el ruido.<\/p>\n<\/p><\/div>\n<div style=\"text-align: center;\"><img decoding=\"async\" style=\"width: 100%; height: auto; border: 1px solid rgba(150&comma;150&comma;150&comma;0.3); border-radius: 8px;\" src=\"https:\/\/digitalpower.huawei.com\/attachments\/data-center-facility\/52e375325b954acdb1d85f6088532682.png\" alt=\"\" \/> <\/p>\n<p style=\"margin-top: 10px; font-weight: bold; color: inherit;\">Inteligente<\/p>\n<p style=\"font-size: 14px; color: inherit;\">Reconocimiento facial&comma; inicio de sesi&oacute;n sin contrase&ntilde;a y apertura de puertas sin llave; O&amp;M inteligente y gesti&oacute;n unificada de m&uacute;ltiples sitios.<\/p>\n<\/p><\/div>\n<div style=\"text-align: center;\"><img decoding=\"async\" style=\"width: 100%; height: auto; border: 1px solid rgba(150&comma;150&comma;150&comma;0.3); border-radius: 8px;\" src=\"https:\/\/digitalpower.huawei.com\/attachments\/data-center-facility\/90e8b16591764851bb314082b7666e72.png\" alt=\"\" \/> <\/p>\n<p style=\"margin-top: 10px; font-weight: bold; color: inherit;\">Fiable<\/p>\n<p style=\"font-size: 14px; color: inherit;\">Las puertas se abren autom&aacute;ticamente en caso de emergencia para evitar el sobrecalentamiento.<\/p>\n<\/p><\/div>\n<\/p><\/div>\n<\/p><\/div>\n<p> <!-- Separador --><\/p>\n<hr style=\"border: 0; border-top: 1px solid rgba(150&comma; 150&comma; 150&comma; 0.3); margin: 30px 0;\" \/><!-- Especificaciones t\u00e9cnicas --> <\/p>\n<div style=\"margin-bottom: 30px;\">\n<h3 style=\"font-size: 22px; border-bottom: 2px solid currentColor; padding-bottom: 5px; margin-top: 0; color: inherit; opacity: 0.8;\">Especificaciones t&eacute;cnicas<\/h3>\n<div style=\"display: flex; flex-wrap: wrap; gap: 20px;\">\n<div style=\"flex: 1 1 250px; border: 1px solid rgba(150&comma; 150&comma; 150&comma; 0.4); border-radius: 8px; overflow: hidden; display: flex; flex-direction: column;\">\n<div style=\"padding: 15px; border-bottom: 1px solid rgba(150&comma; 150&comma; 150&comma; 0.2); font-weight: bold; font-size: 18px; color: inherit;\">Modelo<\/div>\n<div style=\"padding: 15px; color: inherit;\">FusionModule500<\/div>\n<\/p><\/div>\n<div style=\"flex: 1 1 250px; border: 1px solid rgba(150&comma; 150&comma; 150&comma; 0.4); border-radius: 8px; overflow: hidden; display: flex; flex-direction: column;\">\n<div style=\"padding: 15px; border-bottom: 1px solid rgba(150&comma; 150&comma; 150&comma; 0.2); font-weight: bold; font-size: 18px; color: inherit;\">Voltaje de entrada<\/div>\n<div style=\"padding: 15px; color: inherit;\">208 Vac&comma; 50\/60 Hz&comma; 2Ph+PE<\/div>\n<\/p><\/div>\n<div style=\"flex: 1 1 250px; border: 1px solid rgba(150&comma; 150&comma; 150&comma; 0.4); border-radius: 8px; overflow: hidden; display: flex; flex-direction: column;\">\n<div style=\"padding: 15px; border-bottom: 1px solid rgba(150&comma; 150&comma; 150&comma; 0.2); font-weight: bold; font-size: 18px; color: inherit;\">Capacidad del UPS<\/div>\n<div style=\"padding: 15px; color: inherit;\">6 kVA<\/div>\n<\/p><\/div>\n<div style=\"flex: 1 1 250px; border: 1px solid rgba(150&comma; 150&comma; 150&comma; 0.4); border-radius: 8px; overflow: hidden; display: flex; flex-direction: column;\">\n<div style=\"padding: 15px; border-bottom: 1px solid rgba(150&comma; 150&comma; 150&comma; 0.2); font-weight: bold; font-size: 18px; color: inherit;\">Capacidad de enfriamiento<\/div>\n<div style=\"padding: 15px; color: inherit;\">3.5 kW<\/div>\n<\/p><\/div>\n<div style=\"flex: 1 1 250px; border: 1px solid rgba(150&comma; 150&comma; 150&comma; 0.4); border-radius: 8px; overflow: hidden; display: flex; flex-direction: column;\">\n<div style=\"padding: 15px; border-bottom: 1px solid rgba(150&comma; 150&comma; 150&comma; 0.2); font-weight: bold; font-size: 18px; color: inherit;\">Carga IT<\/div>\n<div style=\"padding: 15px; color: inherit;\">&le; 3 kW<\/div>\n<\/p><\/div>\n<div style=\"flex: 1 1 250px; border: 1px solid rgba(150&comma; 150&comma; 150&comma; 0.4); border-radius: 8px; overflow: hidden; display: flex; flex-direction: column;\">\n<div style=\"padding: 15px; border-bottom: 1px solid rgba(150&comma; 150&comma; 150&comma; 0.2); font-weight: bold; font-size: 18px; color: inherit;\">Temperatura de funcionamiento<\/div>\n<div style=\"padding: 15px; color: inherit;\">0~40&deg;C<\/div>\n<\/p><\/div>\n<div style=\"flex: 1 1 250px; border: 1px solid rgba(150&comma; 150&comma; 150&comma; 0.4); border-radius: 8px; overflow: hidden; display: flex; flex-direction: column;\">\n<div style=\"padding: 15px; border-bottom: 1px solid rgba(150&comma; 150&comma; 150&comma; 0.2); font-weight: bold; font-size: 18px; color: inherit;\">Dimensiones (ancho x alto x largo en mm)<\/div>\n<div style=\"padding: 15px; color: inherit;\">600&times;2000&times;1100<\/div>\n<\/p><\/div>\n<\/p><\/div>\n<\/p><\/div>\n<p> <!-- Caracter\u00edsticas detalladas --> <\/p>\n<div style=\"margin-bottom: 30px;\">\n<h3 style=\"font-size: 22px; border-bottom: 2px solid currentColor; padding-bottom: 5px; margin-top: 0; color: inherit; opacity: 0.8;\">Caracter&iacute;sticas<\/h3>\n<ul style=\"padding-left: 20px; font-size: 15px; color: inherit;\">\n<li style=\"margin-bottom: 10px;\">SAI: SAI montado en rack de 6 kVA de 1U<\/li>\n<li style=\"margin-bottom: 10px;\">Bater&iacute;a: Bater&iacute;a de plomo-&aacute;cido<\/li>\n<li style=\"margin-bottom: 10px;\">Sistema de refrigeraci&oacute;n: de precisi&oacute;n autocontenido de 3.5kW@10U<\/li>\n<li style=\"margin-bottom: 10px;\">Sin unidad exterior del sistema de refrigeraci&oacute;n&comma; plug-and-play<\/li>\n<li style=\"margin-bottom: 10px;\">Tipo de gabinete: contenci&oacute;n fr&iacute;a y caliente<\/li>\n<li style=\"margin-bottom: 10px;\">Espacio disponible TIC: 20 U<\/li>\n<li style=\"margin-bottom: 10px;\">La apertura autom&aacute;tica de la puerta evita el sobrecalentamiento<\/li>\n<li style=\"margin-bottom: 10px;\">Reconocimiento facial&comma; inicio de sesi&oacute;n sin contrase&ntilde;a y apertura de puertas sin llave<\/li>\n<li style=\"margin-bottom: 10px;\">Dise&ntilde;o todo en uno&comma; implementaci&oacute;n r&aacute;pida en 2 horas<\/li>\n<\/ul><\/div>\n<p> <!-- Nota importante --> <\/p>\n<div style=\"margin-top: 30px; padding: 15px; border-left: 4px solid #c7000b; background-color: rgba(199&comma; 0&comma; 11&comma; 0.05);\">\n<p style=\"color: inherit; font-weight: bold; margin: 0;\">Nota Importante: Se necesita cotizar arranque del gabinete por partner de Huawei&comma; contactar a Ingenier&iacute;a.<\/p>\n<\/p><\/div>\n<\/p><\/div>\n","protected":false},"excerpt":{"rendered":"<p>Huawei FusionModule500 Centro de Datos EDGE con UPS + Enfriamiento + PDUs Integrados Plug &#038; Play de 3.5 kW<\/p>\n","protected":false},"featured_media":15762,"comment_status":"open","ping_status":"closed","template":"","meta":[],"product_brand":[],"product_cat":[708],"product_tag":[718,624,605],"class_list":{"0":"post-15763","1":"product","2":"type-product","3":"status-publish","4":"has-post-thumbnail","6":"product_cat-racks-cerrados-racks-y-gabinetes-cableado-estructurado","7":"product_tag-huawei","8":"product_tag-racks-cerrados","9":"product_tag-racks-y-gabinetes","11":"first","12":"instock","13":"sale","14":"shipping-taxable","15":"purchasable","16":"product-type-simple"},"_links":{"self":[{"href":"https:\/\/soydeaqui.ddns.net\/pachuca\/index.php\/wp-json\/wp\/v2\/product\/15763","targetHints":{"allow":["GET"]}}],"collection":[{"href":"https:\/\/soydeaqui.ddns.net\/pachuca\/index.php\/wp-json\/wp\/v2\/product"}],"about":[{"href":"https:\/\/soydeaqui.ddns.net\/pachuca\/index.php\/wp-json\/wp\/v2\/types\/product"}],"replies":[{"embeddable":true,"href":"https:\/\/soydeaqui.ddns.net\/pachuca\/index.php\/wp-json\/wp\/v2\/comments?post=15763"}],"wp:featuredmedia":[{"embeddable":true,"href":"https:\/\/soydeaqui.ddns.net\/pachuca\/index.php\/wp-json\/wp\/v2\/media\/15762"}],"wp:attachment":[{"href":"https:\/\/soydeaqui.ddns.net\/pachuca\/index.php\/wp-json\/wp\/v2\/media?parent=15763"}],"wp:term":[{"taxonomy":"product_brand","embeddable":true,"href":"https:\/\/soydeaqui.ddns.net\/pachuca\/index.php\/wp-json\/wp\/v2\/product_brand?post=15763"},{"taxonomy":"product_cat","embeddable":true,"href":"https:\/\/soydeaqui.ddns.net\/pachuca\/index.php\/wp-json\/wp\/v2\/product_cat?post=15763"},{"taxonomy":"product_tag","embeddable":true,"href":"https:\/\/soydeaqui.ddns.net\/pachuca\/index.php\/wp-json\/wp\/v2\/product_tag?post=15763"}],"curies":[{"name":"wp","href":"https:\/\/api.w.org\/{rel}","templated":true}]}}