{"id":15680,"date":"2026-03-18T08:55:25","date_gmt":"2026-03-18T08:55:25","guid":{"rendered":"https:\/\/soydeaqui.ddns.net\/pachuca\/index.php\/producto\/cincho-stronghold-370-mm-largo-x-4-8mm-ancho-tension-50-lb-222-n-nylon-66-color-negro-paquete-de-100-piezas\/"},"modified":"2026-03-18T08:55:28","modified_gmt":"2026-03-18T08:55:28","slug":"cincho-stronghold-370-mm-largo-x-4-8mm-ancho-tension-50-lb-222-n-nylon-66-color-negro-paquete-de-100-piezas","status":"publish","type":"product","link":"https:\/\/soydeaqui.ddns.net\/pachuca\/index.php\/producto\/cincho-stronghold-370-mm-largo-x-4-8mm-ancho-tension-50-lb-222-n-nylon-66-color-negro-paquete-de-100-piezas\/","title":{"rendered":"Cincho STRONGHOLD, 370 mm largo x 4.8mm ancho, Tensi\u00f3n 50 lb (222 N) Nylon 6,6 Color Negro, Paquete de 100 Piezas"},"content":{"rendered":"<div style='width: 100%; max-width: 1200px; margin: 0 auto; font-family: sans-serif; line-height: 1.6; color: inherit; background-color: transparent;'>\n<div style='display: flex; flex-direction: column; align-items: center; text-align: center; margin-bottom: 30px;'> <img style='width: 100%; max-width: 300px; height: auto; border: 1px solid rgba(150&comma;150&comma;150&comma;0.3); border-radius: 8px;' src='https:\/\/ftp3.syscom.mx\/usuarios\/fotos\/SCL2\/0X\/214870-217843-panduit-logo-tm-negro-fondo_trans30-01_(002)_(1).png' alt=''> <\/p>\n<h1 style='font-size: 28px; margin: 20px 0 10px; color: inherit; opacity: 0.8; font-weight: 500;'>Cincho StrongHold\u2122 370 mm largo x 4.8mm ancho&comma; Tensi\u00f3n 50 lb (222 N) Nylon 6.6 Color Negro.<\/h1>\n<h3 style='font-size: 22px; margin: 0; color: inherit; opacity: 0.7;'>S15-50-C0<\/h3>\n<\/p><\/div>\n<div style='margin-bottom: 30px;'>\n<p style='font-size: 15px; color: inherit; opacity: 0.8; text-align: center;'>Las bridas S15-50-C0 StrongHold ofrecen a los contratistas una opci\u00f3n de brida econ\u00f3mica para aplicaciones de uso general y de construcci\u00f3n comercial. Est\u00e1ndar&comma; 14.57&#8242; (370mm) de largo&comma; con calificaci\u00f3n AH-2 para c\u00e1mara impelente. Producto para exteriores&comma; fabricado con Nylon 6.6 para exteriores&comma; color negro.<\/p>\n<\/p><\/div>\n<div style='margin-bottom: 30px;'>\n<h2 style='font-size: 24px; margin: 0 0 20px; color: inherit; opacity: 0.8; border-bottom: 2px solid currentColor; padding-bottom: 5px; display: inline-block;'>Especificaciones :<\/h2>\n<div style='display: flex; flex-wrap: wrap; gap: 20px;'>\n<div style='flex: 1 1 250px; border: 1px solid rgba(150&comma; 150&comma; 150&comma; 0.4); border-radius: 8px; overflow: hidden; display: flex; flex-direction: column;'>\n<div style='padding: 15px; border-bottom: 1px solid rgba(150&comma; 150&comma; 150&comma; 0.2); font-weight: bold; font-size: 18px; color: inherit;'>Caracter\u00edsticas Generales<\/div>\n<div style='padding: 15px; color: inherit;'>\n<ul style='padding-left: 20px; margin: 0; font-size: 14px; list-style-type: disc;'>\n<li style='margin-bottom: 5px;'><strong>Tipo de producto:<\/strong> Brida<\/li>\n<li style='margin-bottom: 5px;'><strong>Submarca:<\/strong> StrongHold\u2122<\/li>\n<li style='margin-bottom: 5px;'><strong>Color:<\/strong> Negro<\/li>\n<li style='margin-bottom: 5px;'><strong>Ambiente:<\/strong> C\u00e1mara impelente<\/li>\n<li style='margin-bottom: 5px;'><strong>Material:<\/strong> Nylon 6.6<\/li>\n<li style='margin-bottom: 5px;'><strong>Propiedades de resistencia:<\/strong> Resistente a rayos UV<\/li>\n<\/ul><\/div>\n<\/p><\/div>\n<div style='flex: 1 1 250px; border: 1px solid rgba(150&comma; 150&comma; 150&comma; 0.4); border-radius: 8px; overflow: hidden; display: flex; flex-direction: column;'>\n<div style='padding: 15px; border-bottom: 1px solid rgba(150&comma; 150&comma; 150&comma; 0.2); font-weight: bold; font-size: 18px; color: inherit;'>Dimensiones<\/div>\n<div style='padding: 15px; color: inherit;'>\n<ul style='padding-left: 20px; margin: 0; font-size: 14px; list-style-type: disc;'>\n<li style='margin-bottom: 5px;'><strong>Longitud total (in):<\/strong> 14.57<\/li>\n<li style='margin-bottom: 5px;'><strong>Longitud total (mm):<\/strong> 370<\/li>\n<li style='margin-bottom: 5px;'><strong>Anchura del cuerpo (in):<\/strong> 0.19<\/li>\n<li style='margin-bottom: 5px;'><strong>Anchura del cuerpo (mm):<\/strong> 4.8<\/li>\n<li style='margin-bottom: 5px;'><strong>Grosor del cuerpo (in):<\/strong> 0.051<\/li>\n<li style='margin-bottom: 5px;'><strong>Grosor del cuerpo (mm):<\/strong> 1.3<\/li>\n<\/ul><\/div>\n<\/p><\/div>\n<div style='flex: 1 1 250px; border: 1px solid rgba(150&comma; 150&comma; 150&comma; 0.4); border-radius: 8px; overflow: hidden; display: flex; flex-direction: column;'>\n<div style='padding: 15px; border-bottom: 1px solid rgba(150&comma; 150&comma; 150&comma; 0.2); font-weight: bold; font-size: 18px; color: inherit;'>Capacidad y Temperatura<\/div>\n<div style='padding: 15px; color: inherit;'>\n<ul style='padding-left: 20px; margin: 0; font-size: 14px; list-style-type: disc;'>\n<li style='margin-bottom: 5px;'><strong>Di\u00e1metro m\u00e1ximo de mazo (in):<\/strong> 4.02<\/li>\n<li style='margin-bottom: 5px;'><strong>Di\u00e1metro m\u00e1ximo de mazo (mm):<\/strong> 102<\/li>\n<li style='margin-bottom: 5px;'><strong>Di\u00e1metro m\u00ednimo de mazo (in):<\/strong> 0.12<\/li>\n<li style='margin-bottom: 5px;'><strong>Di\u00e1metro m\u00ednimo de mazo (mm):<\/strong> 3<\/li>\n<li style='margin-bottom: 5px;'><strong>Resistencia a la tensi\u00f3n m\u00ednima de lazo (N):<\/strong> 222<\/li>\n<li style='margin-bottom: 5px;'><strong>Resistencia a la tensi\u00f3n m\u00ednima de lazo (lb):<\/strong> 50<\/li>\n<\/ul><\/div>\n<\/p><\/div>\n<div style='flex: 1 1 250px; border: 1px solid rgba(150&comma; 150&comma; 150&comma; 0.4); border-radius: 8px; overflow: hidden; display: flex; flex-direction: column;'>\n<div style='padding: 15px; border-bottom: 1px solid rgba(150&comma; 150&comma; 150&comma; 0.2); font-weight: bold; font-size: 18px; color: inherit;'>Temperatura y Normas<\/div>\n<div style='padding: 15px; color: inherit;'>\n<ul style='padding-left: 20px; margin: 0; font-size: 14px; list-style-type: disc;'>\n<li style='margin-bottom: 5px;'><strong>Temperatura m\u00e1xima de funcionamiento (\u00b0C):<\/strong> 85<\/li>\n<li style='margin-bottom: 5px;'><strong>Temperatura m\u00e1xima de funcionamiento (\u00b0F):<\/strong> 185<\/li>\n<li style='margin-bottom: 5px;'><strong>Temperatura m\u00ednima de funcionamiento (\u00b0C):<\/strong> -40<\/li>\n<li style='margin-bottom: 5px;'><strong>Temperatura m\u00ednima de funcionamiento (\u00b0F):<\/strong> -40<\/li>\n<li style='margin-bottom: 5px;'><strong>Cumple las normas:<\/strong> Cumple con UL 62275 (tipo 2&comma; 21); cumple con la directiva RoHS<\/li>\n<\/ul><\/div>\n<\/p><\/div>\n<\/p><\/div>\n<\/p><\/div>\n<hr style='border: 0; border-top: 1px solid rgba(150&comma; 150&comma; 150&comma; 0.3); margin: 30px 0;'> <\/div>\n","protected":false},"excerpt":{"rendered":"<p>Cincho STRONGHOLD, 370 mm largo x 4.8mm ancho, Tensi\u00f3n 50 lb (222 N) Nylon 6,6 Color Negro, Paquete de 100 Piezas<\/p>\n","protected":false},"featured_media":15679,"comment_status":"open","ping_status":"closed","template":"","meta":[],"product_brand":[],"product_cat":[701],"product_tag":[572,702,445],"class_list":{"0":"post-15680","1":"product","2":"type-product","3":"status-publish","4":"has-post-thumbnail","6":"product_cat-cinchos-corbatas","7":"product_tag-canalizacion","8":"product_tag-cinchos-corbatas","9":"product_tag-panduit","11":"first","12":"outofstock","13":"sale","14":"shipping-taxable","15":"purchasable","16":"product-type-simple"},"_links":{"self":[{"href":"https:\/\/soydeaqui.ddns.net\/pachuca\/index.php\/wp-json\/wp\/v2\/product\/15680","targetHints":{"allow":["GET"]}}],"collection":[{"href":"https:\/\/soydeaqui.ddns.net\/pachuca\/index.php\/wp-json\/wp\/v2\/product"}],"about":[{"href":"https:\/\/soydeaqui.ddns.net\/pachuca\/index.php\/wp-json\/wp\/v2\/types\/product"}],"replies":[{"embeddable":true,"href":"https:\/\/soydeaqui.ddns.net\/pachuca\/index.php\/wp-json\/wp\/v2\/comments?post=15680"}],"wp:featuredmedia":[{"embeddable":true,"href":"https:\/\/soydeaqui.ddns.net\/pachuca\/index.php\/wp-json\/wp\/v2\/media\/15679"}],"wp:attachment":[{"href":"https:\/\/soydeaqui.ddns.net\/pachuca\/index.php\/wp-json\/wp\/v2\/media?parent=15680"}],"wp:term":[{"taxonomy":"product_brand","embeddable":true,"href":"https:\/\/soydeaqui.ddns.net\/pachuca\/index.php\/wp-json\/wp\/v2\/product_brand?post=15680"},{"taxonomy":"product_cat","embeddable":true,"href":"https:\/\/soydeaqui.ddns.net\/pachuca\/index.php\/wp-json\/wp\/v2\/product_cat?post=15680"},{"taxonomy":"product_tag","embeddable":true,"href":"https:\/\/soydeaqui.ddns.net\/pachuca\/index.php\/wp-json\/wp\/v2\/product_tag?post=15680"}],"curies":[{"name":"wp","href":"https:\/\/api.w.org\/{rel}","templated":true}]}}