{"id":15600,"date":"2026-03-18T08:54:02","date_gmt":"2026-03-18T08:54:02","guid":{"rendered":"https:\/\/soydeaqui.ddns.net\/pachuca\/index.php\/producto\/cincho-de-nylon-6-6-pan-ty-142mm-largo-x-2-5mm-ancho-color-negro-exterior-resistente-a-rayos-uv-paquete-de-1000pz\/"},"modified":"2026-03-18T08:54:04","modified_gmt":"2026-03-18T08:54:04","slug":"cincho-de-nylon-6-6-pan-ty-142mm-largo-x-2-5mm-ancho-color-negro-exterior-resistente-a-rayos-uv-paquete-de-1000pz","status":"publish","type":"product","link":"https:\/\/soydeaqui.ddns.net\/pachuca\/index.php\/producto\/cincho-de-nylon-6-6-pan-ty-142mm-largo-x-2-5mm-ancho-color-negro-exterior-resistente-a-rayos-uv-paquete-de-1000pz\/","title":{"rendered":"Cincho de Nylon 6.6 Pan-Ty\u2122, 142mm largo x 2.5mm ancho, Color Negro, Exterior Resistente a Rayos UV, Paquete de 1000pz"},"content":{"rendered":"<div style='width: 100%; max-width: 1200px; margin: 0 auto; font-family: sans-serif; line-height: 1.6; color: inherit; background-color: transparent;'> <!-- Imagen del producto --> <\/p>\n<div style='width: 100%; text-align: center; margin-bottom: 30px;'> <img style='width: 100%; max-width: 300px; height: auto; border: 1px solid rgba(150&comma;150&comma;150&comma;0.3); border-radius: 8px;' src='https:\/\/ftp3.syscom.mx\/usuarios\/fotos\/SCL2\/0X\/214870-217843-panduit-logo-tm-negro-fondo_trans30-01_(002)_(1).png' alt=''> <\/div>\n<p> <!-- T\u00edtulo y descripci\u00f3n --> <\/p>\n<div style='margin-bottom: 30px;'>\n<h1 style='font-size: 28px; margin: 0 0 15px; color: inherit; opacity: 0.8; font-weight: 500; line-height: 1.2;'> Cincho de Nylon 6.6 Pan-Ty\u2122&comma; 142mm largo x 2.5mm ancho&comma; Color Negro&comma; Exterior Resistente a Rayos UV <\/h1>\n<h2 style='font-size: 20px; margin: 0 0 15px; color: inherit; opacity: 0.7; font-weight: 500;'> PLT1.5MM0 <\/h2>\n<p style='font-size: 15px; color: inherit; opacity: 0.8; margin: 0 0 20px;'> Las bridas de bloqueo Panduit PLT1.5M-M0 est\u00e1n dise\u00f1adas para satisfacer las necesidades de aplicaciones generales y ofrecen rendimiento y confiabilidad uniformes. Gracias a la punta curva&comma; el levantamiento desde las superficies planas es f\u00e1cil y el enroscamiento inicial es m\u00e1s r\u00e1pido. Secci\u00f3n transversal miniatura&comma; 5.6&#8242; (142mm) de largo. Producto fabricado con Nylon 6.6 para exteriores con alto nivel de resistencia a la luz ultravioleta&comma; color negro. <\/p>\n<\/p><\/div>\n<p> <!-- Especificaciones --> <\/p>\n<div style='margin-bottom: 30px;'>\n<h3 style='font-size: 22px; border-bottom: 2px solid currentColor; padding-bottom: 5px; margin-top: 0; color: inherit; opacity: 0.8;'> Especificaciones <\/h3>\n<div style='display: flex; flex-wrap: wrap; gap: 20px; margin-top: 20px;'>\n<div style='flex: 1 1 250px; border: 1px solid rgba(150&comma; 150&comma; 150&comma; 0.4); border-radius: 8px; overflow: hidden; display: flex; flex-direction: column;'>\n<div style='padding: 15px; border-bottom: 1px solid rgba(150&comma; 150&comma; 150&comma; 0.2); font-weight: bold; font-size: 18px; color: inherit;'>Caracter\u00edsticas Generales<\/div>\n<div style='padding: 15px; color: inherit;'>\n<ul style='padding-left: 20px; margin: 0; font-size: 14px; list-style-type: disc;'>\n<li style='margin-bottom: 5px;'><strong>Tipo de producto:<\/strong> Brida de calidad superior<\/li>\n<li style='margin-bottom: 5px;'><strong>Color:<\/strong> Negro<\/li>\n<li style='margin-bottom: 5px;'><strong>Ambiente:<\/strong> Interiores\/exteriores<\/li>\n<li style='margin-bottom: 5px;'><strong>Material:<\/strong> Nylon 6.6 para exteriores<\/li>\n<li style='margin-bottom: 5px;'><strong>Propiedades de resistencia:<\/strong> Resistente a rayos UV<\/li>\n<\/ul><\/div>\n<\/p><\/div>\n<div style='flex: 1 1 250px; border: 1px solid rgba(150&comma; 150&comma; 150&comma; 0.4); border-radius: 8px; overflow: hidden; display: flex; flex-direction: column;'>\n<div style='padding: 15px; border-bottom: 1px solid rgba(150&comma; 150&comma; 150&comma; 0.2); font-weight: bold; font-size: 18px; color: inherit;'>Dimensiones<\/div>\n<div style='padding: 15px; color: inherit;'>\n<ul style='padding-left: 20px; margin: 0; font-size: 14px; list-style-type: disc;'>\n<li style='margin-bottom: 5px;'><strong>Longitud total (in):<\/strong> 5.6<\/li>\n<li style='margin-bottom: 5px;'><strong>Longitud total (mm):<\/strong> 142<\/li>\n<li style='margin-bottom: 5px;'><strong>Anchura del cuerpo (in):<\/strong> 0.098<\/li>\n<li style='margin-bottom: 5px;'><strong>Anchura del cuerpo (mm):<\/strong> 2.5<\/li>\n<li style='margin-bottom: 5px;'><strong>Grosor del cuerpo (in):<\/strong> 0.043<\/li>\n<li style='margin-bottom: 5px;'><strong>Grosor del cuerpo (mm):<\/strong> 1.1<\/li>\n<\/ul><\/div>\n<\/p><\/div>\n<div style='flex: 1 1 250px; border: 1px solid rgba(150&comma; 150&comma; 150&comma; 0.4); border-radius: 8px; overflow: hidden; display: flex; flex-direction: column;'>\n<div style='padding: 15px; border-bottom: 1px solid rgba(150&comma; 150&comma; 150&comma; 0.2); font-weight: bold; font-size: 18px; color: inherit;'>Rango de Temperatura<\/div>\n<div style='padding: 15px; color: inherit;'>\n<ul style='padding-left: 20px; margin: 0; font-size: 14px; list-style-type: disc;'>\n<li style='margin-bottom: 5px;'><strong>Temperatura m\u00e1xima de funcionamiento (\u00b0C):<\/strong> 85<\/li>\n<li style='margin-bottom: 5px;'><strong>Temperatura m\u00e1xima de funcionamiento (\u00b0F):<\/strong> 185<\/li>\n<li style='margin-bottom: 5px;'><strong>Temperatura m\u00ednima de funcionamiento (\u00b0C):<\/strong> -60<\/li>\n<li style='margin-bottom: 5px;'><strong>Temperatura m\u00ednima de funcionamiento (\u00b0F):<\/strong> -76<\/li>\n<li style='margin-bottom: 5px;'><strong>Temperatura m\u00ednima de instalaci\u00f3n (\u00b0C):<\/strong> -20<\/li>\n<li style='margin-bottom: 5px;'><strong>Temperatura m\u00ednima de instalaci\u00f3n (\u00b0F):<\/strong> -4<\/li>\n<\/ul><\/div>\n<\/p><\/div>\n<div style='flex: 1 1 250px; border: 1px solid rgba(150&comma; 150&comma; 150&comma; 0.4); border-radius: 8px; overflow: hidden; display: flex; flex-direction: column;'>\n<div style='padding: 15px; border-bottom: 1px solid rgba(150&comma; 150&comma; 150&comma; 0.2); font-weight: bold; font-size: 18px; color: inherit;'>Normas y Compatibilidad<\/div>\n<div style='padding: 15px; color: inherit;'>\n<ul style='padding-left: 20px; margin: 0; font-size: 14px; list-style-type: disc;'>\n<li style='margin-bottom: 5px;'><strong>Cumple las normas:<\/strong> Est\u00e1 reconocido por UL (archivo n.\u00ba E56854); cumple con UL 62275 (tipo 2&comma; 21); cumple con la directiva RoHS<\/li>\n<li style='margin-bottom: 5px;'><strong>Para usar con:<\/strong> GTS-E&comma; GS2B-E&comma; PTS&comma; PPTS&comma; STS2<\/li>\n<li style='margin-bottom: 5px;'><strong>Caracts. pza.:<\/strong> Cu\u00f1a de bloqueo de una pieza para rendimiento confiable y uniforme. Fuerza de enroscamiento baja y resistencia a la tensi\u00f3n de lazo alta.<\/li>\n<\/ul><\/div>\n<\/p><\/div>\n<\/p><\/div>\n<\/p><\/div>\n<p> <!-- Separador --> <\/p>\n<hr style='border: 0; border-top: 1px solid rgba(150&comma; 150&comma; 150&comma; 0.3); margin: 30px 0;'> <\/div>\n","protected":false},"excerpt":{"rendered":"<p>Cincho de Nylon 6.6 Pan-Ty\u2122, 142mm largo x 2.5mm ancho, Color Negro, Exterior Resistente a Rayos UV, Paquete de 1000pz<\/p>\n","protected":false},"featured_media":15599,"comment_status":"open","ping_status":"closed","template":"","meta":[],"product_brand":[],"product_cat":[633],"product_tag":[634,445,605],"class_list":{"0":"post-15600","1":"product","2":"type-product","3":"status-publish","4":"has-post-thumbnail","6":"product_cat-accesorios-para-rack-gabinetes","7":"product_tag-accesorios-para-rack-gabinetes","8":"product_tag-panduit","9":"product_tag-racks-y-gabinetes","11":"first","12":"outofstock","13":"sale","14":"shipping-taxable","15":"purchasable","16":"product-type-simple"},"_links":{"self":[{"href":"https:\/\/soydeaqui.ddns.net\/pachuca\/index.php\/wp-json\/wp\/v2\/product\/15600","targetHints":{"allow":["GET"]}}],"collection":[{"href":"https:\/\/soydeaqui.ddns.net\/pachuca\/index.php\/wp-json\/wp\/v2\/product"}],"about":[{"href":"https:\/\/soydeaqui.ddns.net\/pachuca\/index.php\/wp-json\/wp\/v2\/types\/product"}],"replies":[{"embeddable":true,"href":"https:\/\/soydeaqui.ddns.net\/pachuca\/index.php\/wp-json\/wp\/v2\/comments?post=15600"}],"wp:featuredmedia":[{"embeddable":true,"href":"https:\/\/soydeaqui.ddns.net\/pachuca\/index.php\/wp-json\/wp\/v2\/media\/15599"}],"wp:attachment":[{"href":"https:\/\/soydeaqui.ddns.net\/pachuca\/index.php\/wp-json\/wp\/v2\/media?parent=15600"}],"wp:term":[{"taxonomy":"product_brand","embeddable":true,"href":"https:\/\/soydeaqui.ddns.net\/pachuca\/index.php\/wp-json\/wp\/v2\/product_brand?post=15600"},{"taxonomy":"product_cat","embeddable":true,"href":"https:\/\/soydeaqui.ddns.net\/pachuca\/index.php\/wp-json\/wp\/v2\/product_cat?post=15600"},{"taxonomy":"product_tag","embeddable":true,"href":"https:\/\/soydeaqui.ddns.net\/pachuca\/index.php\/wp-json\/wp\/v2\/product_tag?post=15600"}],"curies":[{"name":"wp","href":"https:\/\/api.w.org\/{rel}","templated":true}]}}