{"id":15530,"date":"2026-03-18T08:52:49","date_gmt":"2026-03-18T08:52:49","guid":{"rendered":"https:\/\/soydeaqui.ddns.net\/pachuca\/index.php\/producto\/tapa-con-bisagra-a-presion-para-canaleta-fiberrunner-fr6x4yl6-de-pvc-rigido-color-amarillo-10-ft-de-largo\/"},"modified":"2026-03-18T08:52:50","modified_gmt":"2026-03-18T08:52:50","slug":"tapa-con-bisagra-a-presion-para-canaleta-fiberrunner-fr6x4yl6-de-pvc-rigido-color-amarillo-10-ft-de-largo","status":"publish","type":"product","link":"https:\/\/soydeaqui.ddns.net\/pachuca\/index.php\/producto\/tapa-con-bisagra-a-presion-para-canaleta-fiberrunner-fr6x4yl6-de-pvc-rigido-color-amarillo-10-ft-de-largo\/","title":{"rendered":"Tapa Con Bisagra a Presi\u00f3n Para Canaleta FiberRunner\u2122 FR6X4YL6, de PVC R\u00edgido, Color Amarillo, 10 ft. de Largo"},"content":{"rendered":"<div style='width: 100%; max-width: 1200px; margin: 0 auto; font-family: sans-serif; line-height: 1.6; color: inherit; background-color: transparent;'> <!-- Secci\u00f3n de descripci\u00f3n --> <\/p>\n<div style='margin-bottom: 30px; font-size: 15px; color: inherit;'>\n<p>El sistema de enrutamiento FiberRunner\u2122 6&#215;4&comma; es un sistema de canaletas&comma; accesorios y soportes dise\u00f1ados para segregar&comma; enrutar y proteger el cableado de cobre de alto rendimiento y fibra \u00f3ptica. La canaleta y los accesorios se ensamblar\u00e1n utilizando acopladores premontados de f\u00e1cil instalaci\u00f3n.<\/p>\n<\/p><\/div>\n<p> <!-- Secci\u00f3n de especificaciones --> <\/p>\n<div style='display: flex; flex-wrap: wrap; gap: 20px; margin-bottom: 30px;'>\n<div style='flex: 1 1 250px; border: 1px solid rgba(150&comma; 150&comma; 150&comma; 0.4); border-radius: 8px; overflow: hidden; display: flex; flex-direction: column;'>\n<div style='padding: 15px; border-bottom: 1px solid rgba(150&comma; 150&comma; 150&comma; 0.2); font-weight: bold; font-size: 18px; color: inherit;'>Especificaciones T\u00e9cnicas<\/div>\n<div style='padding: 15px; color: inherit;'>\n<ul style='padding-left: 20px; margin: 0; font-size: 14px; list-style-type: disc;'>\n<li style='margin-bottom: 5px;'><strong>Color:<\/strong> Amarillo<\/li>\n<li style='margin-bottom: 5px;'><strong>Material:<\/strong> PVC R\u00edgido<\/li>\n<li style='margin-bottom: 5px;'><strong>Flamabilidad:<\/strong> 94V-0<\/li>\n<li style='margin-bottom: 5px;'><strong>Listado por UL:<\/strong> Canalizaciones de cable de fibra \u00f3ptica 2024A<\/li>\n<li style='margin-bottom: 5px;'><strong>Certificaciones:<\/strong> Telcordia&comma; Sistemas de construcci\u00f3n de equipos de red GR-63-CORE Nivel 3<\/li>\n<li style='margin-bottom: 5px;'><strong>Largo:<\/strong> 10 ft<\/li>\n<\/ul><\/div>\n<\/p><\/div>\n<\/p><\/div>\n<p> <!-- Separador --> <\/p>\n<hr style='border: 0; border-top: 1px solid rgba(150&comma; 150&comma; 150&comma; 0.3); margin: 30px 0;'> <\/div>\n","protected":false},"excerpt":{"rendered":"<p>Tapa Con Bisagra a Presi\u00f3n Para Canaleta FiberRunner\u2122 FR6X4YL6, de PVC R\u00edgido, Color Amarillo, 10 ft. de Largo<\/p>\n","protected":false},"featured_media":32,"comment_status":"open","ping_status":"closed","template":"","meta":[],"product_brand":[],"product_cat":[571],"product_tag":[573,572,445],"class_list":{"0":"post-15530","1":"product","2":"type-product","3":"status-publish","4":"has-post-thumbnail","6":"product_cat-accesorios-para-canaletas","7":"product_tag-accesorios-para-canaletas","8":"product_tag-canalizacion","9":"product_tag-panduit","11":"first","12":"outofstock","13":"sale","14":"shipping-taxable","15":"purchasable","16":"product-type-simple"},"_links":{"self":[{"href":"https:\/\/soydeaqui.ddns.net\/pachuca\/index.php\/wp-json\/wp\/v2\/product\/15530","targetHints":{"allow":["GET"]}}],"collection":[{"href":"https:\/\/soydeaqui.ddns.net\/pachuca\/index.php\/wp-json\/wp\/v2\/product"}],"about":[{"href":"https:\/\/soydeaqui.ddns.net\/pachuca\/index.php\/wp-json\/wp\/v2\/types\/product"}],"replies":[{"embeddable":true,"href":"https:\/\/soydeaqui.ddns.net\/pachuca\/index.php\/wp-json\/wp\/v2\/comments?post=15530"}],"wp:featuredmedia":[{"embeddable":true,"href":"https:\/\/soydeaqui.ddns.net\/pachuca\/index.php\/wp-json\/wp\/v2\/media\/32"}],"wp:attachment":[{"href":"https:\/\/soydeaqui.ddns.net\/pachuca\/index.php\/wp-json\/wp\/v2\/media?parent=15530"}],"wp:term":[{"taxonomy":"product_brand","embeddable":true,"href":"https:\/\/soydeaqui.ddns.net\/pachuca\/index.php\/wp-json\/wp\/v2\/product_brand?post=15530"},{"taxonomy":"product_cat","embeddable":true,"href":"https:\/\/soydeaqui.ddns.net\/pachuca\/index.php\/wp-json\/wp\/v2\/product_cat?post=15530"},{"taxonomy":"product_tag","embeddable":true,"href":"https:\/\/soydeaqui.ddns.net\/pachuca\/index.php\/wp-json\/wp\/v2\/product_tag?post=15530"}],"curies":[{"name":"wp","href":"https:\/\/api.w.org\/{rel}","templated":true}]}}