{"id":15485,"date":"2026-03-18T08:52:05","date_gmt":"2026-03-18T08:52:05","guid":{"rendered":"https:\/\/soydeaqui.ddns.net\/pachuca\/index.php\/producto\/casete-mp-cinta-continua-pol-1-w-x-30-l-blanco-negro\/"},"modified":"2026-03-18T08:52:05","modified_gmt":"2026-03-18T08:52:05","slug":"casete-mp-cinta-continua-pol-1-w-x-30-l-blanco-negro","status":"publish","type":"product","link":"https:\/\/soydeaqui.ddns.net\/pachuca\/index.php\/producto\/casete-mp-cinta-continua-pol-1-w-x-30-l-blanco-negro\/","title":{"rendered":"Casete MP, Cinta Continua, Pol., 1 W x 30 L, Blanco\/Negro"},"content":{"rendered":"<div style='width: 100%; max-width: 1200px; margin: 0 auto; font-family: sans-serif; line-height: 1.6; color: inherit; background-color: transparent;'> <!-- Descripci\u00f3n principal --> <\/p>\n<div style='margin-bottom: 30px; font-size: 15px; color: inherit;'>\n<p style='margin: 0 0 15px; color: inherit;'> El casete de cinta continua <strong style='color: inherit;'>T100X000BYM-WH<\/strong> incluye el material de la etiqueta y la cinta para realizar un recambio sencillo. Imprimir marcadores para tubos personalizados&comma; marcadores de tensi\u00f3n&comma; se\u00f1ales&comma; marcadores de cestos y etiquetas de identificaci\u00f3n de red a demanda. Solo para aplicaciones de etiquetas planas. Para usar con las impresoras MP300&comma; MP200 y MP100. Poli\u00e9ster. 1.0&#8242; x 30&#8242; (25.4 mm x 9.1 m). Color blanco sobre negro. 1 casete por paquete. <\/p>\n<\/p><\/div>\n<p> <!-- Especificaciones --> <\/p>\n<div style='display: flex; flex-wrap: wrap; gap: 20px; margin-bottom: 30px;'>\n<div style='flex: 1 1 250px; border: 1px solid rgba(150&comma; 150&comma; 150&comma; 0.4); border-radius: 8px; overflow: hidden; display: flex; flex-direction: column;'>\n<div style='padding: 15px; border-bottom: 1px solid rgba(150&comma; 150&comma; 150&comma; 0.2); font-weight: bold; font-size: 18px; color: inherit;'>Especificaciones<\/div>\n<div style='padding: 15px; color: inherit;'>\n<ul style='padding-left: 20px; margin: 0; font-size: 14px; list-style-type: disc; color: inherit;'>\n<li style='margin-bottom: 8px; color: inherit;'><strong style='color: inherit;'>Nota:<\/strong> Para usar con impresora MP<\/li>\n<li style='margin-bottom: 8px; color: inherit;'><strong style='color: inherit;'>Tipo de producto:<\/strong> Casete de cinta continua<\/li>\n<li style='margin-bottom: 8px; color: inherit;'><strong style='color: inherit;'>Submarca:<\/strong> PXE\u2122<\/li>\n<li style='margin-bottom: 8px; color: inherit;'><strong style='color: inherit;'>Color:<\/strong> Negro<\/li>\n<li style='margin-bottom: 8px; color: inherit;'><strong style='color: inherit;'>Color de cinta:<\/strong> Blanco<\/li>\n<li style='margin-bottom: 8px; color: inherit;'><strong style='color: inherit;'>Material:<\/strong> Poli\u00e9ster<\/li>\n<li style='margin-bottom: 8px; color: inherit;'><strong style='color: inherit;'>Cumple las normas:<\/strong> Cumple con la directiva RoHS<\/li>\n<li style='margin-bottom: 8px; color: inherit;'><strong style='color: inherit;'>Longitud total (ft):<\/strong> 29.5<\/li>\n<li style='margin-bottom: 8px; color: inherit;'><strong style='color: inherit;'>Longitud total (m):<\/strong> 9<\/li>\n<li style='margin-bottom: 8px; color: inherit;'><strong style='color: inherit;'>Anchura total (in):<\/strong> 0.94<\/li>\n<li style='margin-bottom: 8px; color: inherit;'><strong style='color: inherit;'>Anchura total (mm):<\/strong> 23.8<\/li>\n<li style='margin-bottom: 8px; color: inherit;'><strong style='color: inherit;'>Aplicaci\u00f3n de etiquetas:<\/strong> Identificaci\u00f3n de instalaci\u00f3n y seguridad<\/li>\n<\/ul><\/div>\n<\/p><\/div>\n<\/p><\/div>\n<\/p><\/div>\n","protected":false},"excerpt":{"rendered":"<p>Casete MP, Cinta Continua, Pol., 1 W x 30 L, Blanco\/Negro<\/p>\n","protected":false},"featured_media":15484,"comment_status":"open","ping_status":"closed","template":"","meta":[],"product_brand":[],"product_cat":[608],"product_tag":[586,25,445],"class_list":{"0":"post-15485","1":"product","2":"type-product","3":"status-publish","4":"has-post-thumbnail","6":"product_cat-herramientas-cableado-de-cobre","7":"product_tag-cableado-de-cobre","8":"product_tag-herramientas","9":"product_tag-panduit","11":"first","12":"outofstock","13":"sale","14":"shipping-taxable","15":"purchasable","16":"product-type-simple"},"_links":{"self":[{"href":"https:\/\/soydeaqui.ddns.net\/pachuca\/index.php\/wp-json\/wp\/v2\/product\/15485","targetHints":{"allow":["GET"]}}],"collection":[{"href":"https:\/\/soydeaqui.ddns.net\/pachuca\/index.php\/wp-json\/wp\/v2\/product"}],"about":[{"href":"https:\/\/soydeaqui.ddns.net\/pachuca\/index.php\/wp-json\/wp\/v2\/types\/product"}],"replies":[{"embeddable":true,"href":"https:\/\/soydeaqui.ddns.net\/pachuca\/index.php\/wp-json\/wp\/v2\/comments?post=15485"}],"wp:featuredmedia":[{"embeddable":true,"href":"https:\/\/soydeaqui.ddns.net\/pachuca\/index.php\/wp-json\/wp\/v2\/media\/15484"}],"wp:attachment":[{"href":"https:\/\/soydeaqui.ddns.net\/pachuca\/index.php\/wp-json\/wp\/v2\/media?parent=15485"}],"wp:term":[{"taxonomy":"product_brand","embeddable":true,"href":"https:\/\/soydeaqui.ddns.net\/pachuca\/index.php\/wp-json\/wp\/v2\/product_brand?post=15485"},{"taxonomy":"product_cat","embeddable":true,"href":"https:\/\/soydeaqui.ddns.net\/pachuca\/index.php\/wp-json\/wp\/v2\/product_cat?post=15485"},{"taxonomy":"product_tag","embeddable":true,"href":"https:\/\/soydeaqui.ddns.net\/pachuca\/index.php\/wp-json\/wp\/v2\/product_tag?post=15485"}],"curies":[{"name":"wp","href":"https:\/\/api.w.org\/{rel}","templated":true}]}}