{"id":15457,"date":"2026-03-18T08:51:36","date_gmt":"2026-03-18T08:51:36","guid":{"rendered":"https:\/\/soydeaqui.ddns.net\/pachuca\/index.php\/producto\/fr-cable-nico-pan-term-f90-30-l-s-aisl-3-0-awg-clav-l-30-mm-1-18-pulgadas-paq-50\/"},"modified":"2026-03-18T08:51:36","modified_gmt":"2026-03-18T08:51:36","slug":"fr-cable-nico-pan-term-f90-30-l-s-aisl-3-0-awg-clav-l-30-mm-1-18-pulgadas-paq-50","status":"publish","type":"product","link":"https:\/\/soydeaqui.ddns.net\/pachuca\/index.php\/producto\/fr-cable-nico-pan-term-f90-30-l-s-aisl-3-0-awg-clav-l-30-mm-1-18-pulgadas-paq-50\/","title":{"rendered":"F?r. Cable ?nico Pan-Term F90-30-L, S\/Aisl., 3\/0 AWG, Clav. L 30 mm (1.18 Pulgadas), Paq. 50"},"content":{"rendered":"<div style='width: 100%; max-width: 1200px; margin: 0 auto; font-family: sans-serif; line-height: 1.6; color: inherit; background-color: transparent;'> <!-- Descripci\u00f3n principal --> <\/p>\n<p style='color: inherit; font-size: 16px; margin-bottom: 20px;'>F\u00e9rula&comma; sin aislamiento&comma; rango de cableado: 3\/0 AWG; de 1&comma;18 (30&comma;0mm) de largo.<\/p>\n<p> <!-- Secci\u00f3n de especificaciones --> <\/p>\n<div style='margin-bottom: 30px;'>\n<h3 style='font-size: 22px; border-bottom: 2px solid currentColor; padding-bottom: 5px; margin-top: 0; color: inherit; opacity: 0.8;'>Especificaciones<\/h3>\n<p> <!-- Grid de especificaciones --> <\/p>\n<div style='display: grid; grid-template-columns: repeat(auto-fill&comma; minmax(250px&comma; 1fr)); gap: 15px; margin-top: 20px;'>\n<div style='border: 1px solid rgba(150&comma; 150&comma; 150&comma; 0.4); border-radius: 8px; padding: 15px; background-color: #efefef;'> <strong style='color: inherit;'>Tipo de f\u00e9rula:<\/strong> Est\u00e1ndar de cable individual <\/div>\n<div style='border: 1px solid rgba(150&comma; 150&comma; 150&comma; 0.4); border-radius: 8px; padding: 15px;'> <strong style='color: inherit;'>Tama\u00f1o de conductor de cobre (AWG):<\/strong> 3\/0 <\/div>\n<div style='border: 1px solid rgba(150&comma; 150&comma; 150&comma; 0.4); border-radius: 8px; padding: 15px; background-color: #efefef;'> <strong style='color: inherit;'>Tama\u00f1o m\u00e1ximo de conductor de cobre (AWG):<\/strong> 3\/0 <\/div>\n<div style='border: 1px solid rgba(150&comma; 150&comma; 150&comma; 0.4); border-radius: 8px; padding: 15px;'> <strong style='color: inherit;'>Tama\u00f1o m\u00ednimo de conductor de cobre (AWG):<\/strong> 3\/0 <\/div>\n<div style='border: 1px solid rgba(150&comma; 150&comma; 150&comma; 0.4); border-radius: 8px; padding: 15px; background-color: #efefef;'> <strong style='color: inherit;'>Tama\u00f1o m\u00e1ximo de conductor en sistema m\u00e9trico (mm\u00b2):<\/strong> 95 <\/div>\n<div style='border: 1px solid rgba(150&comma; 150&comma; 150&comma; 0.4); border-radius: 8px; padding: 15px;'> <strong style='color: inherit;'>Clasificaci\u00f3n de temperatura UL (\u00b0C):<\/strong> 150 <\/div>\n<div style='border: 1px solid rgba(150&comma; 150&comma; 150&comma; 0.4); border-radius: 8px; padding: 15px; background-color: #efefef;'> <strong style='color: inherit;'>Clasificaci\u00f3n de temperatura CSA (\u00b0C):<\/strong> 150 <\/div>\n<div style='border: 1px solid rgba(150&comma; 150&comma; 150&comma; 0.4); border-radius: 8px; padding: 15px;'> <strong style='color: inherit;'>Longitud de la banda del cable (in):<\/strong> 1 3\/16 <\/div>\n<div style='border: 1px solid rgba(150&comma; 150&comma; 150&comma; 0.4); border-radius: 8px; padding: 15px; background-color: #efefef;'> <strong style='color: inherit;'>Longitud de la banda del cable (mm):<\/strong> 30 <\/div>\n<div style='border: 1px solid rgba(150&comma; 150&comma; 150&comma; 0.4); border-radius: 8px; padding: 15px;'> <strong style='color: inherit;'>Di\u00e1metro interior (in):<\/strong> 0.57 <\/div>\n<div style='border: 1px solid rgba(150&comma; 150&comma; 150&comma; 0.4); border-radius: 8px; padding: 15px; background-color: #efefef;'> <strong style='color: inherit;'>Di\u00e1metro interior (mm):<\/strong> 14.5 <\/div>\n<div style='border: 1px solid rgba(150&comma; 150&comma; 150&comma; 0.4); border-radius: 8px; padding: 15px;'> <strong style='color: inherit;'>Temperatura m\u00e1xima de funcionamiento (\u00b0C):<\/strong> 150 <\/div>\n<div style='border: 1px solid rgba(150&comma; 150&comma; 150&comma; 0.4); border-radius: 8px; padding: 15px; background-color: #efefef;'> <strong style='color: inherit;'>Temperatura m\u00e1xima de funcionamiento (\u00b0F):<\/strong> 302 <\/div>\n<div style='border: 1px solid rgba(150&comma; 150&comma; 150&comma; 0.4); border-radius: 8px; padding: 15px;'> <strong style='color: inherit;'>Di\u00e1metro exterior (in):<\/strong> 0.6 <\/div>\n<div style='border: 1px solid rgba(150&comma; 150&comma; 150&comma; 0.4); border-radius: 8px; padding: 15px; background-color: #efefef;'> <strong style='color: inherit;'>Di\u00e1metro exterior (mm):<\/strong> 15.3 <\/div>\n<div style='border: 1px solid rgba(150&comma; 150&comma; 150&comma; 0.4); border-radius: 8px; padding: 15px;'> <strong style='color: inherit;'>Longitud total (in):<\/strong> 1.18 <\/div>\n<div style='border: 1px solid rgba(150&comma; 150&comma; 150&comma; 0.4); border-radius: 8px; padding: 15px; background-color: #efefef;'> <strong style='color: inherit;'>Longitud total (mm):<\/strong> 30 <\/div>\n<div style='border: 1px solid rgba(150&comma; 150&comma; 150&comma; 0.4); border-radius: 8px; padding: 15px;'> <strong style='color: inherit;'>Tipo de producto:<\/strong> F\u00e9rulas sin recubrimiento <\/div>\n<div style='border: 1px solid rgba(150&comma; 150&comma; 150&comma; 0.4); border-radius: 8px; padding: 15px; background-color: #efefef;'> <strong style='color: inherit;'>Cumple las normas:<\/strong> Pieza 1 DIN 46228&comma; CSA C22.2 n.\u00ba 291-14 <\/div>\n<div style='border: 1px solid rgba(150&comma; 150&comma; 150&comma; 0.4); border-radius: 8px; padding: 15px;'> <strong style='color: inherit;'>Acabado\/recubrimiento:<\/strong> Esta\u00f1ado <\/div>\n<div style='border: 1px solid rgba(150&comma; 150&comma; 150&comma; 0.4); border-radius: 8px; padding: 15px; background-color: #efefef;'> <strong style='color: inherit;'>Para usar con:<\/strong> CT-3001\/ST (CD-920-F90)&comma; CT-3001\/CCP (CD-920-F90)&comma; CT-930LPCH (CD-920-F90) <\/div>\n<div style='border: 1px solid rgba(150&comma; 150&comma; 150&comma; 0.4); border-radius: 8px; padding: 15px;'> <strong style='color: inherit;'>Tipo de empaque:<\/strong> Bolso <\/div>\n<div style='border: 1px solid rgba(150&comma; 150&comma; 150&comma; 0.4); border-radius: 8px; padding: 15px; background-color: #efefef;'> <strong style='color: inherit;'>Material de base:<\/strong> Cobre <\/div>\n<div style='border: 1px solid rgba(150&comma; 150&comma; 150&comma; 0.4); border-radius: 8px; padding: 15px;'> <strong style='color: inherit;'>C\u00f3digo de color:<\/strong> Met\u00e1lico <\/div>\n<div style='border: 1px solid rgba(150&comma; 150&comma; 150&comma; 0.4); border-radius: 8px; padding: 15px; background-color: #efefef;'> <strong style='color: inherit;'>Submarca:<\/strong> Pan-Term\u2122 <\/div>\n<div style='border: 1px solid rgba(150&comma; 150&comma; 150&comma; 0.4); border-radius: 8px; padding: 15px;'> <strong style='color: inherit;'>Caracts. pza.:<\/strong> Dise\u00f1ado con un tambor integrado que contiene trenzados de cable suelto para brindar mejores terminaciones. Facilita la inserci\u00f3n del cable en el bloque de uni\u00f3n. Cumple con los est\u00e1ndares DIN&comma; UL y CSA para contenci\u00f3n de cables. Adecuado para paneles con espacio limitado. <\/div>\n<\/p><\/div>\n<\/p><\/div>\n<\/p><\/div>\n","protected":false},"excerpt":{"rendered":"<p>F?r. Cable ?nico Pan-Term F90-30-L, S\/Aisl., 3\/0 AWG, Clav. L 30 mm (1.18 Pulgadas), Paq. 50<\/p>\n","protected":false},"featured_media":15456,"comment_status":"open","ping_status":"closed","template":"","meta":[],"product_brand":[],"product_cat":[608],"product_tag":[586,25,445],"class_list":{"0":"post-15457","1":"product","2":"type-product","3":"status-publish","4":"has-post-thumbnail","6":"product_cat-herramientas-cableado-de-cobre","7":"product_tag-cableado-de-cobre","8":"product_tag-herramientas","9":"product_tag-panduit","11":"first","12":"outofstock","13":"sale","14":"shipping-taxable","15":"purchasable","16":"product-type-simple"},"_links":{"self":[{"href":"https:\/\/soydeaqui.ddns.net\/pachuca\/index.php\/wp-json\/wp\/v2\/product\/15457","targetHints":{"allow":["GET"]}}],"collection":[{"href":"https:\/\/soydeaqui.ddns.net\/pachuca\/index.php\/wp-json\/wp\/v2\/product"}],"about":[{"href":"https:\/\/soydeaqui.ddns.net\/pachuca\/index.php\/wp-json\/wp\/v2\/types\/product"}],"replies":[{"embeddable":true,"href":"https:\/\/soydeaqui.ddns.net\/pachuca\/index.php\/wp-json\/wp\/v2\/comments?post=15457"}],"wp:featuredmedia":[{"embeddable":true,"href":"https:\/\/soydeaqui.ddns.net\/pachuca\/index.php\/wp-json\/wp\/v2\/media\/15456"}],"wp:attachment":[{"href":"https:\/\/soydeaqui.ddns.net\/pachuca\/index.php\/wp-json\/wp\/v2\/media?parent=15457"}],"wp:term":[{"taxonomy":"product_brand","embeddable":true,"href":"https:\/\/soydeaqui.ddns.net\/pachuca\/index.php\/wp-json\/wp\/v2\/product_brand?post=15457"},{"taxonomy":"product_cat","embeddable":true,"href":"https:\/\/soydeaqui.ddns.net\/pachuca\/index.php\/wp-json\/wp\/v2\/product_cat?post=15457"},{"taxonomy":"product_tag","embeddable":true,"href":"https:\/\/soydeaqui.ddns.net\/pachuca\/index.php\/wp-json\/wp\/v2\/product_tag?post=15457"}],"curies":[{"name":"wp","href":"https:\/\/api.w.org\/{rel}","templated":true}]}}