{"id":15021,"date":"2026-03-18T08:44:43","date_gmt":"2026-03-18T08:44:43","guid":{"rendered":"https:\/\/soydeaqui.ddns.net\/pachuca\/index.php\/producto\/locker-para-autoservicio-cuenta-con-sistema-para-verificacion-por-codigo-qr\/"},"modified":"2026-03-18T08:44:43","modified_gmt":"2026-03-18T08:44:43","slug":"locker-para-autoservicio-cuenta-con-sistema-para-verificacion-por-codigo-qr","status":"publish","type":"product","link":"https:\/\/soydeaqui.ddns.net\/pachuca\/index.php\/producto\/locker-para-autoservicio-cuenta-con-sistema-para-verificacion-por-codigo-qr\/","title":{"rendered":"Locker para Autoservicio \/ Cuenta con Sistema para Verificaci\u00f3n por C\u00f3digo QR"},"content":{"rendered":"<div style='width: 100%; max-width: 1200px; margin: 0 auto; font-family: sans-serif; line-height: 1.6; color: inherit; background-color: transparent;'>\n<div style='display: flex; flex-wrap: wrap; gap: 30px; margin-bottom: 30px;'>\n<div style='flex: 1 1 300px; min-width: 280px;'>\n<h3 style='font-size: 22px; border-bottom: 2px solid currentColor; padding-bottom: 5px; margin-top: 0; color: inherit; opacity: 0.8;'>Caracter\u00edsticas principales<\/h3>\n<ul style='padding-left: 20px; font-size: 15px; color: inherit;'>\n<li style='margin-bottom: 5px;'>Ideal para uso fuera o dentro de horario como Auto-Servicio entre otras aplicaciones.<\/li>\n<li style='margin-bottom: 5px;'>Fabricado en Metal de alta Resistencia y Durabilidad.<\/li>\n<li style='margin-bottom: 5px;'>Acabado moderno&comma; <strong>super f\u00e1cil de usar<\/strong>.<\/li>\n<\/ul><\/div>\n<div style='flex: 1 1 300px; min-width: 280px;'>\n<h3 style='font-size: 22px; border-bottom: 2px solid currentColor; padding-bottom: 5px; margin-top: 0; color: inherit; opacity: 0.8;'>Caracter\u00edsticas generales<\/h3>\n<ul style='padding-left: 20px; font-size: 15px; color: inherit;'>\n<li style='margin-bottom: 5px;'>Cuenta con 20 gabinetes.<\/li>\n<li style='margin-bottom: 5px;'><strong>Cuenta con lector de c\u00f3digos QR.<\/strong><\/li>\n<li style='margin-bottom: 5px;'>Cumple con certificado de calidad: ISO9001:2015<\/li>\n<\/ul><\/div>\n<div style='flex: 1 1 300px; min-width: 280px;'>\n<h3 style='font-size: 22px; border-bottom: 2px solid currentColor; padding-bottom: 5px; margin-top: 0; color: inherit; opacity: 0.8;'>Caracter\u00edsticas f\u00edsicas y el\u00e9ctricas<\/h3>\n<ul style='padding-left: 20px; font-size: 15px; color: inherit;'>\n<li style='margin-bottom: 5px;'><strong>Medidas: 1860 x 1585 x 400 mm.<\/strong><\/li>\n<li style='margin-bottom: 5px;'>Color de los gabinetes: Az\u00fal<\/li>\n<li style='margin-bottom: 5px;'>Alimentaci\u00f3n: 110 o 220 Vca (Seleccionable)<\/li>\n<\/ul><\/div>\n<\/p><\/div>\n<div style='text-align: center; margin: 30px 0;'> <img style='width: 100%; max-width: 300px; height: auto; border: 1px solid rgba(150&comma;150&comma;150&comma;0.3); border-radius: 8px;' src='https:\/\/ftp3.syscom.mx\/usuarios\/fotos\/logotipos\/epcom_industrial.png' alt=''> <\/div>\n<div style='text-align: center; margin: 30px 0;'>\n<p style='font-size: 15px; color: inherit; margin: 10px 0;'>Precio solo del gabinete (Hardware). El software&comma; desarrollo y su costo del mismo corre a cargo de:<\/p>\n<p> <a href='https:\/\/www.fracx.mx\/#Contacto' target='_blank' rel='noopener' style='display: inline-block; margin-top: 15px;'> <img style='width: 100%; max-width: 250px; height: auto; border: 1px solid rgba(150&comma;150&comma;150&comma;0.3); border-radius: 8px;' src='https:\/\/ftp3.syscom.mx\/usuarios\/fespinoza\/HIKVISION\/FrameDesarrolladores\/fracx.png' alt='Imagen 4'> <\/a> <\/div>\n<\/p><\/div>\n","protected":false},"excerpt":{"rendered":"<p>Locker para Autoservicio \/ Cuenta con Sistema para Verificaci\u00f3n por C\u00f3digo QR<\/p>\n","protected":false},"featured_media":15020,"comment_status":"open","ping_status":"closed","template":"","meta":[],"product_brand":[],"product_cat":[633],"product_tag":[634,181,605],"class_list":{"0":"post-15021","1":"product","2":"type-product","3":"status-publish","4":"has-post-thumbnail","6":"product_cat-accesorios-para-rack-gabinetes","7":"product_tag-accesorios-para-rack-gabinetes","8":"product_tag-epcom-industrial","9":"product_tag-racks-y-gabinetes","11":"first","12":"instock","13":"sale","14":"shipping-taxable","15":"purchasable","16":"product-type-simple"},"_links":{"self":[{"href":"https:\/\/soydeaqui.ddns.net\/pachuca\/index.php\/wp-json\/wp\/v2\/product\/15021","targetHints":{"allow":["GET"]}}],"collection":[{"href":"https:\/\/soydeaqui.ddns.net\/pachuca\/index.php\/wp-json\/wp\/v2\/product"}],"about":[{"href":"https:\/\/soydeaqui.ddns.net\/pachuca\/index.php\/wp-json\/wp\/v2\/types\/product"}],"replies":[{"embeddable":true,"href":"https:\/\/soydeaqui.ddns.net\/pachuca\/index.php\/wp-json\/wp\/v2\/comments?post=15021"}],"wp:featuredmedia":[{"embeddable":true,"href":"https:\/\/soydeaqui.ddns.net\/pachuca\/index.php\/wp-json\/wp\/v2\/media\/15020"}],"wp:attachment":[{"href":"https:\/\/soydeaqui.ddns.net\/pachuca\/index.php\/wp-json\/wp\/v2\/media?parent=15021"}],"wp:term":[{"taxonomy":"product_brand","embeddable":true,"href":"https:\/\/soydeaqui.ddns.net\/pachuca\/index.php\/wp-json\/wp\/v2\/product_brand?post=15021"},{"taxonomy":"product_cat","embeddable":true,"href":"https:\/\/soydeaqui.ddns.net\/pachuca\/index.php\/wp-json\/wp\/v2\/product_cat?post=15021"},{"taxonomy":"product_tag","embeddable":true,"href":"https:\/\/soydeaqui.ddns.net\/pachuca\/index.php\/wp-json\/wp\/v2\/product_tag?post=15021"}],"curies":[{"name":"wp","href":"https:\/\/api.w.org\/{rel}","templated":true}]}}