{"id":14985,"date":"2026-03-18T08:44:07","date_gmt":"2026-03-18T08:44:07","guid":{"rendered":"https:\/\/soydeaqui.ddns.net\/pachuca\/index.php\/producto\/jumper-pviq-de-fibra-optica-multimodo-50-125-om4-lc-lc-duplex-lszh-color-aqua-3-metros\/"},"modified":"2026-03-18T08:44:11","modified_gmt":"2026-03-18T08:44:11","slug":"jumper-pviq-de-fibra-optica-multimodo-50-125-om4-lc-lc-duplex-lszh-color-aqua-3-metros","status":"publish","type":"product","link":"https:\/\/soydeaqui.ddns.net\/pachuca\/index.php\/producto\/jumper-pviq-de-fibra-optica-multimodo-50-125-om4-lc-lc-duplex-lszh-color-aqua-3-metros\/","title":{"rendered":"Jumper PViQ de Fibra \u00d3ptica Multimodo 50\/125 OM4, LC-LC Duplex, LSZH, Color Aqua, 3 Metros"},"content":{"rendered":"<div style='width: 100%; max-width: 1200px; margin: 0 auto; font-family: sans-serif; line-height: 1.6; color: inherit; background-color: transparent;'> <!-- Secci\u00f3n de descripci\u00f3n general --> <\/p>\n<div style='margin-bottom: 30px; font-size: 15px; color: inherit;'>\n<p>Los cables de conexi\u00f3n de fibra se fabricar\u00e1n con materiales l\u00edderes en la industria. Cuentan en cada extremo con un conector LC de rendimiento mejorado. Est\u00e1n disponibles en configuraci\u00f3n monomodo y multimodo. Los cables de conexi\u00f3n de fibra se utilizan con el sistema PanView iQ\u2122.<\/p>\n<p>Los cables de conexi\u00f3n PViQ\u2122 Fiber Patch Cords son componentes del sistema PViQ\u2122. Con rendimiento certificado a TIA\/EIA-568-C.3&comma; estos cables son ideales para aplicaciones de fibra de alto rendimiento. El conductor met\u00e1lico permite una monitorizaci\u00f3n robusta del campo de parcheo de fibra con el sistema PViQ\u2122.<\/p>\n<\/p><\/div>\n<p> <!-- Secci\u00f3n de especificaciones t\u00e9cnicas --> <\/p>\n<div style='display: flex; flex-wrap: wrap; gap: 30px; margin-bottom: 30px;'>\n<div style='flex: 1 1 300px; min-width: 280px;'>\n<h3 style='font-size: 22px; border-bottom: 2px solid currentColor; padding-bottom: 5px; margin-top: 0; color: inherit; opacity: 0.8;'>Especificaciones T\u00e9cnicas<\/h3>\n<ul style='padding-left: 20px; font-size: 15px; color: inherit;'>\n<li style='margin-bottom: 5px;'><strong>Clasificaci\u00f3n:<\/strong> LSZH<\/li>\n<li style='margin-bottom: 5px;'><strong>Tipo de Fibra:<\/strong> Multimodo OM4 50\/125<\/li>\n<li style='margin-bottom: 5px;'><strong>Tipo de Conectores:<\/strong> LC Duplex<\/li>\n<li style='margin-bottom: 5px;'><strong>Color:<\/strong> Aqua<\/li>\n<li style='margin-bottom: 5px;'><strong>P\u00e9rdida m\u00e1xima de inserci\u00f3n del conector (dB):<\/strong> 0.25<\/li>\n<li style='margin-bottom: 5px;'><strong>P\u00e9rdida m\u00ednima de retorno del conector (dB):<\/strong> 26<\/li>\n<li style='margin-bottom: 5px;'><strong>Longitud total (m):<\/strong> 3<\/li>\n<li style='margin-bottom: 5px;'><strong>Di\u00e1metro de la fibra (\u00b5m):<\/strong> 50<\/li>\n<li style='margin-bottom: 5px;'><strong>Est\u00e1ndares:<\/strong> TIA\/EIA-568-C.3&comma; ISO\/IEC 11801&comma; IEC-61754-7&comma; TIA-604-10 (FOCIS-10)<\/li>\n<\/ul><\/div>\n<p> <!-- Secci\u00f3n de caracter\u00edsticas --> <\/p>\n<div style='flex: 1 1 300px; min-width: 280px;'>\n<h3 style='font-size: 22px; border-bottom: 2px solid currentColor; padding-bottom: 5px; margin-top: 0; color: inherit; opacity: 0.8;'>Caracter\u00edsticas<\/h3>\n<ul style='padding-left: 20px; font-size: 15px; color: inherit;'>\n<li style='margin-bottom: 5px;'>Conectores LC de alto rendimiento en cada extremo<\/li>\n<li style='margin-bottom: 5px;'>Materiales l\u00edderes en la industria<\/li>\n<li style='margin-bottom: 5px;'>Clasificaci\u00f3n LSZH para m\u00e1xima seguridad<\/li>\n<li style='margin-bottom: 5px;'>Conductor met\u00e1lico para continuidad el\u00e9ctrica<\/li>\n<li style='margin-bottom: 5px;'>Disponible en incrementos de 0.5 metros desde 0.5 hasta 10 metros<\/li>\n<li style='margin-bottom: 5px;'>Datos de p\u00e9rdida de inserci\u00f3n documentados para cada cable<\/li>\n<li style='margin-bottom: 5px;'>Trazabilidad de datos con n\u00famero de control de calidad en cada cable<\/li>\n<\/ul><\/div>\n<p> <!-- Secci\u00f3n de aplicaciones --> <\/p>\n<div style='flex: 1 1 300px; min-width: 280px;'>\n<h3 style='font-size: 22px; border-bottom: 2px solid currentColor; padding-bottom: 5px; margin-top: 0; color: inherit; opacity: 0.8;'>Aplicaciones<\/h3>\n<ul style='padding-left: 20px; font-size: 15px; color: inherit;'>\n<li style='margin-bottom: 5px;'>Sistema PanView iQ\u2122<\/li>\n<li style='margin-bottom: 5px;'>Monitoreo en tiempo real del campo de parcheo<\/li>\n<li style='margin-bottom: 5px;'>Gesti\u00f3n de conectividad f\u00edsica<\/li>\n<li style='margin-bottom: 5px;'>Aplicaciones de fibra de alto rendimiento<\/li>\n<li style='margin-bottom: 5px;'>Gesti\u00f3n de seguridad y capacidad<\/li>\n<\/ul><\/div>\n<\/p><\/div>\n<p> <!-- Secci\u00f3n de especificaciones adicionales --> <\/p>\n<div style='display: flex; flex-wrap: wrap; gap: 20px; margin-bottom: 30px;'>\n<div style='flex: 1 1 250px; border: 1px solid rgba(150&comma; 150&comma; 150&comma; 0.4); border-radius: 8px; overflow: hidden; display: flex; flex-direction: column;'>\n<div style='padding: 15px; border-bottom: 1px solid rgba(150&comma; 150&comma; 150&comma; 0.2); font-weight: bold; font-size: 18px; color: inherit;'>Rendimiento<\/div>\n<div style='padding: 15px; color: inherit;'>\n<ul style='padding-left: 20px; margin: 0; font-size: 14px; list-style-type: disc;'>\n<li style='margin-bottom: 5px;'><strong>P\u00e9rdida de inserci\u00f3n:<\/strong> 0.25dB m\u00e1x (OM3&comma; OM4)<\/li>\n<li style='margin-bottom: 5px;'><strong>P\u00e9rdida de retorno:<\/strong> 26dB m\u00edn (10Gig\u2122 multimodo)<\/li>\n<li style='margin-bottom: 5px;'><strong>Clasificaci\u00f3n de llama:<\/strong> UL 1666 (OFNR) o NFPA 262 (OFNP)<\/li>\n<\/ul><\/div>\n<\/p><\/div>\n<div style='flex: 1 1 250px; border: 1px solid rgba(150&comma; 150&comma; 150&comma; 0.4); border-radius: 8px; overflow: hidden; display: flex; flex-direction: column;'>\n<div style='padding: 15px; border-bottom: 1px solid rgba(150&comma; 150&comma; 150&comma; 0.2); font-weight: bold; font-size: 18px; color: inherit;'>Identificaci\u00f3n<\/div>\n<div style='padding: 15px; color: inherit;'>\n<ul style='padding-left: 20px; margin: 0; font-size: 14px; list-style-type: disc;'>\n<li style='margin-bottom: 5px;'><strong>Impresi\u00f3n en cable:<\/strong> Identificaci\u00f3n del sistema PViQ\u2122<\/li>\n<li style='margin-bottom: 5px;'><strong>Capuch\u00f3n de protecci\u00f3n:<\/strong> Incluido<\/li>\n<\/ul><\/div>\n<\/p><\/div>\n<div style='flex: 1 1 250px; border: 1px solid rgba(150&comma; 150&comma; 150&comma; 0.4); border-radius: 8px; overflow: hidden; display: flex; flex-direction: column;'>\n<div style='padding: 15px; border-bottom: 1px solid rgba(150&comma; 150&comma; 150&comma; 0.2); font-weight: bold; font-size: 18px; color: inherit;'>Opciones de Longitud<\/div>\n<div style='padding: 15px; color: inherit;'>\n<ul style='padding-left: 20px; margin: 0; font-size: 14px; list-style-type: disc;'>\n<li style='margin-bottom: 5px;'><strong>Incrementos:<\/strong> 0.5 metros<\/li>\n<li style='margin-bottom: 5px;'><strong>Rango:<\/strong> 0.5 a 10 metros<\/li>\n<\/ul><\/div>\n<\/p><\/div>\n<\/p><\/div>\n<p> <!-- Separador --> <\/p>\n<hr style='border: 0; border-top: 1px solid rgba(150&comma; 150&comma; 150&comma; 0.3); margin: 30px 0;'> <!-- Secci\u00f3n de informaci\u00f3n adicional --> <\/p>\n<div style='margin-bottom: 30px; font-size: 15px; color: inherit;'>\n<h3 style='font-size: 22px; border-bottom: 2px solid currentColor; padding-bottom: 5px; margin-top: 0; color: inherit; opacity: 0.8;'>Informaci\u00f3n Adicional<\/h3>\n<p><strong>Compatibilidad:<\/strong> Los cables PViQ\u2122 Fiber Patch Cords son compatibles con el sistema PanView iQ\u2122&comma; incluyendo paneles inteligentes&comma; m\u00f3dulos y cableado. Se integran perfectamente con la plataforma de Gesti\u00f3n de Infraestructura F\u00edsica (PIM\u2122) para proporcionar monitoreo continuo en tiempo real del campo de parcheo.<\/p>\n<p><strong>Garant\u00eda:<\/strong> Para obtener informaci\u00f3n sobre la garant\u00eda de los productos Panduit&comma; visite <a href='https:\/\/www.panduit.com\/warranty' style='color: inherit; text-decoration: underline;'>www.panduit.com\/warranty<\/a><\/p>\n<p><strong>Soporte:<\/strong> Para soporte t\u00e9cnico adicional&comma; contacte al servicio al cliente de Panduit por correo electr\u00f3nico: <a href='mailto:cs@panduit.com' style='color: inherit; text-decoration: underline;'>cs@panduit.com<\/a> o por tel\u00e9fono: 800.777.3300<\/p>\n<\/p><\/div>\n<\/p><\/div>\n","protected":false},"excerpt":{"rendered":"<p>Jumper PViQ de Fibra \u00d3ptica Multimodo 50\/125 OM4, LC-LC Duplex, LSZH, Color Aqua, 3 Metros<\/p>\n","protected":false},"featured_media":14984,"comment_status":"open","ping_status":"closed","template":"","meta":[],"product_brand":[],"product_cat":[617],"product_tag":[611,618,445],"class_list":{"0":"post-14985","1":"product","2":"type-product","3":"status-publish","4":"has-post-thumbnail","6":"product_cat-jumpers-y-pigtails","7":"product_tag-fibra-optica","8":"product_tag-jumpers-y-pigtails","9":"product_tag-panduit","11":"first","12":"outofstock","13":"sale","14":"shipping-taxable","15":"purchasable","16":"product-type-simple"},"_links":{"self":[{"href":"https:\/\/soydeaqui.ddns.net\/pachuca\/index.php\/wp-json\/wp\/v2\/product\/14985","targetHints":{"allow":["GET"]}}],"collection":[{"href":"https:\/\/soydeaqui.ddns.net\/pachuca\/index.php\/wp-json\/wp\/v2\/product"}],"about":[{"href":"https:\/\/soydeaqui.ddns.net\/pachuca\/index.php\/wp-json\/wp\/v2\/types\/product"}],"replies":[{"embeddable":true,"href":"https:\/\/soydeaqui.ddns.net\/pachuca\/index.php\/wp-json\/wp\/v2\/comments?post=14985"}],"wp:featuredmedia":[{"embeddable":true,"href":"https:\/\/soydeaqui.ddns.net\/pachuca\/index.php\/wp-json\/wp\/v2\/media\/14984"}],"wp:attachment":[{"href":"https:\/\/soydeaqui.ddns.net\/pachuca\/index.php\/wp-json\/wp\/v2\/media?parent=14985"}],"wp:term":[{"taxonomy":"product_brand","embeddable":true,"href":"https:\/\/soydeaqui.ddns.net\/pachuca\/index.php\/wp-json\/wp\/v2\/product_brand?post=14985"},{"taxonomy":"product_cat","embeddable":true,"href":"https:\/\/soydeaqui.ddns.net\/pachuca\/index.php\/wp-json\/wp\/v2\/product_cat?post=14985"},{"taxonomy":"product_tag","embeddable":true,"href":"https:\/\/soydeaqui.ddns.net\/pachuca\/index.php\/wp-json\/wp\/v2\/product_tag?post=14985"}],"curies":[{"name":"wp","href":"https:\/\/api.w.org\/{rel}","templated":true}]}}