{"id":14920,"date":"2026-03-18T08:42:54","date_gmt":"2026-03-18T08:42:54","guid":{"rendered":"https:\/\/soydeaqui.ddns.net\/pachuca\/index.php\/producto\/tapa-para-canaleta-ranurada-de-2-25-in-de-ancho-1828-8-mm-de-largo-color-gris\/"},"modified":"2026-03-18T08:42:55","modified_gmt":"2026-03-18T08:42:55","slug":"tapa-para-canaleta-ranurada-de-2-25-in-de-ancho-1828-8-mm-de-largo-color-gris","status":"publish","type":"product","link":"https:\/\/soydeaqui.ddns.net\/pachuca\/index.php\/producto\/tapa-para-canaleta-ranurada-de-2-25-in-de-ancho-1828-8-mm-de-largo-color-gris\/","title":{"rendered":"Tapa para Canaleta Ranurada, de 2.25 in de Ancho, 1828.8 mm de Largo, Color Gris"},"content":{"rendered":"<div style='width: 100%; max-width: 1200px; margin: 0 auto; font-family: sans-serif; line-height: 1.6; color: inherit; background-color: transparent;'> <!-- Caracter\u00edsticas principales --> <\/p>\n<div style='display: flex; flex-wrap: wrap; gap: 30px; margin-bottom: 30px;'>\n<div style='flex: 1 1 300px; min-width: 280px;'>\n<h3 style='font-size: 22px; border-bottom: 2px solid currentColor; padding-bottom: 5px; margin-top: 0; color: inherit; opacity: 0.8;'>Caracter\u00edsticas Principales<\/h3>\n<ul style='padding-left: 20px; font-size: 15px; color: inherit;'>\n<li style='margin-bottom: 5px;'>Material: PVC sin Plomo<\/li>\n<li style='margin-bottom: 5px;'>Color: Gris<\/li>\n<li style='margin-bottom: 5px;'>Compatibilidad con Ductos: 2.25 in de Ancho<\/li>\n<li style='margin-bottom: 5px;'>Tipo: Tapa<\/li>\n<li style='margin-bottom: 5px;'>Largo: 1828.8 mm<\/li>\n<li style='margin-bottom: 5px;'>Temperatura de uso: 50 \u00baC<\/li>\n<li style='margin-bottom: 5px;'>Grado de flamabilidad: UL94 V-0<\/li>\n<\/ul><\/div>\n<\/p><\/div>\n<p> <!-- Especificaciones t\u00e9cnicas --> <\/p>\n<div style='display: flex; flex-wrap: wrap; gap: 20px; margin-bottom: 30px;'>\n<div style='flex: 1 1 250px; border: 1px solid rgba(150&comma; 150&comma; 150&comma; 0.4); border-radius: 8px; overflow: hidden; display: flex; flex-direction: column;'>\n<div style='padding: 15px; border-bottom: 1px solid rgba(150&comma; 150&comma; 150&comma; 0.2); font-weight: bold; font-size: 18px; color: inherit;'>Construcci\u00f3n<\/div>\n<div style='padding: 15px; color: inherit;'>\n<ul style='padding-left: 20px; margin: 0; font-size: 14px; list-style-type: disc;'>\n<li style='margin-bottom: 5px;'><strong>Material:<\/strong> PVC sin Plomo<\/li>\n<li style='margin-bottom: 5px;'><strong>Material de la pel\u00edcula:<\/strong> Multi-pol\u00edmero transparente<\/li>\n<li style='margin-bottom: 5px;'><strong>Adhesivo:<\/strong> Base acr\u00edlica<\/li>\n<li style='margin-bottom: 5px;'><strong>Espesor total:<\/strong> 2.0 mil (0.05mm)<\/li>\n<\/ul><\/div>\n<\/p><\/div>\n<div style='flex: 1 1 250px; border: 1px solid rgba(150&comma; 150&comma; 150&comma; 0.4); border-radius: 8px; overflow: hidden; display: flex; flex-direction: column;'>\n<div style='padding: 15px; border-bottom: 1px solid rgba(150&comma; 150&comma; 150&comma; 0.2); font-weight: bold; font-size: 18px; color: inherit;'>Propiedades F\u00edsicas<\/div>\n<div style='padding: 15px; color: inherit;'>\n<ul style='padding-left: 20px; margin: 0; font-size: 14px; list-style-type: disc;'>\n<li style='margin-bottom: 5px;'><strong>Punto de fusi\u00f3n:<\/strong> >180\u00b0F (82\u00b0C)<\/li>\n<li style='margin-bottom: 5px;'><strong>Resistencia a la tensi\u00f3n:<\/strong> 4500 PSI<\/li>\n<li style='margin-bottom: 5px;'><strong>Elongaci\u00f3n:<\/strong> 600%<\/li>\n<\/ul><\/div>\n<\/p><\/div>\n<div style='flex: 1 1 250px; border: 1px solid rgba(150&comma; 150&comma; 150&comma; 0.4); border-radius: 8px; overflow: hidden; display: flex; flex-direction: column;'>\n<div style='padding: 15px; border-bottom: 1px solid rgba(150&comma; 150&comma; 150&comma; 0.2); font-weight: bold; font-size: 18px; color: inherit;'>Almacenamiento<\/div>\n<div style='padding: 15px; color: inherit;'>\n<ul style='padding-left: 20px; margin: 0; font-size: 14px; list-style-type: disc;'>\n<li style='margin-bottom: 5px;'><strong>Temperatura:<\/strong> Ambiente seco a temperatura ambiente<\/li>\n<li style='margin-bottom: 5px;'><strong>Vida \u00fatil:<\/strong> 12 meses para mejor desempe\u00f1o<\/li>\n<\/ul><\/div>\n<\/p><\/div>\n<\/p><\/div>\n<p> <!-- Aplicaciones --> <\/p>\n<div style='margin-bottom: 30px;'>\n<h3 style='font-size: 22px; border-bottom: 2px solid currentColor; padding-bottom: 5px; margin-top: 0; color: inherit; opacity: 0.8;'>Aplicaciones<\/h3>\n<p style='font-size: 15px; color: inherit; margin-top: 10px; margin-bottom: 20px;'>La pel\u00edcula protectora protege la superficie de la tapa durante el almacenamiento&comma; manipulaci\u00f3n e instalaci\u00f3n&comma; reduciendo el desperdicio y los costos de mano de obra. La pel\u00edcula permanece adherida durante el corte y se retira f\u00e1cilmente sin dejar residuos pegajosos&comma; logrando instalaciones m\u00e1s r\u00e1pidas y limpias. Proporciona una superficie para anotaciones que mejora la productividad.<\/p>\n<\/p><\/div>\n<p> <!-- Informaci\u00f3n dimensional --> <\/p>\n<div style='display: flex; flex-wrap: wrap; gap: 20px; margin-bottom: 30px;'>\n<div style='flex: 1 1 250px; border: 1px solid rgba(150&comma; 150&comma; 150&comma; 0.4); border-radius: 8px; overflow: hidden; display: flex; flex-direction: column;'>\n<div style='padding: 15px; border-bottom: 1px solid rgba(150&comma; 150&comma; 150&comma; 0.2); font-weight: bold; font-size: 18px; color: inherit;'>Dimensiones<\/div>\n<div style='padding: 15px; color: inherit;'>\n<ul style='padding-left: 20px; margin: 0; font-size: 14px; list-style-type: disc;'>\n<li style='margin-bottom: 5px;'><strong>Ancho:<\/strong> 2.25 in (57.15 mm)<\/li>\n<li style='margin-bottom: 5px;'><strong>Largo:<\/strong> 1828.8 mm (72 in)<\/li>\n<li style='margin-bottom: 5px;'><strong>Espesor:<\/strong> 2.0 mil (0.05mm)<\/li>\n<\/ul><\/div>\n<\/p><\/div>\n<div style='flex: 1 1 250px; border: 1px solid rgba(150&comma; 150&comma; 150&comma; 0.4); border-radius: 8px; overflow: hidden; display: flex; flex-direction: column;'>\n<div style='padding: 15px; border-bottom: 1px solid rgba(150&comma; 150&comma; 150&comma; 0.2); font-weight: bold; font-size: 18px; color: inherit;'>Identificaci\u00f3n<\/div>\n<div style='padding: 15px; color: inherit;'>\n<ul style='padding-left: 20px; margin: 0; font-size: 14px; list-style-type: disc;'>\n<li style='margin-bottom: 5px;'><strong>C\u00f3digo de color:<\/strong> LG (Gris Claro)<\/li>\n<li style='margin-bottom: 5px;'><strong>Disponibilidad:<\/strong> Negro (BL)&comma; Blanco (WH)&comma; Azul (IB)<\/li>\n<\/ul><\/div>\n<\/p><\/div>\n<\/p><\/div>\n<p> <!-- Beneficios --> <\/p>\n<div style='margin-bottom: 30px;'>\n<h3 style='font-size: 22px; border-bottom: 2px solid currentColor; padding-bottom: 5px; margin-top: 0; color: inherit; opacity: 0.8;'>Beneficios<\/h3>\n<ul style='padding-left: 20px; font-size: 15px; color: inherit; margin-top: 10px;'>\n<li style='margin-bottom: 5px;'>Protecci\u00f3n contra rayones y suciedad durante todo el proceso de instalaci\u00f3n<\/li>\n<li style='margin-bottom: 5px;'>Adhesivo acr\u00edlico que permanece adherido durante el corte<\/li>\n<li style='margin-bottom: 5px;'>F\u00e1cil remoci\u00f3n sin residuos pegajosos<\/li>\n<li style='margin-bottom: 5px;'>Superficie para anotaciones que mejora la comunicaci\u00f3n entre instaladores<\/li>\n<li style='margin-bottom: 5px;'>Material transparente para f\u00e1cil identificaci\u00f3n del color del producto<\/li>\n<\/ul><\/div>\n<p> <!-- Separador --> <\/p>\n<hr style='border: 0; border-top: 1px solid rgba(150&comma; 150&comma; 150&comma; 0.3); margin: 30px 0;'> <\/div>\n","protected":false},"excerpt":{"rendered":"<p>Tapa para Canaleta Ranurada, de 2.25 in de Ancho, 1828.8 mm de Largo, Color Gris<\/p>\n","protected":false},"featured_media":14919,"comment_status":"open","ping_status":"closed","template":"","meta":[],"product_brand":[],"product_cat":[571],"product_tag":[573,572,445],"class_list":{"0":"post-14920","1":"product","2":"type-product","3":"status-publish","4":"has-post-thumbnail","6":"product_cat-accesorios-para-canaletas","7":"product_tag-accesorios-para-canaletas","8":"product_tag-canalizacion","9":"product_tag-panduit","11":"first","12":"outofstock","13":"sale","14":"shipping-taxable","15":"purchasable","16":"product-type-simple"},"_links":{"self":[{"href":"https:\/\/soydeaqui.ddns.net\/pachuca\/index.php\/wp-json\/wp\/v2\/product\/14920","targetHints":{"allow":["GET"]}}],"collection":[{"href":"https:\/\/soydeaqui.ddns.net\/pachuca\/index.php\/wp-json\/wp\/v2\/product"}],"about":[{"href":"https:\/\/soydeaqui.ddns.net\/pachuca\/index.php\/wp-json\/wp\/v2\/types\/product"}],"replies":[{"embeddable":true,"href":"https:\/\/soydeaqui.ddns.net\/pachuca\/index.php\/wp-json\/wp\/v2\/comments?post=14920"}],"wp:featuredmedia":[{"embeddable":true,"href":"https:\/\/soydeaqui.ddns.net\/pachuca\/index.php\/wp-json\/wp\/v2\/media\/14919"}],"wp:attachment":[{"href":"https:\/\/soydeaqui.ddns.net\/pachuca\/index.php\/wp-json\/wp\/v2\/media?parent=14920"}],"wp:term":[{"taxonomy":"product_brand","embeddable":true,"href":"https:\/\/soydeaqui.ddns.net\/pachuca\/index.php\/wp-json\/wp\/v2\/product_brand?post=14920"},{"taxonomy":"product_cat","embeddable":true,"href":"https:\/\/soydeaqui.ddns.net\/pachuca\/index.php\/wp-json\/wp\/v2\/product_cat?post=14920"},{"taxonomy":"product_tag","embeddable":true,"href":"https:\/\/soydeaqui.ddns.net\/pachuca\/index.php\/wp-json\/wp\/v2\/product_tag?post=14920"}],"curies":[{"name":"wp","href":"https:\/\/api.w.org\/{rel}","templated":true}]}}