{"id":14691,"date":"2026-03-18T08:39:01","date_gmt":"2026-03-18T08:39:01","guid":{"rendered":"https:\/\/soydeaqui.ddns.net\/pachuca\/index.php\/producto\/jumper-de-fibra-optica-bladepatch-monomodo-os1-2-xglo-riser-lc-upc-lc-upc-duplex-ofnr-color-amarillo-10-metros\/"},"modified":"2026-03-18T08:39:03","modified_gmt":"2026-03-18T08:39:03","slug":"jumper-de-fibra-optica-bladepatch-monomodo-os1-2-xglo-riser-lc-upc-lc-upc-duplex-ofnr-color-amarillo-10-metros","status":"publish","type":"product","link":"https:\/\/soydeaqui.ddns.net\/pachuca\/index.php\/producto\/jumper-de-fibra-optica-bladepatch-monomodo-os1-2-xglo-riser-lc-upc-lc-upc-duplex-ofnr-color-amarillo-10-metros\/","title":{"rendered":"Jumper de Fibra \u00d3ptica BladePatch Monomodo OS1\/2, XGLO, Riser, LC\/UPC-LC\/UPC Duplex, OFNR, Color Amarillo, 10 Metros"},"content":{"rendered":"<div style='width: 100%; max-width: 1200px; margin: 0 auto; font-family: sans-serif; line-height: 1.6; color: inherit; background-color: transparent;'>\n<div style='display: flex; flex-wrap: wrap; gap: 30px; margin-bottom: 30px;'>\n<div style='flex: 1 1 300px; min-width: 280px;'>\n<h3 style='font-size: 22px; border-bottom: 2px solid currentColor; padding-bottom: 5px; margin-top: 0; color: inherit; opacity: 0.8;'>Caracter\u00edsticas Generales<\/h3>\n<p style='font-size: 15px; color: inherit; margin-top: 0; margin-bottom: 15px;'>El conector d\u00faplex BladePatch\u00ae LC de Siemon ofrece una soluci\u00f3n \u00fanica para entornos de conexi\u00f3n de fibra \u00f3ptica de alta densidad. Cuenta con un revolucionario e innovador dise\u00f1o de bota&comma; push-pull&comma; para controlar el broche del seguro&comma; posibilitando el f\u00e1cil acceso y remoci\u00f3n en zonas muy estrechas. El LC BladePatch utiliza un dise\u00f1o de cable de menor di\u00e1metro unitubo&comma; que reduce la congesti\u00f3n de la ruta del cable de fibra&comma; mejora el flujo de aire e incrementa la eficiencia energ\u00e9tica&comma; al tiempo que simplifica la gesti\u00f3n total del cable de fibra.<\/p>\n<p style='font-size: 15px; color: inherit; margin-top: 0; margin-bottom: 15px;'>El LC BladePatch proporciona un desempe\u00f1o que permite la f\u00e1cil administraci\u00f3n en fibras multimodo y monomodo&comma; y as\u00ed soportar los requerimientos precisos de desempe\u00f1o \u00f3ptico para redes de alta velocidad lo que mejora el rendimiento de la red. El LC BladePatch es ideal para la conexi\u00f3n de Servidores Blade de alta densidad&comma; paneles de conexi\u00f3n y equipos. Los ensambles de cables de fibra \u00f3ptica XGLO\u00ae son ideales para soportar aplicaciones de fibra 10 Gigabit para distancias extensas y redes troncales o de cableado vertical de pr\u00f3xima generaci\u00f3n.<\/p>\n<\/p><\/div>\n<\/p><\/div>\n<div style='display: flex; flex-wrap: wrap; gap: 20px; margin-bottom: 30px;'>\n<div style='flex: 1 1 250px; border: 1px solid rgba(150&comma; 150&comma; 150&comma; 0.4); border-radius: 8px; overflow: hidden; display: flex; flex-direction: column;'>\n<div style='padding: 15px; border-bottom: 1px solid rgba(150&comma; 150&comma; 150&comma; 0.2); font-weight: bold; font-size: 18px; color: inherit;'>Especificaciones<\/div>\n<div style='padding: 15px; color: inherit;'>\n<ul style='padding-left: 20px; margin: 0; font-size: 14px; list-style-type: disc;'>\n<li style='margin-bottom: 5px;'><strong>Tipo de Fibra:<\/strong> Monomodo (OS1\/OS2)<\/li>\n<li style='margin-bottom: 5px;'><strong>Forro:<\/strong> OFNR (Riser)<\/li>\n<\/ul><\/div>\n<\/p><\/div>\n<\/p><\/div>\n<div style='display: flex; flex-wrap: wrap; gap: 30px; margin-bottom: 30px;'>\n<div style='flex: 1 1 300px; min-width: 280px;'>\n<h3 style='font-size: 22px; border-bottom: 2px solid currentColor; padding-bottom: 5px; margin-top: 0; color: inherit; opacity: 0.8;'>Especificaciones de Rendimiento<\/h3>\n<p> <img style='width: 100%; height: auto; border: 1px solid rgba(150&comma;150&comma;150&comma;0.3); border-radius: 8px; margin-top: 15px;' src='http:\/\/ftp3.syscom.mx\/usuarios\/fotos\/FJ2LCLC5L02AQ\/88313-foto.jpg' alt=''> <\/div>\n<\/p><\/div>\n<div style='display: flex; flex-wrap: wrap; gap: 30px; margin-bottom: 30px;'>\n<div style='flex: 1 1 300px; min-width: 280px;'>\n<h3 style='font-size: 22px; border-bottom: 2px solid currentColor; padding-bottom: 5px; margin-top: 0; color: inherit; opacity: 0.8;'>Imagen del Producto<\/h3>\n<p> <img style='width: 100%; height: auto; border: 1px solid rgba(150&comma;150&comma;150&comma;0.3); border-radius: 8px; margin-top: 15px;' src='http:\/\/ftp3.syscom.mx\/usuarios\/fotos\/FBPLCLC5V03AQ\/88315-foto.jpg' alt=''> <\/div>\n<\/p><\/div>\n<hr style='border: 0; border-top: 1px solid rgba(150&comma; 150&comma; 150&comma; 0.3); margin: 30px 0;'> <\/div>\n","protected":false},"excerpt":{"rendered":"<p>Jumper de Fibra \u00d3ptica BladePatch Monomodo OS1\/2, XGLO, Riser, LC\/UPC-LC\/UPC Duplex, OFNR, Color Amarillo, 10 Metros<\/p>\n","protected":false},"featured_media":14690,"comment_status":"open","ping_status":"closed","template":"","meta":[],"product_brand":[],"product_cat":[617],"product_tag":[611,618,600],"class_list":{"0":"post-14691","1":"product","2":"type-product","3":"status-publish","4":"has-post-thumbnail","6":"product_cat-jumpers-y-pigtails","7":"product_tag-fibra-optica","8":"product_tag-jumpers-y-pigtails","9":"product_tag-siemon","11":"first","12":"outofstock","13":"sale","14":"shipping-taxable","15":"purchasable","16":"product-type-simple"},"_links":{"self":[{"href":"https:\/\/soydeaqui.ddns.net\/pachuca\/index.php\/wp-json\/wp\/v2\/product\/14691","targetHints":{"allow":["GET"]}}],"collection":[{"href":"https:\/\/soydeaqui.ddns.net\/pachuca\/index.php\/wp-json\/wp\/v2\/product"}],"about":[{"href":"https:\/\/soydeaqui.ddns.net\/pachuca\/index.php\/wp-json\/wp\/v2\/types\/product"}],"replies":[{"embeddable":true,"href":"https:\/\/soydeaqui.ddns.net\/pachuca\/index.php\/wp-json\/wp\/v2\/comments?post=14691"}],"wp:featuredmedia":[{"embeddable":true,"href":"https:\/\/soydeaqui.ddns.net\/pachuca\/index.php\/wp-json\/wp\/v2\/media\/14690"}],"wp:attachment":[{"href":"https:\/\/soydeaqui.ddns.net\/pachuca\/index.php\/wp-json\/wp\/v2\/media?parent=14691"}],"wp:term":[{"taxonomy":"product_brand","embeddable":true,"href":"https:\/\/soydeaqui.ddns.net\/pachuca\/index.php\/wp-json\/wp\/v2\/product_brand?post=14691"},{"taxonomy":"product_cat","embeddable":true,"href":"https:\/\/soydeaqui.ddns.net\/pachuca\/index.php\/wp-json\/wp\/v2\/product_cat?post=14691"},{"taxonomy":"product_tag","embeddable":true,"href":"https:\/\/soydeaqui.ddns.net\/pachuca\/index.php\/wp-json\/wp\/v2\/product_tag?post=14691"}],"curies":[{"name":"wp","href":"https:\/\/api.w.org\/{rel}","templated":true}]}}