{"id":14632,"date":"2026-03-18T08:38:05","date_gmt":"2026-03-18T08:38:05","guid":{"rendered":"https:\/\/soydeaqui.ddns.net\/pachuca\/index.php\/producto\/curva-vertical-exterior-de-aluminio-de-90-perfil-z-peralte-3-1-4-ancho-6-radio-8-incluye-tornilleria\/"},"modified":"2026-03-18T08:38:09","modified_gmt":"2026-03-18T08:38:09","slug":"curva-vertical-exterior-de-aluminio-de-90-perfil-z-peralte-3-1-4-ancho-6-radio-8-incluye-tornilleria","status":"publish","type":"product","link":"https:\/\/soydeaqui.ddns.net\/pachuca\/index.php\/producto\/curva-vertical-exterior-de-aluminio-de-90-perfil-z-peralte-3-1-4-ancho-6-radio-8-incluye-tornilleria\/","title":{"rendered":"Curva Vertical Exterior de Aluminio de 90\u00b0 Perfil Z \/ Peralte 3 1\/4&#8243; \/ Ancho 6&#8243; \/ Radio 8&#8243; \/ Incluye Torniller\u00eda"},"content":{"rendered":"<div style='width: 100%; max-width: 1200px; margin: 0 auto; font-family: sans-serif; line-height: 1.6; color: inherit; background-color: transparent;'>\n<div style='display: flex; flex-wrap: wrap; gap: 30px; margin-bottom: 30px;'>\n<div style='flex: 1 1 300px; min-width: 280px;'>\n<h3 style='font-size: 22px; border-bottom: 2px solid currentColor; padding-bottom: 5px; margin-top: 0; color: inherit; opacity: 0.8;'>Caracter\u00edsticas<\/h3>\n<ul style='padding-left: 20px; font-size: 15px; color: inherit;'>\n<li style='margin-bottom: 5px;'>Curva vertical exterior de Aluminio portacables <strong>Perfil Z<\/strong><\/li>\n<li style='margin-bottom: 5px;'><strong>Peralte (Alto)<\/strong> 3 1\/4 Pulgadas<\/li>\n<li style='margin-bottom: 5px;'><strong>Ancho<\/strong> 6 Pulgadas<\/li>\n<li style='margin-bottom: 5px;'>Instalaci\u00f3n en ambientes: interiores&comma; exteriores&comma; salinos&comma; marinos&comma; industria pesada&comma; ambientes h\u00famedos&comma; sector comercial y lugares con ambientes controlados<\/li>\n<li style='margin-bottom: 5px;'>Considerar derivaciones para cambios de trayectoria y cuidar el radio de curvatura seg\u00fan el cableado<\/li>\n<li style='margin-bottom: 5px;'>Cumple con normas: <strong>NEMA-VE1&comma; NEMA-VE2&comma; NMX-J-511ANCE<\/strong><\/li>\n<\/ul><\/div>\n<\/p><\/div>\n<div style='width: 100%; margin: 30px 0;'> <img style='width: 100%; height: auto; border: 1px solid rgba(150&comma;150&comma;150&comma;0.3); border-radius: 8px;' src='https:\/\/ftp3.syscom.mx\/usuarios\/fotos\/CHE89PX6AK\/171251-charup.jpg' alt=''> <\/div>\n<div style='display: flex; flex-wrap: wrap; gap: 30px; margin-bottom: 30px;'>\n<div style='flex: 1 1 300px; min-width: 280px;'>\n<h3 style='font-size: 22px; border-bottom: 2px solid currentColor; padding-bottom: 5px; margin-top: 0; color: inherit; opacity: 0.8;'>Descripci\u00f3n<\/h3>\n<p style='color: inherit;'> La Escalera de Aluminio portacables para cableado estructurado es un componente utilizado en la instalaci\u00f3n de redes de telecomunicaciones y sistemas de cableado en edificios comerciales y data centers. Su funci\u00f3n principal es proporcionar soporte y sistema de gesti\u00f3n para los cables y conductos en la infraestructura de cableado de un espacio. <\/p>\n<p style='color: inherit;'> Consta de travesa\u00f1os o barras horizontales que se conectan a soportes verticales. Se instala en paredes o techos del edificio&comma; proporcionando una estructura para colocar y asegurar cables de manera ordenada&comma; facilitando identificaci\u00f3n&comma; reemplazo o mantenimiento&comma; adem\u00e1s contribuye a la gesti\u00f3n eficiente del flujo de aire y disipaci\u00f3n de calor en sistemas de cableado. <\/p>\n<\/p><\/div>\n<\/p><\/div>\n<div style='width: 100%; margin: 30px 0;'> <img style='width: 100%; height: auto; border: 1px solid rgba(150&comma;150&comma;150&comma;0.3); border-radius: 8px;' src='https:\/\/ftp3.syscom.mx\/usuarios\/fotos\/CHE89PX6AK\/171251-medidas.png' alt=''> <\/div>\n<div style='width: 100%; margin: 30px 0;'> <img style='width: 100%; height: auto; border: 1px solid rgba(150&comma;150&comma;150&comma;0.3); border-radius: 8px;' src='https:\/\/ftp3.syscom.mx\/usuarios\/fotos\/CHE89PX6AK\/171251-accesorios_escalera_de_aluminio_p_3_14_paso_9_ancho_6.png' alt=''> <\/div>\n<div style='width: 100%; margin: 30px 0;'> <img style='width: 100%; height: auto; border: 1px solid rgba(150&comma;150&comma;150&comma;0.3); border-radius: 8px;' src='https:\/\/ftp3.syscom.mx\/usuarios\/fotos\/CHE89PX6AK\/171251-chardn.png' alt=''> <\/div>\n<div style='display: flex; flex-wrap: wrap; gap: 30px; margin-bottom: 30px;'>\n<div style='flex: 1 1 300px; min-width: 280px;'>\n<h3 style='font-size: 22px; border-bottom: 2px solid currentColor; padding-bottom: 5px; margin-top: 0; color: inherit; opacity: 0.8;'>Especificaciones<\/h3>\n<ul style='padding-left: 20px; font-size: 15px; color: inherit;'>\n<li style='margin-bottom: 5px;'><strong>Radio de curvatura:<\/strong> 8 pulgadas<\/li>\n<li style='margin-bottom: 5px;'><strong>Incluye:<\/strong> Torniller\u00eda<\/li>\n<li style='margin-bottom: 5px;'><strong>Material:<\/strong> Aluminio<\/li>\n<li style='margin-bottom: 5px;'><strong>\u00c1ngulo:<\/strong> 90\u00b0<\/li>\n<\/ul><\/div>\n<\/p><\/div>\n<\/p><\/div>\n","protected":false},"excerpt":{"rendered":"<p>Curva Vertical Exterior de Aluminio de 90\u00b0 Perfil Z \/ Peralte 3 1\/4&#8243; \/ Ancho 6&#8243; \/ Radio 8&#8243; \/ Incluye Torniller\u00eda<\/p>\n","protected":false},"featured_media":14631,"comment_status":"open","ping_status":"closed","template":"","meta":[],"product_brand":[],"product_cat":[630],"product_tag":[580,593,631],"class_list":{"0":"post-14632","1":"product","2":"type-product","3":"status-publish","4":"has-post-thumbnail","6":"product_cat-charolas-tipo-escalerilla","7":"product_tag-charofil","8":"product_tag-charola","9":"product_tag-charolas-tipo-escalerilla","11":"first","12":"instock","13":"sale","14":"shipping-taxable","15":"purchasable","16":"product-type-simple"},"_links":{"self":[{"href":"https:\/\/soydeaqui.ddns.net\/pachuca\/index.php\/wp-json\/wp\/v2\/product\/14632","targetHints":{"allow":["GET"]}}],"collection":[{"href":"https:\/\/soydeaqui.ddns.net\/pachuca\/index.php\/wp-json\/wp\/v2\/product"}],"about":[{"href":"https:\/\/soydeaqui.ddns.net\/pachuca\/index.php\/wp-json\/wp\/v2\/types\/product"}],"replies":[{"embeddable":true,"href":"https:\/\/soydeaqui.ddns.net\/pachuca\/index.php\/wp-json\/wp\/v2\/comments?post=14632"}],"wp:featuredmedia":[{"embeddable":true,"href":"https:\/\/soydeaqui.ddns.net\/pachuca\/index.php\/wp-json\/wp\/v2\/media\/14631"}],"wp:attachment":[{"href":"https:\/\/soydeaqui.ddns.net\/pachuca\/index.php\/wp-json\/wp\/v2\/media?parent=14632"}],"wp:term":[{"taxonomy":"product_brand","embeddable":true,"href":"https:\/\/soydeaqui.ddns.net\/pachuca\/index.php\/wp-json\/wp\/v2\/product_brand?post=14632"},{"taxonomy":"product_cat","embeddable":true,"href":"https:\/\/soydeaqui.ddns.net\/pachuca\/index.php\/wp-json\/wp\/v2\/product_cat?post=14632"},{"taxonomy":"product_tag","embeddable":true,"href":"https:\/\/soydeaqui.ddns.net\/pachuca\/index.php\/wp-json\/wp\/v2\/product_tag?post=14632"}],"curies":[{"name":"wp","href":"https:\/\/api.w.org\/{rel}","templated":true}]}}