{"id":14559,"date":"2026-03-18T08:36:54","date_gmt":"2026-03-18T08:36:54","guid":{"rendered":"https:\/\/soydeaqui.ddns.net\/pachuca\/index.php\/producto\/probador-profesional-para-cable-utp-stp-y-cable-coaxial-netcat-pro2-con-pantalla-tctil-retroiluminada\/"},"modified":"2026-03-18T08:37:02","modified_gmt":"2026-03-18T08:37:02","slug":"probador-profesional-para-cable-utp-stp-y-cable-coaxial-netcat-pro2-con-pantalla-tctil-retroiluminada","status":"publish","type":"product","link":"https:\/\/soydeaqui.ddns.net\/pachuca\/index.php\/producto\/probador-profesional-para-cable-utp-stp-y-cable-coaxial-netcat-pro2-con-pantalla-tctil-retroiluminada\/","title":{"rendered":"Probador Profesional para Cable UTP, STP y Cable Coaxial (NETcat? Pro2) con Pantalla T?ctil Retroiluminada"},"content":{"rendered":"<div style='width: 100%; max-width: 1200px; margin: 0 auto; font-family: sans-serif; line-height: 1.6; color: inherit; background-color: transparent;'> <!-- Imagen principal --> <\/p>\n<div style='text-align: center; margin-bottom: 30px;'> <img style='width: 100%; max-width: 270px; height: auto; border: 1px solid rgba(150&comma;150&comma;150&comma;0.3); border-radius: 8px;' src='https:\/\/ftp3.syscom.mx\/usuarios\/orobles\/GREENLEE\/TEMPO-COMMUNICATIONS-lg.jpg' alt=''> <\/div>\n<p> <!-- Descripci\u00f3n general --> <\/p>\n<div style='margin-bottom: 30px;'>\n<p style='font-size: 15px; margin: 0 0 15px 0; color: inherit;'>El NC-500 (NETcat\u00ae Pro2) es una herramienta digital de verificaci\u00f3n y mapeo de cable. Operado con una pantalla t\u00e1ctil retroiluminada&comma; este probador no solo prueba la continuidad del cableado y la asignaci\u00f3n adecuada de pares&comma; sino que mide la longitud de los cables de multipar&comma; LAN o cables coaxiales mediante el uso de TDR (Time Domain Reflectometry) avanzado de alta velocidad. Adem\u00e1s&comma; determina si el servicio de red est\u00e1 disponible hasta velocidad Gigabit y muestra si se suministra alimentaci\u00f3n a trav\u00e9s de Ethernet.<\/p>\n<p style='font-size: 15px; margin: 0 0 15px 0; color: inherit;'>Cuando se usa con el kit de accesorios NC-510 que contiene 7 m\u00f3dulos de prueba remota de expansi\u00f3n&comma; el NETcat Pro puede probar de manera \u00fanica los conectores coaxiales o de par trenzado desde una ubicaci\u00f3n central&comma; 8 a la vez. La pantalla se puede usar para controlar y mostrar una variedad de pruebas&comma; desde la b\u00fasqueda de fallas en el mapeo de cables hasta la medici\u00f3n de la longitud del TDR. La pantalla se puede configurar en ingl\u00e9s&comma; espa\u00f1ol&comma; alem\u00e1n o franc\u00e9s.<\/p>\n<\/p><\/div>\n<p> <!-- Video principal --> <\/p>\n<div style='margin-bottom: 30px;'>\n<div style='position: relative; padding-bottom: 56.25%; height: 0; overflow: hidden;'>   <\/div>\n<\/p><\/div>\n<p> <!-- Caracter\u00edsticas --> <\/p>\n<div style='margin-bottom: 30px;'>\n<h3 style='font-size: 22px; border-bottom: 2px solid currentColor; padding-bottom: 5px; margin-top: 0; color: inherit; opacity: 0.8;'>Caracter\u00edsticas<\/h3>\n<ul style='padding-left: 20px; font-size: 15px; color: inherit;'>\n<li style='margin-bottom: 5px;'><strong>Compatible con:<\/strong> Cable CAT5e&comma; CAT6 y CAT6A (blindado y no blindado) y cables coaxiales<\/li>\n<li style='margin-bottom: 5px;'><strong>Medici\u00f3n de distancia:<\/strong> En pies (ft) o metros<\/li>\n<li style='margin-bottom: 5px;'><strong>Tonos de rastreo:<\/strong> Se pueden generar tonos de rastreo de pares y aplicarlos a varias combinaciones de cables para ayudar a la detecci\u00f3n<\/li>\n<li style='margin-bottom: 5px;'><strong>Detecci\u00f3n de velocidad de red:<\/strong> Identifica y muestra velocidades disponibles desde 10M&comma; 100M o 1G&comma; full d\u00faplex o half d\u00faplex. Comprueba presencia de Power over Ethernet (PoE) 802.3af<\/li>\n<li style='margin-bottom: 5px;'><strong>Compatibilidad:<\/strong> Cableado telef\u00f3nico&comma; de datos y coaxial<\/li>\n<li style='margin-bottom: 5px;'><strong>Detecci\u00f3n de fallas:<\/strong> Pares divididos&comma; cortocircuitos&comma; cables rotos y cruzados<\/li>\n<li style='margin-bottom: 5px;'><strong>Tecnolog\u00eda TDR:<\/strong> Muestra la longitud en corto o circuito abierto de todos los pares<\/li>\n<li style='margin-bottom: 5px;'><strong>Interfaz:<\/strong> \u00cdconos grandes para asegurar un uso f\u00e1cil con el dedo<\/li>\n<li style='margin-bottom: 5px;'><strong>Pantalla:<\/strong> T\u00e1ctil retroiluminada utilizada para controlar todas las funciones<\/li>\n<li style='margin-bottom: 5px;'><strong>Accesorios:<\/strong> Ranuras para pluma touch (stylus) incluida en la unidad principal<\/li>\n<li style='margin-bottom: 5px;'><strong>Generador de tonos:<\/strong> 4 tonos de frecuencia seleccionables&comma; compatibles con sondas de procesamiento de se\u00f1al digital avanzadas Tempo<\/li>\n<li style='margin-bottom: 5px;'><strong>Detecci\u00f3n de dispositivos:<\/strong> Redes 10\/100\/1000 Base-T Ethernet (802.3) full y half d\u00faplex<\/li>\n<li style='margin-bottom: 5px;'><strong>Memoria:<\/strong> Bloc de notas\/funci\u00f3n de recordatorio en memoria no vol\u00e1til<\/li>\n<li style='margin-bottom: 5px;'><strong>Conector:<\/strong> Tipo &#8216;F&#8217; reemplazable en campo<\/li>\n<li style='margin-bottom: 5px;'><strong>Pantalla:<\/strong> Gr\u00e1fica con ajuste de contraste y luz de fondo<\/li>\n<li style='margin-bottom: 5px;'><strong>Pruebas:<\/strong> Par trenzado blindado (STP)&comma; par trenzado no blindado (UTP) y cables coaxiales<\/li>\n<li style='margin-bottom: 5px;'><strong>Precisi\u00f3n:<\/strong> Resoluci\u00f3n por debajo de nanosegundos para detecci\u00f3n precisa de errores<\/li>\n<li style='margin-bottom: 5px;'><strong>Detecci\u00f3n de pares:<\/strong> Cortos&comma; abiertos&comma; invertidos&comma; cruzados y divididos<\/li>\n<li style='margin-bottom: 5px;'><strong>Identificaci\u00f3n remota:<\/strong> Hasta 8 identificaciones diferentes (1 incluida&comma; 7 adicionales en kit NC-510)<\/li>\n<li style='margin-bottom: 5px;'><strong>Capacidad de soluci\u00f3n:<\/strong> Amplia gama de redes<\/li>\n<li style='margin-bottom: 5px;'><strong>Tonos de precisi\u00f3n:<\/strong> 4 tonos distintos para rastrear cables de baja p\u00e9rdida como Cat 5<\/li>\n<li style='margin-bottom: 5px;'><strong>Alimentaci\u00f3n:<\/strong> Funciona con bater\u00eda de 9V&comma; con indicador de carga baja<\/li>\n<li style='margin-bottom: 5px;'><strong>Longitud m\u00e1xima identificaci\u00f3n:<\/strong> 609&comma;6 m (2000 pies)<\/li>\n<li style='margin-bottom: 5px;'><strong>Longitud m\u00e1xima diagrama:<\/strong> 100 m (328 pies)<\/li>\n<li style='margin-bottom: 5px;'><strong>Detecci\u00f3n pares divididos:<\/strong> 3 m (10 pies) t\u00edpicos en la mayor\u00eda de tipos de cable<\/li>\n<\/ul><\/div>\n<p> <!-- Im\u00e1genes adicionales --> <\/p>\n<div style='display: flex; flex-wrap: wrap; gap: 20px; margin-bottom: 30px;'>\n<div style='flex: 1 1 300px; min-width: 280px;'> <img style='width: 100%; height: auto; border: 1px solid rgba(150&comma;150&comma;150&comma;0.3); border-radius: 8px;' src='https:\/\/ftp3.syscom.mx\/usuarios\/orobles\/GREENLEE\/NC-500_screen.JPG' alt=''> <\/div>\n<div style='flex: 1 1 300px; min-width: 280px;'> <img style='width: 100%; height: auto; border: 1px solid rgba(150&comma;150&comma;150&comma;0.3); border-radius: 8px;' src='https:\/\/ftp3.syscom.mx\/usuarios\/orobles\/GREENLEE\/NC500\/NC500_1.JPG' alt=''> <\/div>\n<div style='flex: 1 1 300px; min-width: 280px;'> <img style='width: 100%; height: auto; border: 1px solid rgba(150&comma;150&comma;150&comma;0.3); border-radius: 8px;' src='https:\/\/ftp3.syscom.mx\/usuarios\/orobles\/GREENLEE\/NC500\/NC500_2.jpeg' alt=''> <\/div>\n<div style='flex: 1 1 300px; min-width: 280px;'> <img style='width: 100%; height: auto; border: 1px solid rgba(150&comma;150&comma;150&comma;0.3); border-radius: 8px;' src='https:\/\/ftp3.syscom.mx\/usuarios\/orobles\/GREENLEE\/NC500\/NC500_3.JPG' alt=''> <\/div>\n<div style='flex: 1 1 300px; min-width: 280px;'> <img style='width: 100%; height: auto; border: 1px solid rgba(150&comma;150&comma;150&comma;0.3); border-radius: 8px;' src='https:\/\/ftp3.syscom.mx\/usuarios\/orobles\/GREENLEE\/NC500\/NC500_4.JPG' alt=''> <\/div>\n<\/p><\/div>\n<p> <!-- Video adicional --> <\/p>\n<div style='margin-bottom: 30px;'>\n<div style='position: relative; padding-bottom: 56.25%; height: 0; overflow: hidden;'>   <\/div>\n<\/p><\/div>\n<p> <!-- Especificaciones t\u00e9cnicas --> <\/p>\n<div style='display: flex; flex-wrap: wrap; gap: 20px;'>\n<div style='flex: 1 1 250px; border: 1px solid rgba(150&comma; 150&comma; 150&comma; 0.4); border-radius: 8px; overflow: hidden; display: flex; flex-direction: column;'>\n<div style='padding: 15px; border-bottom: 1px solid rgba(150&comma; 150&comma; 150&comma; 0.2); font-weight: bold; font-size: 18px; color: inherit;'>Rango de prueba<\/div>\n<div style='padding: 15px; color: inherit;'>\n<ul style='padding-left: 20px; margin: 0; font-size: 14px; list-style-type: disc;'>\n<li style='margin-bottom: 5px;'>Hasta 609&comma;6 m (2000 pies) para identificaci\u00f3n remota<\/li>\n<li style='margin-bottom: 5px;'>Hasta 100 m (328 pies) para diagrama de cableado<\/li>\n<li style='margin-bottom: 5px;'>Detecci\u00f3n de pares divididos desde 3 m (10 pies)<\/li>\n<\/ul><\/div>\n<\/p><\/div>\n<div style='flex: 1 1 250px; border: 1px solid rgba(150&comma; 150&comma; 150&comma; 0.4); border-radius: 8px; overflow: hidden; display: flex; flex-direction: column;'>\n<div style='padding: 15px; border-bottom: 1px solid rgba(150&comma; 150&comma; 150&comma; 0.2); font-weight: bold; font-size: 18px; color: inherit;'>Compatibilidad<\/div>\n<div style='padding: 15px; color: inherit;'>\n<ul style='padding-left: 20px; margin: 0; font-size: 14px; list-style-type: disc;'>\n<li style='margin-bottom: 5px;'>Cable CAT5e&comma; CAT6 y CAT6A (blindado y no blindado)<\/li>\n<li style='margin-bottom: 5px;'>Cables coaxiales<\/li>\n<li style='margin-bottom: 5px;'>Cableado telef\u00f3nico y de datos<\/li>\n<\/ul><\/div>\n<\/p><\/div>\n<div style='flex: 1 1 250px; border: 1px solid rgba(150&comma; 150&comma; 150&comma; 0.4); border-radius: 8px; overflow: hidden; display: flex; flex-direction: column;'>\n<div style='padding: 15px; border-bottom: 1px solid rgba(150&comma; 150&comma; 150&comma; 0.2); font-weight: bold; font-size: 18px; color: inherit;'>Caracter\u00edsticas adicionales<\/div>\n<div style='padding: 15px; color: inherit;'>\n<ul style='padding-left: 20px; margin: 0; font-size: 14px; list-style-type: disc;'>\n<li style='margin-bottom: 5px;'>Pantalla t\u00e1ctil retroiluminada con ajuste de contraste<\/li>\n<li style='margin-bottom: 5px;'>\u00cdconos grandes para uso intuitivo<\/li>\n<li style='margin-bottom: 5px;'>Generador de 4 tonos de precisi\u00f3n<\/li>\n<li style='margin-bottom: 5px;'>Bloc de notas con memoria no vol\u00e1til<\/li>\n<li style='margin-bottom: 5px;'>Conector tipo &#8216;F&#8217; reemplazable<\/li>\n<li style='margin-bottom: 5px;'>Alimentaci\u00f3n por bater\u00eda de 9V con indicador de carga<\/li>\n<\/ul><\/div>\n<\/p><\/div>\n<div style='flex: 1 1 250px; border: 1px solid rgba(150&comma; 150&comma; 150&comma; 0.4); border-radius: 8px; overflow: hidden; display: flex; flex-direction: column;'>\n<div style='padding: 15px; border-bottom: 1px solid rgba(150&comma; 150&comma; 150&comma; 0.2); font-weight: bold; font-size: 18px; color: inherit;'>Funciones de prueba<\/div>\n<div style='padding: 15px; color: inherit;'>\n<ul style='padding-left: 20px; margin: 0; font-size: 14px; list-style-type: disc;'>\n<li style='margin-bottom: 5px;'>Detecci\u00f3n de pares divididos&comma; cortocircuitos&comma; cables rotos y cruzados<\/li>\n<li style='margin-bottom: 5px;'>Tecnolog\u00eda Step TDR para medici\u00f3n precisa<\/li>\n<li style='margin-bottom: 5px;'>Identificaci\u00f3n de dispositivos activos en red<\/li>\n<li style='margin-bottom: 5px;'>Verificaci\u00f3n de Power over Ethernet (PoE)<\/li>\n<\/ul><\/div>\n<\/p><\/div>\n<\/p><\/div>\n<p> <!-- Separador final --> <\/p>\n<hr style='border: 0; border-top: 1px solid rgba(150&comma; 150&comma; 150&comma; 0.3); margin: 30px 0;'> <\/div>\n","protected":false},"excerpt":{"rendered":"<p>Probador Profesional para Cable UTP, STP y Cable Coaxial (NETcat? Pro2) con Pantalla T?ctil Retroiluminada<\/p>\n","protected":false},"featured_media":14558,"comment_status":"open","ping_status":"closed","template":"","meta":[],"product_brand":[],"product_cat":[608],"product_tag":[586,25,658],"class_list":{"0":"post-14559","1":"product","2":"type-product","3":"status-publish","4":"has-post-thumbnail","6":"product_cat-herramientas-cableado-de-cobre","7":"product_tag-cableado-de-cobre","8":"product_tag-herramientas","9":"product_tag-tempo","11":"first","12":"outofstock","13":"sale","14":"shipping-taxable","15":"purchasable","16":"product-type-simple"},"_links":{"self":[{"href":"https:\/\/soydeaqui.ddns.net\/pachuca\/index.php\/wp-json\/wp\/v2\/product\/14559","targetHints":{"allow":["GET"]}}],"collection":[{"href":"https:\/\/soydeaqui.ddns.net\/pachuca\/index.php\/wp-json\/wp\/v2\/product"}],"about":[{"href":"https:\/\/soydeaqui.ddns.net\/pachuca\/index.php\/wp-json\/wp\/v2\/types\/product"}],"replies":[{"embeddable":true,"href":"https:\/\/soydeaqui.ddns.net\/pachuca\/index.php\/wp-json\/wp\/v2\/comments?post=14559"}],"wp:featuredmedia":[{"embeddable":true,"href":"https:\/\/soydeaqui.ddns.net\/pachuca\/index.php\/wp-json\/wp\/v2\/media\/14558"}],"wp:attachment":[{"href":"https:\/\/soydeaqui.ddns.net\/pachuca\/index.php\/wp-json\/wp\/v2\/media?parent=14559"}],"wp:term":[{"taxonomy":"product_brand","embeddable":true,"href":"https:\/\/soydeaqui.ddns.net\/pachuca\/index.php\/wp-json\/wp\/v2\/product_brand?post=14559"},{"taxonomy":"product_cat","embeddable":true,"href":"https:\/\/soydeaqui.ddns.net\/pachuca\/index.php\/wp-json\/wp\/v2\/product_cat?post=14559"},{"taxonomy":"product_tag","embeddable":true,"href":"https:\/\/soydeaqui.ddns.net\/pachuca\/index.php\/wp-json\/wp\/v2\/product_tag?post=14559"}],"curies":[{"name":"wp","href":"https:\/\/api.w.org\/{rel}","templated":true}]}}