{"id":14358,"date":"2026-03-18T08:33:45","date_gmt":"2026-03-18T08:33:45","guid":{"rendered":"https:\/\/soydeaqui.ddns.net\/pachuca\/index.php\/producto\/panel-de-parcheo-modular-mini-com-sin-conectores-plano-blindado-alta-densidad-de-48-puertos-1ur\/"},"modified":"2026-03-18T08:33:48","modified_gmt":"2026-03-18T08:33:48","slug":"panel-de-parcheo-modular-mini-com-sin-conectores-plano-blindado-alta-densidad-de-48-puertos-1ur","status":"publish","type":"product","link":"https:\/\/soydeaqui.ddns.net\/pachuca\/index.php\/producto\/panel-de-parcheo-modular-mini-com-sin-conectores-plano-blindado-alta-densidad-de-48-puertos-1ur\/","title":{"rendered":"Panel de Parcheo Modular Mini-Com (Sin Conectores), Plano, Blindado, Alta Densidad, de 48 Puertos, 1UR"},"content":{"rendered":"<div style='width: 100%; max-width: 1200px; margin: 0 auto; font-family: sans-serif; line-height: 1.6; color: inherit; background-color: transparent;'> <!-- Descripci\u00f3n principal --> <\/p>\n<div style='margin-bottom: 30px;'>\n<p style='font-size: 15px; color: inherit; margin: 0 0 15px;'>Los paneles de parcheo blindados de alta densidad de 48 puertos ocupan una sola unidad de rack (RU) y estar hechos de acero inoxidable con cubiertas traseras moldeadas a presi\u00f3n; \u00e9stas incluyen una tira de uni\u00f3n de metal que atraviesa la secci\u00f3n media frontal de la cubierta. Aceptar\u00e1n todos los m\u00f3dulos Jack blindados Mini-Com\u00ae para instalaciones blindadas y montarse en racks o gabinetes est\u00e1ndar de 19&#8242;. El panel de parcheo estar\u00e1 disponible en 48 puertos en una unidad de rack en dise\u00f1os planos y angulados. Los paneles de parcheo blindados de 48 puertos de alta densidad se identificar\u00e1n f\u00e1cilmente con puertos enumerados previamente.<\/p>\n<\/p><\/div>\n<p> <!-- Secci\u00f3n de especificaciones --> <\/p>\n<div style='display: flex; flex-wrap: wrap; gap: 20px; margin-bottom: 30px;'>\n<div style='flex: 1 1 250px; border: 1px solid rgba(150&comma; 150&comma; 150&comma; 0.4); border-radius: 8px; overflow: hidden; display: flex; flex-direction: column;'>\n<div style='padding: 15px; border-bottom: 1px solid rgba(150&comma; 150&comma; 150&comma; 0.2); font-weight: bold; font-size: 18px; color: inherit;'>Especificaciones T\u00e9cnicas<\/div>\n<div style='padding: 15px; color: inherit;'>\n<ul style='padding-left: 20px; margin: 0; font-size: 14px; list-style-type: disc;'>\n<li style='margin-bottom: 5px;'>Estilo: <strong style='color: inherit;'>Plano<\/strong><\/li>\n<li style='margin-bottom: 5px;'>Material: <strong style='color: inherit;'>Acero Inoxidable<\/strong><\/li>\n<li style='margin-bottom: 5px;'>Tipo de m\u00f3dulo: <strong style='color: inherit;'>Mini-Com<\/strong><\/li>\n<li style='margin-bottom: 5px;'>N\u00famero de puertos: <strong style='color: inherit;'>48<\/strong><\/li>\n<li style='margin-bottom: 5px;'>Tipo de identificaci\u00f3n: <strong style='color: inherit;'>Etiquetas adhesivas<\/strong><\/li>\n<li style='margin-bottom: 5px;'>Ancho: <strong style='color: inherit;'>19in<\/strong><\/li>\n<li style='margin-bottom: 5px;'>Unidades de rack: <strong style='color: inherit;'>1<\/strong><\/li>\n<\/ul><\/div>\n<\/p><\/div>\n<\/p><\/div>\n<p> <!-- Separador --> <\/p>\n<hr style='border: 0; border-top: 1px solid rgba(150&comma; 150&comma; 150&comma; 0.3); margin: 30px 0;'> <\/div>\n","protected":false},"excerpt":{"rendered":"<p>Panel de Parcheo Modular Mini-Com (Sin Conectores), Plano, Blindado, Alta Densidad, de 48 Puertos, 1UR<\/p>\n","protected":false},"featured_media":14357,"comment_status":"open","ping_status":"closed","template":"","meta":[],"product_brand":[],"product_cat":[613],"product_tag":[586,445,614],"class_list":{"0":"post-14358","1":"product","2":"type-product","3":"status-publish","4":"has-post-thumbnail","6":"product_cat-patch-panels","7":"product_tag-cableado-de-cobre","8":"product_tag-panduit","9":"product_tag-patch-panels","11":"first","12":"outofstock","13":"sale","14":"shipping-taxable","15":"purchasable","16":"product-type-simple"},"_links":{"self":[{"href":"https:\/\/soydeaqui.ddns.net\/pachuca\/index.php\/wp-json\/wp\/v2\/product\/14358","targetHints":{"allow":["GET"]}}],"collection":[{"href":"https:\/\/soydeaqui.ddns.net\/pachuca\/index.php\/wp-json\/wp\/v2\/product"}],"about":[{"href":"https:\/\/soydeaqui.ddns.net\/pachuca\/index.php\/wp-json\/wp\/v2\/types\/product"}],"replies":[{"embeddable":true,"href":"https:\/\/soydeaqui.ddns.net\/pachuca\/index.php\/wp-json\/wp\/v2\/comments?post=14358"}],"wp:featuredmedia":[{"embeddable":true,"href":"https:\/\/soydeaqui.ddns.net\/pachuca\/index.php\/wp-json\/wp\/v2\/media\/14357"}],"wp:attachment":[{"href":"https:\/\/soydeaqui.ddns.net\/pachuca\/index.php\/wp-json\/wp\/v2\/media?parent=14358"}],"wp:term":[{"taxonomy":"product_brand","embeddable":true,"href":"https:\/\/soydeaqui.ddns.net\/pachuca\/index.php\/wp-json\/wp\/v2\/product_brand?post=14358"},{"taxonomy":"product_cat","embeddable":true,"href":"https:\/\/soydeaqui.ddns.net\/pachuca\/index.php\/wp-json\/wp\/v2\/product_cat?post=14358"},{"taxonomy":"product_tag","embeddable":true,"href":"https:\/\/soydeaqui.ddns.net\/pachuca\/index.php\/wp-json\/wp\/v2\/product_tag?post=14358"}],"curies":[{"name":"wp","href":"https:\/\/api.w.org\/{rel}","templated":true}]}}