{"id":13371,"date":"2026-03-18T08:18:17","date_gmt":"2026-03-18T08:18:17","guid":{"rendered":"https:\/\/soydeaqui.ddns.net\/pachuca\/index.php\/producto\/placa-de-pared-vertical-clsica-salida-para-4-puertos-mini-com-color-blanco\/"},"modified":"2026-03-18T08:18:18","modified_gmt":"2026-03-18T08:18:18","slug":"placa-de-pared-vertical-clsica-salida-para-4-puertos-mini-com-color-blanco","status":"publish","type":"product","link":"https:\/\/soydeaqui.ddns.net\/pachuca\/index.php\/producto\/placa-de-pared-vertical-clsica-salida-para-4-puertos-mini-com-color-blanco\/","title":{"rendered":"Placa de Pared Vertical Cl?sica, Salida Para 4 Puertos Mini-Com, Color Blanco"},"content":{"rendered":"<div style='width: 100%; max-width: 1200px; margin: 0 auto; font-family: sans-serif; line-height: 1.6; color: inherit; background-color: transparent;'>\n<div style='display: flex; flex-wrap: wrap; gap: 30px; margin-bottom: 30px;'>\n<div style='flex: 1 1 300px; min-width: 280px;'>\n<h3 style='font-size: 22px; border-bottom: 2px solid currentColor; padding-bottom: 5px; margin-top: 0; color: inherit; opacity: 0.8;'>Descripci\u00f3n General<\/h3>\n<p style='font-size: 15px; margin-bottom: 15px; color: inherit;'>Las placas frontales de la serie Classic est\u00e1n disponibles en 1&comma; 2&comma; 3&comma; 4 y 6 puertos para instalaci\u00f3n vertical&comma; y 2 y 4 puertos para instalaci\u00f3n horizontal. Las placas frontales de la serie Classic aceptan todos los m\u00f3dulos Mini Com\u00ae para aplicaciones UTP&comma; STP&comma; fibra \u00f3ptica y audio\/video. El dise\u00f1o inclinado aumenta la profundidad de la pared para mejorar el control del radio de curvatura.<\/p>\n<\/p><\/div>\n<div style='flex: 1 1 300px; min-width: 280px;'>\n<h3 style='font-size: 22px; border-bottom: 2px solid currentColor; padding-bottom: 5px; margin-top: 0; color: inherit; opacity: 0.8;'>Caracter\u00edsticas Principales<\/h3>\n<ul style='padding-left: 20px; font-size: 15px; color: inherit;'>\n<li style='margin-bottom: 5px;'>Dise\u00f1o vers\u00e1til de 1 a 6 puertos<\/li>\n<li style='margin-bottom: 5px;'>Compatibilidad con m\u00f3dulos Mini-Com UTP&comma; STP y fibra<\/li>\n<li style='margin-bottom: 5px;'>Dise\u00f1o inclinado para mejor control del radio de curvatura<\/li>\n<li style='margin-bottom: 5px;'>Material ABS resistente<\/li>\n<li style='margin-bottom: 5px;'>Acabado en color blanco<\/li>\n<\/ul><\/div>\n<\/p><\/div>\n<div style='display: flex; flex-wrap: wrap; gap: 20px; margin-bottom: 30px;'>\n<div style='flex: 1 1 250px; border: 1px solid rgba(150&comma; 150&comma; 150&comma; 0.4); border-radius: 8px; overflow: hidden; display: flex; flex-direction: column;'>\n<div style='padding: 15px; border-bottom: 1px solid rgba(150&comma; 150&comma; 150&comma; 0.2); font-weight: bold; font-size: 18px; color: inherit;'>Especificaciones T\u00e9cnicas<\/div>\n<div style='padding: 15px; color: inherit;'>\n<ul style='padding-left: 20px; margin: 0; font-size: 14px; list-style-type: disc;'>\n<li style='margin-bottom: 5px;'><strong>Tipo:<\/strong> Placa de pared vertical<\/li>\n<li style='margin-bottom: 5px;'><strong>Estilo:<\/strong> Plano<\/li>\n<li style='margin-bottom: 5px;'><strong>Color:<\/strong> Blanco<\/li>\n<li style='margin-bottom: 5px;'><strong>Material:<\/strong> ABS<\/li>\n<li style='margin-bottom: 5px;'><strong>N\u00famero de espacios para m\u00f3dulo:<\/strong> 4<\/li>\n<li style='margin-bottom: 5px;'><strong>N\u00famero de puertos:<\/strong> 4<\/li>\n<li style='margin-bottom: 5px;'><strong>Montaje:<\/strong> Vertical<\/li>\n<li style='margin-bottom: 5px;'><strong>Tipo de m\u00f3dulo:<\/strong> Mini-Com<\/li>\n<li style='margin-bottom: 5px;'><strong>Dimensiones:<\/strong> 69.8 x 114.3 mm (2.75 x 4.5 pulg.)<\/li>\n<li style='margin-bottom: 5px;'><strong>Cumple con:<\/strong> RoHS<\/li>\n<\/ul><\/div>\n<\/p><\/div>\n<div style='flex: 1 1 250px; border: 1px solid rgba(150&comma; 150&comma; 150&comma; 0.4); border-radius: 8px; overflow: hidden; display: flex; flex-direction: column;'>\n<div style='padding: 15px; border-bottom: 1px solid rgba(150&comma; 150&comma; 150&comma; 0.2); font-weight: bold; font-size: 18px; color: inherit;'>Opciones de Montaje<\/div>\n<div style='padding: 15px; color: inherit;'>\n<ul style='padding-left: 20px; margin: 0; font-size: 14px; list-style-type: disc;'>\n<li style='margin-bottom: 5px;'>Huecos para tornillos con pesta\u00f1as de retenci\u00f3n<\/li>\n<li style='margin-bottom: 5px;'>Espaciado para aberturas de un solo gang<\/li>\n<li style='margin-bottom: 5px;'>Compatibles con adaptador de pared Panduit<\/li>\n<li style='margin-bottom: 5px;'>Colores de tornillos que hacen juego con la placa<\/li>\n<\/ul><\/div>\n<\/p><\/div>\n<div style='flex: 1 1 250px; border: 1px solid rgba(150&comma; 150&comma; 150&comma; 0.4); border-radius: 8px; overflow: hidden; display: flex; flex-direction: column;'>\n<div style='padding: 15px; border-bottom: 1px solid rgba(150&comma; 150&comma; 150&comma; 0.2); font-weight: bold; font-size: 18px; color: inherit;'>Opciones de Etiquetado<\/div>\n<div style='padding: 15px; color: inherit;'>\n<ul style='padding-left: 20px; margin: 0; font-size: 14px; list-style-type: disc;'>\n<li style='margin-bottom: 5px;'>Etiquetas adhesivas<\/li>\n<li style='margin-bottom: 5px;'>Bolsillo para etiquetas dedicado<\/li>\n<li style='margin-bottom: 5px;'>Compatibilidad con impresi\u00f3n l\u00e1ser\/ink jet<\/li>\n<li style='margin-bottom: 5px;'>Opci\u00f3n Panther\u2122 LS8E<\/li>\n<\/ul><\/div>\n<\/p><\/div>\n<\/p><\/div>\n<div style='display: flex; flex-wrap: wrap; gap: 20px; margin-bottom: 30px;'>\n<div style='flex: 1 1 250px; border: 1px solid rgba(150&comma; 150&comma; 150&comma; 0.4); border-radius: 8px; overflow: hidden; display: flex; flex-direction: column;'>\n<div style='padding: 15px; border-bottom: 1px solid rgba(150&comma; 150&comma; 150&comma; 0.2); font-weight: bold; font-size: 18px; color: inherit;'>Aplicaciones<\/div>\n<div style='padding: 15px; color: inherit;'>\n<ul style='padding-left: 20px; margin: 0; font-size: 14px; list-style-type: disc;'>\n<li style='margin-bottom: 5px;'>Montaje en cajas de conexiones est\u00e1ndar de un solo gang<\/li>\n<li style='margin-bottom: 5px;'>Compatibles con adaptadores de pared Panduit<\/li>\n<li style='margin-bottom: 5px;'>Compatibilidad garantizada con canaletas Panduit<\/li>\n<\/ul><\/div>\n<\/p><\/div>\n<div style='flex: 1 1 250px; border: 1px solid rgba(150&comma; 150&comma; 150&comma; 0.4); border-radius: 8px; overflow: hidden; display: flex; flex-direction: column;'>\n<div style='padding: 15px; border-bottom: 1px solid rgba(150&comma; 150&comma; 150&comma; 0.2); font-weight: bold; font-size: 18px; color: inherit;'>Contenido del Empaque<\/div>\n<div style='padding: 15px; color: inherit;'>\n<ul style='padding-left: 20px; margin: 0; font-size: 14px; list-style-type: disc;'>\n<li style='margin-bottom: 5px;'>Dos tornillos de cabeza ranurada #6 &#8211; 32 de 1&#8242; de largo<\/li>\n<li style='margin-bottom: 5px;'>Placas frontales sin etiquetas incluyen tornillos de montaje que hacen juego<\/li>\n<li style='margin-bottom: 5px;'>Empaque: una unidad por bolsa&comma; diez por caja<\/li>\n<\/ul><\/div>\n<\/p><\/div>\n<\/p><\/div>\n<hr style='border: 0; border-top: 1px solid rgba(150&comma; 150&comma; 150&comma; 0.3); margin: 30px 0;'>\n<div style='display: flex; flex-wrap: wrap; gap: 30px; margin-bottom: 30px;'>\n<div style='flex: 1 1 300px; min-width: 280px;'>\n<h3 style='font-size: 22px; border-bottom: 2px solid currentColor; padding-bottom: 5px; margin-top: 0; color: inherit; opacity: 0.8;'>Dimensiones<\/h3>\n<p style='font-size: 15px; margin-bottom: 15px; color: inherit;'>Las dimensiones de la placa son 69.8 x 114.3 mm (2.75 x 4.5 pulg.). El dise\u00f1o inclinado proporciona espacio adicional para el control del radio de curvatura con una profundidad adicional de 0.85&#8242; (21.6 mm) en el borde superior e inferior.<\/p>\n<p style='font-size: 15px; margin-bottom: 0; color: inherit;'><strong>Radio de curvatura:<\/strong> Dise\u00f1o inclinado permite mejor control del radio de curvatura<\/p>\n<\/p><\/div>\n<div style='flex: 1 1 300px; min-width: 280px;'>\n<h3 style='font-size: 22px; border-bottom: 2px solid currentColor; padding-bottom: 5px; margin-top: 0; color: inherit; opacity: 0.8;'>Opciones de Color<\/h3>\n<p style='font-size: 15px; margin-bottom: 15px; color: inherit;'>La placa est\u00e1 disponible en blanco (WH). Para otras opciones de color&comma; reemplazar el sufijo IW (Blanco) por EI (Blanco El\u00e9ctrico)&comma; IG (Gris Internacional)&comma; BL (Negro)&comma; OR (Naranja)&comma; RD (Rojo)&comma; BU (Azul)&comma; GR (Verde)&comma; YL (Amarillo)&comma; o VL (Violeta).<\/p>\n<p style='font-size: 15px; margin-bottom: 0; color: inherit;'><strong>Modelo actual:<\/strong> CFP4WH (Blanco)<\/p>\n<\/p><\/div>\n<\/p><\/div>\n<\/p><\/div>\n","protected":false},"excerpt":{"rendered":"<p>Placa de Pared Vertical Cl?sica, Salida Para 4 Puertos Mini-Com, Color Blanco<\/p>\n","protected":false},"featured_media":13370,"comment_status":"open","ping_status":"closed","template":"","meta":[],"product_brand":[],"product_cat":[601],"product_tag":[586,602,445],"class_list":{"0":"post-13371","1":"product","2":"type-product","3":"status-publish","4":"has-post-thumbnail","6":"product_cat-faceplates","7":"product_tag-cableado-de-cobre","8":"product_tag-faceplates","9":"product_tag-panduit","11":"first","12":"instock","13":"sale","14":"shipping-taxable","15":"purchasable","16":"product-type-simple"},"_links":{"self":[{"href":"https:\/\/soydeaqui.ddns.net\/pachuca\/index.php\/wp-json\/wp\/v2\/product\/13371","targetHints":{"allow":["GET"]}}],"collection":[{"href":"https:\/\/soydeaqui.ddns.net\/pachuca\/index.php\/wp-json\/wp\/v2\/product"}],"about":[{"href":"https:\/\/soydeaqui.ddns.net\/pachuca\/index.php\/wp-json\/wp\/v2\/types\/product"}],"replies":[{"embeddable":true,"href":"https:\/\/soydeaqui.ddns.net\/pachuca\/index.php\/wp-json\/wp\/v2\/comments?post=13371"}],"wp:featuredmedia":[{"embeddable":true,"href":"https:\/\/soydeaqui.ddns.net\/pachuca\/index.php\/wp-json\/wp\/v2\/media\/13370"}],"wp:attachment":[{"href":"https:\/\/soydeaqui.ddns.net\/pachuca\/index.php\/wp-json\/wp\/v2\/media?parent=13371"}],"wp:term":[{"taxonomy":"product_brand","embeddable":true,"href":"https:\/\/soydeaqui.ddns.net\/pachuca\/index.php\/wp-json\/wp\/v2\/product_brand?post=13371"},{"taxonomy":"product_cat","embeddable":true,"href":"https:\/\/soydeaqui.ddns.net\/pachuca\/index.php\/wp-json\/wp\/v2\/product_cat?post=13371"},{"taxonomy":"product_tag","embeddable":true,"href":"https:\/\/soydeaqui.ddns.net\/pachuca\/index.php\/wp-json\/wp\/v2\/product_tag?post=13371"}],"curies":[{"name":"wp","href":"https:\/\/api.w.org\/{rel}","templated":true}]}}