{"id":12761,"date":"2026-03-18T08:09:11","date_gmt":"2026-03-18T08:09:11","guid":{"rendered":"https:\/\/soydeaqui.ddns.net\/pachuca\/index.php\/producto\/caja-universal-vacia-de-1-modulo-para-instalacion-en-escritorio-voz-datos-video-contactos-electricos-no-incluye-accesorios\/"},"modified":"2026-03-18T08:09:15","modified_gmt":"2026-03-18T08:09:15","slug":"caja-universal-vacia-de-1-modulo-para-instalacion-en-escritorio-voz-datos-video-contactos-electricos-no-incluye-accesorios","status":"publish","type":"product","link":"https:\/\/soydeaqui.ddns.net\/pachuca\/index.php\/producto\/caja-universal-vacia-de-1-modulo-para-instalacion-en-escritorio-voz-datos-video-contactos-electricos-no-incluye-accesorios\/","title":{"rendered":"Caja universal vac\u00eda de 1 m\u00f3dulo para instalaci\u00f3n en escritorio (voz, datos, v\u00eddeo, contactos el\u00e9ctricos), (No incluye accesorios)"},"content":{"rendered":"<div style='width: 100%; max-width: 1200px; margin: 0 auto; font-family: sans-serif; line-height: 1.6; color: inherit; background-color: transparent;'>\n<div style='display: flex; flex-wrap: wrap; gap: 30px; margin-bottom: 30px;'>\n<div style='flex: 1 1 300px; min-width: 280px;'>\n<h3 style='font-size: 22px; border-bottom: 2px solid currentColor; padding-bottom: 5px; margin-top: 0; color: inherit; opacity: 0.8;'>Caracter\u00edsticas Generales<\/h3>\n<ul style='padding-left: 20px; font-size: 15px; color: inherit;'>\n<li style='margin-bottom: 5px;'>Ideal para mesas de reuniones donde existe la necesidad de gran concentraci\u00f3n de puntos el\u00e9ctricos y \/ o telecomunicaciones<\/li>\n<li style='margin-bottom: 5px;'>Fabricado en perfil de aluminio extruido con terminaci\u00f3n anodizada<\/li>\n<li style='margin-bottom: 5px;'>Uso en interiores y libres de humedad<\/li>\n<li style='margin-bottom: 5px;'>Ideal para usar en proyectos personalizados&comma; mesas tipo plataformas de trabajo y sala de juntas<\/li>\n<\/ul><\/div>\n<\/p><\/div>\n<div style='display: flex; flex-wrap: wrap; gap: 20px; margin-bottom: 30px;'>\n<div style='flex: 1 1 250px; border: 1px solid rgba(150&comma; 150&comma; 150&comma; 0.4); border-radius: 8px; overflow: hidden; display: flex; flex-direction: column;'>\n<div style='padding: 15px; border-bottom: 1px solid rgba(150&comma; 150&comma; 150&comma; 0.2); font-weight: bold; font-size: 18px; color: inherit;'>Propiedades del producto<\/div>\n<div style='padding: 15px; color: inherit;'>\n<ul style='padding-left: 20px; margin: 0; font-size: 14px; list-style-type: disc;'>\n<li style='margin-bottom: 5px;'><strong>Color:<\/strong> Gris plata<\/li>\n<li style='margin-bottom: 5px;'><strong>Bastidor y tapa:<\/strong> Con abertura mec\u00e1nica&comma; pasa cables con cepillo y tapas terminales (incluye 4 tornillos)<\/li>\n<li style='margin-bottom: 5px;'><strong>Espesor de la base:<\/strong> 1.0 mm<\/li>\n<li style='margin-bottom: 5px;'><strong>Temperatura de operaci\u00f3n:<\/strong> -20\u00baC a +80\u00baC<\/li>\n<li style='margin-bottom: 5px;'><strong>Conductividad El\u00e9ctrica (%IACS) a 20\u00baC:<\/strong> 37%<\/li>\n<li style='margin-bottom: 5px;'><strong>Peso de la base y tapa 1M:<\/strong> 651 gr<\/li>\n<li style='margin-bottom: 5px;'><strong>Peso de la base y tapa 2M:<\/strong> 651 gr<\/li>\n<\/ul><\/div>\n<\/p><\/div>\n<\/p><\/div>\n<div style='display: flex; flex-wrap: wrap; gap: 30px; margin-bottom: 30px;'>\n<div style='flex: 1 1 300px; min-width: 280px;'>\n<div style='width: 100%; margin-bottom: 15px;'> <img style='width: 100%; height: auto; border: 1px solid rgba(150&comma;150&comma;150&comma;0.3); border-radius: 8px;' src='http:\/\/ftp3.syscom.mx\/usuarios\/jdelafuente\/THORSMAN\/THORSMAN%20logo.jpg' alt='Logo THORSMAN' \/> <\/div>\n<\/p><\/div>\n<\/p><\/div>\n<hr style='border: 0; border-top: 1px solid rgba(150&comma; 150&comma; 150&comma; 0.3); margin: 30px 0;'> <\/div>\n","protected":false},"excerpt":{"rendered":"<p>Caja universal vac\u00eda de 1 m\u00f3dulo para instalaci\u00f3n en escritorio (voz, datos, v\u00eddeo, contactos el\u00e9ctricos), (No incluye accesorios)<\/p>\n","protected":false},"featured_media":12760,"comment_status":"open","ping_status":"closed","template":"","meta":[],"product_brand":[],"product_cat":[585],"product_tag":[586,587,583],"class_list":{"0":"post-12761","1":"product","2":"type-product","3":"status-publish","4":"has-post-thumbnail","6":"product_cat-cajas-superficiales","7":"product_tag-cableado-de-cobre","8":"product_tag-cajas-superficiales","9":"product_tag-thorsman","11":"first","12":"outofstock","13":"sale","14":"shipping-taxable","15":"purchasable","16":"product-type-simple"},"_links":{"self":[{"href":"https:\/\/soydeaqui.ddns.net\/pachuca\/index.php\/wp-json\/wp\/v2\/product\/12761","targetHints":{"allow":["GET"]}}],"collection":[{"href":"https:\/\/soydeaqui.ddns.net\/pachuca\/index.php\/wp-json\/wp\/v2\/product"}],"about":[{"href":"https:\/\/soydeaqui.ddns.net\/pachuca\/index.php\/wp-json\/wp\/v2\/types\/product"}],"replies":[{"embeddable":true,"href":"https:\/\/soydeaqui.ddns.net\/pachuca\/index.php\/wp-json\/wp\/v2\/comments?post=12761"}],"wp:featuredmedia":[{"embeddable":true,"href":"https:\/\/soydeaqui.ddns.net\/pachuca\/index.php\/wp-json\/wp\/v2\/media\/12760"}],"wp:attachment":[{"href":"https:\/\/soydeaqui.ddns.net\/pachuca\/index.php\/wp-json\/wp\/v2\/media?parent=12761"}],"wp:term":[{"taxonomy":"product_brand","embeddable":true,"href":"https:\/\/soydeaqui.ddns.net\/pachuca\/index.php\/wp-json\/wp\/v2\/product_brand?post=12761"},{"taxonomy":"product_cat","embeddable":true,"href":"https:\/\/soydeaqui.ddns.net\/pachuca\/index.php\/wp-json\/wp\/v2\/product_cat?post=12761"},{"taxonomy":"product_tag","embeddable":true,"href":"https:\/\/soydeaqui.ddns.net\/pachuca\/index.php\/wp-json\/wp\/v2\/product_tag?post=12761"}],"curies":[{"name":"wp","href":"https:\/\/api.w.org\/{rel}","templated":true}]}}