{"id":12540,"date":"2026-03-18T08:05:46","date_gmt":"2026-03-18T08:05:46","guid":{"rendered":"https:\/\/soydeaqui.ddns.net\/pachuca\/index.php\/producto\/carrete-de-4-kilmetros-de-fibra-ptica-area-adss-g-652d-monomodo-de-96-hilos-exterior-span-100-loose-tube\/"},"modified":"2026-03-18T08:05:47","modified_gmt":"2026-03-18T08:05:47","slug":"carrete-de-4-kilmetros-de-fibra-ptica-area-adss-g-652d-monomodo-de-96-hilos-exterior-span-100-loose-tube","status":"publish","type":"product","link":"https:\/\/soydeaqui.ddns.net\/pachuca\/index.php\/producto\/carrete-de-4-kilmetros-de-fibra-ptica-area-adss-g-652d-monomodo-de-96-hilos-exterior-span-100-loose-tube\/","title":{"rendered":"Carrete de 4 Kil?metros de Fibra ?ptica A?rea (ADSS) G.652D, Monomodo de 96 Hilos, Exterior, Span 100, Loose Tube"},"content":{"rendered":"<div style='width: 100%; max-width: 1200px; margin: 0 auto; font-family: sans-serif; line-height: 1.6; color: inherit; background-color: transparent;'>\n<div style='display: flex; flex-direction: column; align-items: center; margin-bottom: 30px;'> <img style='width: 100%; max-width: 432px; height: auto; border: 1px solid rgba(150&comma;150&comma;150&comma;0.3); border-radius: 8px;' src='https:\/\/ftp3.syscom.mx\/usuarios\/orobles\/FiberHome\/linkedpro_by_fiberhome_logo2.png' alt='Logo'> <\/div>\n<div style='margin-bottom: 30px;'>\n<p style='font-size: 16px; color: inherit;'>El cable de fibra \u00f3ptica ADSS (All Dielectric Self Supported&comma; completamente diel\u00e9ctrico y autosoportado) est\u00e1 dise\u00f1ado para instalaciones a\u00e9reas entre postes. Los cables ADSS resisten la tracci\u00f3n necesaria gracias a los hilos de aramida&comma; no contiene elementos met\u00e1licos.<\/p>\n<\/p><\/div>\n<div style='display: flex; flex-wrap: wrap; gap: 20px; margin-bottom: 30px;'>\n<div style='flex: 1 1 250px; border: 1px solid rgba(150&comma;150&comma;150&comma;0.4); border-radius: 8px; overflow: hidden; display: flex; flex-direction: column;'>\n<div style='padding: 15px; border-bottom: 1px solid rgba(150&comma;150&comma;150&comma;0.2); font-weight: bold; font-size: 18px; color: inherit;'>Especificaciones T\u00e9cnicas<\/div>\n<div style='padding: 15px; color: inherit;'>\n<ul style='padding-left: 20px; margin: 0; font-size: 14px; list-style-type: disc; color: inherit;'>\n<li style='margin-bottom: 5px;'><strong>Fibra \u00d3ptica:<\/strong> ADSS G.652D Monomodo Loose Tube<\/li>\n<li style='margin-bottom: 5px;'><strong>Cubierta Exterior:<\/strong> HDPE (Polietileno de Alta Densidad)<\/li>\n<li style='margin-bottom: 5px;'><strong>M\u00e1xima tensi\u00f3n:<\/strong> 2900 N<\/li>\n<li style='margin-bottom: 5px;'><strong>Anti-tracking:<\/strong> Hasta 110kV<\/li>\n<li style='margin-bottom: 5px;'><strong>Temperatura de operaci\u00f3n:<\/strong> -20\u00baC ~ +65\u00baC<\/li>\n<li style='margin-bottom: 5px;'><strong>Span:<\/strong> 100 metros<\/li>\n<li style='margin-bottom: 5px;'><strong>Protecci\u00f3n:<\/strong> Contra rayos UV y humedad<\/li>\n<li style='margin-bottom: 5px;'><strong>Di\u00e1metro nominal:<\/strong> 11.4 \u00b1 0.3 mm<\/li>\n<li style='margin-bottom: 5px;'><strong>Radio m\u00ednimo de curvatura:<\/strong> Instalaci\u00f3n 25D&comma; Operaci\u00f3n 12.5D<\/li>\n<li style='margin-bottom: 5px;'><strong>Resistencia al aplastamiento:<\/strong> 1000N\/10cm<\/li>\n<li style='margin-bottom: 5px;'><strong>Peso nominal:<\/strong> 101 \u00b1 15 kg\/km<\/li>\n<li style='margin-bottom: 5px;'><strong>Hilos:<\/strong> 96<\/li>\n<li style='margin-bottom: 5px;'><strong>Color:<\/strong> Forro Negro<\/li>\n<li style='margin-bottom: 5px;'><strong>Longitud:<\/strong> Precio por carrete de 4 km<\/li>\n<li style='margin-bottom: 5px;'><strong>Dimensiones del carrete:<\/strong> 1450 x 1450 x 750 mm<\/li>\n<li style='margin-bottom: 5px;'><strong>Peso Bruto:<\/strong> 512 kg<\/li>\n<\/ul><\/div>\n<\/p><\/div>\n<\/p><\/div>\n<div style='display: flex; flex-direction: column; align-items: center; margin: 30px 0;'> <img style='width: 100%; max-width: 900px; height: auto; border: 1px solid rgba(150&comma;150&comma;150&comma;0.3); border-radius: 8px;' src='https:\/\/ftp3.syscom.mx\/usuarios\/fotos\/OCADSS06CS100\/4KM\/196779-cable_performance.png' alt='Cable Performance'> <\/div>\n<div style='display: flex; flex-direction: column; gap: 15px; margin-top: 30px;'>\n<div style='border: 1px solid rgba(150&comma;150&comma;150&comma;0.4); border-radius: 8px; padding: 15px;'>\n<p style='margin: 0 0 10px 0; font-weight: bold; font-size: 16px; color: inherit;'>Tensor tipo abrazadera compatible<\/p>\n<p style='margin: 0;'> <a href='https:\/\/www.syscom.mx\/producto\/LP-AC1014-LINKEDPRO-BY-EPCOM-225147.html' target='_blank' rel='noopener' style='color: inherit; text-decoration: underline;'>LP-AC1014<\/a> <\/p>\n<\/p><\/div>\n<div style='border: 1px solid rgba(150&comma;150&comma;150&comma;0.4); border-radius: 8px; padding: 15px;'>\n<p style='margin: 0 0 10px 0; font-weight: bold; font-size: 16px; color: inherit;'>Preformados compatibles<\/p>\n<div style='display: flex; flex-direction: column; gap: 8px;'>\n<p style='margin: 0;'> <a href='https:\/\/www.syscom.mx\/producto\/LP-RP1112-LINKEDPRO-BY-EPCOM-236393.html' target='_blank' rel='noopener' style='color: inherit; text-decoration: underline;'>LP-RP1112<\/a> <\/p>\n<p style='margin: 0;'> <a href='https:\/\/www.syscom.mx\/principal\/searchcont?route=DELT-003-PLP-206953' target='_blank' rel='noopener' style='color: inherit; text-decoration: underline;'>DELT-003<\/a> <\/p>\n<\/p><\/div>\n<\/p><\/div>\n<\/p><\/div>\n<\/p><\/div>\n","protected":false},"excerpt":{"rendered":"<p>Carrete de 4 Kil?metros de Fibra ?ptica A?rea (ADSS) G.652D, Monomodo de 96 Hilos, Exterior, Span 100, Loose Tube<\/p>\n","protected":false},"featured_media":12539,"comment_status":"open","ping_status":"closed","template":"","meta":[],"product_brand":[],"product_cat":[625],"product_tag":[488,611,673],"class_list":{"0":"post-12540","1":"product","2":"type-product","3":"status-publish","4":"has-post-thumbnail","6":"product_cat-fibra-optica-cables-y-conectores","7":"product_tag-cables-y-conectores","8":"product_tag-fibra-optica","9":"product_tag-linkedpro-by-fiberhome","11":"first","12":"instock","13":"sale","14":"shipping-taxable","15":"purchasable","16":"product-type-simple"},"_links":{"self":[{"href":"https:\/\/soydeaqui.ddns.net\/pachuca\/index.php\/wp-json\/wp\/v2\/product\/12540","targetHints":{"allow":["GET"]}}],"collection":[{"href":"https:\/\/soydeaqui.ddns.net\/pachuca\/index.php\/wp-json\/wp\/v2\/product"}],"about":[{"href":"https:\/\/soydeaqui.ddns.net\/pachuca\/index.php\/wp-json\/wp\/v2\/types\/product"}],"replies":[{"embeddable":true,"href":"https:\/\/soydeaqui.ddns.net\/pachuca\/index.php\/wp-json\/wp\/v2\/comments?post=12540"}],"wp:featuredmedia":[{"embeddable":true,"href":"https:\/\/soydeaqui.ddns.net\/pachuca\/index.php\/wp-json\/wp\/v2\/media\/12539"}],"wp:attachment":[{"href":"https:\/\/soydeaqui.ddns.net\/pachuca\/index.php\/wp-json\/wp\/v2\/media?parent=12540"}],"wp:term":[{"taxonomy":"product_brand","embeddable":true,"href":"https:\/\/soydeaqui.ddns.net\/pachuca\/index.php\/wp-json\/wp\/v2\/product_brand?post=12540"},{"taxonomy":"product_cat","embeddable":true,"href":"https:\/\/soydeaqui.ddns.net\/pachuca\/index.php\/wp-json\/wp\/v2\/product_cat?post=12540"},{"taxonomy":"product_tag","embeddable":true,"href":"https:\/\/soydeaqui.ddns.net\/pachuca\/index.php\/wp-json\/wp\/v2\/product_tag?post=12540"}],"curies":[{"name":"wp","href":"https:\/\/api.w.org\/{rel}","templated":true}]}}