{"id":12525,"date":"2026-03-18T08:05:31","date_gmt":"2026-03-18T08:05:31","guid":{"rendered":"https:\/\/soydeaqui.ddns.net\/pachuca\/index.php\/producto\/cinta-electrica-stronghold-para-aislar-de-pvc-uso-general-reparacion-y-mantenimiento-grosor-de-0-18mm-7-mil-ancho-de-19mm-y-20-12m-de-largo-color-cafe\/"},"modified":"2026-03-18T08:05:34","modified_gmt":"2026-03-18T08:05:34","slug":"cinta-electrica-stronghold-para-aislar-de-pvc-uso-general-reparacion-y-mantenimiento-grosor-de-0-18mm-7-mil-ancho-de-19mm-y-20-12m-de-largo-color-cafe","status":"publish","type":"product","link":"https:\/\/soydeaqui.ddns.net\/pachuca\/index.php\/producto\/cinta-electrica-stronghold-para-aislar-de-pvc-uso-general-reparacion-y-mantenimiento-grosor-de-0-18mm-7-mil-ancho-de-19mm-y-20-12m-de-largo-color-cafe\/","title":{"rendered":"Cinta El\u00e9ctrica STRONGHOLD para Aislar, de PVC, Uso General Reparaci\u00f3n y Mantenimiento, Grosor de 0.18mm (7 mil), Ancho de 19mm, y 20.12m de Largo, Color Caf\u00e9"},"content":{"rendered":"<div style='width: 100%; max-width: 1200px; margin: 0 auto; font-family: sans-serif; line-height: 1.6; color: inherit; background-color: transparent;'>\n<div style='display: flex; flex-wrap: wrap; gap: 30px; margin-bottom: 30px;'>\n<div style='flex: 1 1 300px; min-width: 280px;'>\n<h3 style='font-size: 22px; border-bottom: 2px solid currentColor; padding-bottom: 5px; margin-top: 0; color: inherit; opacity: 0.8;'>Caracter\u00edsticas<\/h3>\n<ul style='padding-left: 20px; font-size: 15px; color: inherit;'>\n<li style='margin-bottom: 5px;'>Excelentes propiedades de conformaci\u00f3n y facilidad para romperla gracias a su capacidad de alargamiento o elongaci\u00f3n<\/li>\n<li style='margin-bottom: 5px;'>Adhesivo no corrosivo y sensible a la presi\u00f3n&comma; elimina la necesidad del uso de catalizadores durante su aplicaci\u00f3n<\/li>\n<li style='margin-bottom: 5px;'>Las cintas son ign\u00edfugas y resistentes&comma; y sirven como aislante primario al utilizarse como aislador de hasta 600V<\/li>\n<\/ul><\/div>\n<\/p><\/div>\n<div style='display: flex; flex-wrap: wrap; gap: 20px; margin-bottom: 30px;'>\n<div style='flex: 1 1 250px; border: 1px solid rgba(150&comma; 150&comma; 150&comma; 0.4); border-radius: 8px; overflow: hidden; display: flex; flex-direction: column;'>\n<div style='padding: 15px; border-bottom: 1px solid rgba(150&comma; 150&comma; 150&comma; 0.2); font-weight: bold; font-size: 18px; color: inherit;'>Especificaciones t\u00e9cnicas<\/div>\n<div style='padding: 15px; color: inherit;'>\n<ul style='padding-left: 20px; margin: 0; font-size: 14px; list-style-type: disc;'>\n<li style='margin-bottom: 5px;'><strong>Material:<\/strong> PVC<\/li>\n<li style='margin-bottom: 5px;'><strong>Ambiente:<\/strong> Interior\/Exterior<\/li>\n<li style='margin-bottom: 5px;'><strong>Temperatura de operaci\u00f3n:<\/strong> -10\u00baC a 80\u00baC<\/li>\n<li style='margin-bottom: 5px;'><strong>Fuerza de rotura:<\/strong> 24.72 N\/cm TYP<\/li>\n<li style='margin-bottom: 5px;'><strong>Fuerza de adhesi\u00f3n:<\/strong> 1.97 N\/cm TYP<\/li>\n<li style='margin-bottom: 5px;'><strong>Elongaci\u00f3n:<\/strong> 200% TYP<\/li>\n<li style='margin-bottom: 5px;'><strong>Tensi\u00f3n de ruptura diel\u00e9ctrica:<\/strong> 7000 V<\/li>\n<li style='margin-bottom: 5px;'><strong>Flamabilidad:<\/strong> UL 510<\/li>\n<li style='margin-bottom: 5px;'><strong>Material de soporte adhesivo:<\/strong> Caucho<\/li>\n<li style='margin-bottom: 5px;'><strong>Durabilidad:<\/strong> 5 a\u00f1os<\/li>\n<\/ul><\/div>\n<\/p><\/div>\n<div style='flex: 1 1 250px; border: 1px solid rgba(150&comma; 150&comma; 150&comma; 0.4); border-radius: 8px; overflow: hidden; display: flex; flex-direction: column;'>\n<div style='padding: 15px; border-bottom: 1px solid rgba(150&comma; 150&comma; 150&comma; 0.2); font-weight: bold; font-size: 18px; color: inherit;'>Especificaciones dimensionales<\/div>\n<div style='padding: 15px; color: inherit;'>\n<ul style='padding-left: 20px; margin: 0; font-size: 14px; list-style-type: disc;'>\n<li style='margin-bottom: 5px;'><strong>Espesor:<\/strong> 0.18 mm<\/li>\n<li style='margin-bottom: 5px;'><strong>Ancho:<\/strong> 19.05 mm<\/li>\n<li style='margin-bottom: 5px;'><strong>Largo:<\/strong> 20.12 metros<\/li>\n<\/ul><\/div>\n<\/p><\/div>\n<\/p><\/div>\n<div style='display: flex; flex-wrap: wrap; gap: 30px; margin-bottom: 30px;'>\n<div style='flex: 1 1 300px; min-width: 280px;'>\n<h3 style='font-size: 22px; border-bottom: 2px solid currentColor; padding-bottom: 5px; margin-top: 0; color: inherit; opacity: 0.8;'>Notas<\/h3>\n<p style='font-size: 14px; margin: 0 0 10px; color: inherit;'><strong>N\/cm se refiere a Newtons por cent\u00edmetro. TYP se refiere al valor t\u00edpico.<\/strong><\/p>\n<\/p><\/div>\n<\/p><\/div>\n<div style='display: flex; flex-wrap: wrap; gap: 30px; margin-bottom: 30px;'>\n<div style='flex: 1 1 300px; min-width: 280px;'>\n<h3 style='font-size: 22px; border-bottom: 2px solid currentColor; padding-bottom: 5px; margin-top: 0; color: inherit; opacity: 0.8;'>Demostraci\u00f3n<\/h3>\n<div style='position: relative; padding-bottom: 56.25%; height: 0; overflow: hidden; margin-bottom: 30px;'>   <\/div>\n<\/p><\/div>\n<\/p><\/div>\n<hr style='border: 0; border-top: 1px solid rgba(150&comma; 150&comma; 150&comma; 0.3); margin: 30px 0;'> <\/div>\n","protected":false},"excerpt":{"rendered":"<p>Cinta El\u00e9ctrica STRONGHOLD para Aislar, de PVC, Uso General Reparaci\u00f3n y Mantenimiento, Grosor de 0.18mm (7 mil), Ancho de 19mm, y 20.12m de Largo, Color Caf\u00e9<\/p>\n","protected":false},"featured_media":12524,"comment_status":"open","ping_status":"closed","template":"","meta":[],"product_brand":[],"product_cat":[574],"product_tag":[572,575,445],"class_list":{"0":"post-12525","1":"product","2":"type-product","3":"status-publish","4":"has-post-thumbnail","6":"product_cat-fijacion","7":"product_tag-canalizacion","8":"product_tag-fijacion","9":"product_tag-panduit","11":"first","12":"instock","13":"sale","14":"shipping-taxable","15":"purchasable","16":"product-type-simple"},"_links":{"self":[{"href":"https:\/\/soydeaqui.ddns.net\/pachuca\/index.php\/wp-json\/wp\/v2\/product\/12525","targetHints":{"allow":["GET"]}}],"collection":[{"href":"https:\/\/soydeaqui.ddns.net\/pachuca\/index.php\/wp-json\/wp\/v2\/product"}],"about":[{"href":"https:\/\/soydeaqui.ddns.net\/pachuca\/index.php\/wp-json\/wp\/v2\/types\/product"}],"replies":[{"embeddable":true,"href":"https:\/\/soydeaqui.ddns.net\/pachuca\/index.php\/wp-json\/wp\/v2\/comments?post=12525"}],"wp:featuredmedia":[{"embeddable":true,"href":"https:\/\/soydeaqui.ddns.net\/pachuca\/index.php\/wp-json\/wp\/v2\/media\/12524"}],"wp:attachment":[{"href":"https:\/\/soydeaqui.ddns.net\/pachuca\/index.php\/wp-json\/wp\/v2\/media?parent=12525"}],"wp:term":[{"taxonomy":"product_brand","embeddable":true,"href":"https:\/\/soydeaqui.ddns.net\/pachuca\/index.php\/wp-json\/wp\/v2\/product_brand?post=12525"},{"taxonomy":"product_cat","embeddable":true,"href":"https:\/\/soydeaqui.ddns.net\/pachuca\/index.php\/wp-json\/wp\/v2\/product_cat?post=12525"},{"taxonomy":"product_tag","embeddable":true,"href":"https:\/\/soydeaqui.ddns.net\/pachuca\/index.php\/wp-json\/wp\/v2\/product_tag?post=12525"}],"curies":[{"name":"wp","href":"https:\/\/api.w.org\/{rel}","templated":true}]}}