{"id":120319,"date":"2026-03-24T06:41:33","date_gmt":"2026-03-24T06:41:33","guid":{"rendered":"https:\/\/soydeaqui.ddns.net\/pachuca\/index.php\/producto\/cable-ptico-toslink-s-pdif-de-alta-calidad-para-audio-digital-3-metros-9-84-pies-tapa-de-proteccin-dolby-7-1-canales-diseo-durable-plug-play-color-negro\/"},"modified":"2026-03-24T06:41:51","modified_gmt":"2026-03-24T06:41:51","slug":"cable-ptico-toslink-s-pdif-de-alta-calidad-para-audio-digital-3-metros-9-84-pies-tapa-de-proteccin-dolby-7-1-canales-diseo-durable-plug-play-color-negro","status":"publish","type":"product","link":"https:\/\/soydeaqui.ddns.net\/pachuca\/index.php\/producto\/cable-ptico-toslink-s-pdif-de-alta-calidad-para-audio-digital-3-metros-9-84-pies-tapa-de-proteccin-dolby-7-1-canales-diseo-durable-plug-play-color-negro\/","title":{"rendered":"Cable ?ptico Toslink (S\/PDIF) de Alta Calidad para Audio Digital \/ 3 Metros (9.84 Pies) \/ Tapa de Protecci?n \/ Dolby 7.1 Canales \/ Dise?o Durable \/ Plug &#038; Play \/ Color Negro"},"content":{"rendered":"<div style='width: 100%; max-width: 1200px; margin: 0 auto; font-family: sans-serif; line-height: 1.6; color: inherit; background-color: transparent;'>\n<div style='width: 100%; margin-bottom: 30px;'> <img style='width: 100%; height: auto; border: 1px solid rgba(150&comma;150&comma;150&comma;0.3); border-radius: 8px;' src='http:\/\/ftp3.syscom.mx\/usuarios\/hallende\/UGREEN2\/Audio\/70893\/70893-10.jpg' alt=''> <\/div>\n<div style='display: flex; flex-wrap: wrap; gap: 30px; margin-bottom: 30px;'>\n<div style='flex: 1 1 300px; min-width: 280px;'>\n<h3 style='font-size: 22px; border-bottom: 2px solid currentColor; padding-bottom: 5px; margin-top: 0; color: inherit; opacity: 0.8;'>Caracter\u00edsticas Principales<\/h3>\n<ul style='padding-left: 20px; font-size: 15px; color: inherit;'>\n<li style='margin-bottom: 5px;'>La tapa transparente est\u00e1 dise\u00f1ada para proteger la cabeza de fibra convexa al sacar&comma; la cubierta de PVC ambiental de alta calidad proporciona una buena flexibilidad y resistencia&comma; dando a este cable una larga vida \u00fatil.<\/li>\n<li style='margin-bottom: 5px;'>El cable de audio de fibra \u00f3ptica evita el sonido de ondas electromagn\u00e9ticas y frecuencias de radio&comma; transmite una se\u00f1al m\u00e1s pura&comma; ofreciendo un audio m\u00e1s claro para una reproducci\u00f3n m\u00e1s genuina del sonido original grabado&comma; compatible con PCM\/Dolby\/DTS\/5.1\/7.1.<\/li>\n<li style='margin-bottom: 5px;'>Tiene un dise\u00f1o de hebilla en la interfaz \u00f3ptica S\/PDIF para asegurarse de que el conector se mantiene firmemente en el puerto SPDIF\/\u00f3ptico\/OPT\/Toslink&comma; sin preocuparse por aflojar o caerse.<\/li>\n<li style='margin-bottom: 5px;'>Compatible con cualquier dispositivo con SPDIF \/ \u00d3ptical \/ OPT \/ Toslink&comma; tales como reproductores Blu-ray&comma; reproductor de CD\/DVD&comma; equipos de alta fidelidad est\u00e9reo&comma; sistema de sonido envolvente centros multimedia&comma; receptor\/preamplificador&comma; procesador de audio&comma; DAC&comma; decodificador&comma; etc. Equipos de entretenimiento en el hogar&comma; LG OLED TV&comma; Smart TV&comma; Sky Q 2TB \/ 1TB Box&comma; home cinema&comma; ordenadores&comma; Sistemas de juego como: PlayStation 3 (PS3)&comma; PlayStation 4 (PS4)&comma; XBOX One&comma; XBOX 360&comma; Xbox One X \/ S. Barras de sonido (tales como Sonos ARC&comma; Sonos Beam&comma; Yamaha YAS-109&comma; LG SK8&comma; Sony HT-X8500&comma; Vizio SB362An-F6&comma; Hitachi)<\/li>\n<li style='margin-bottom: 5px;'><strong>M\u00faltiples Formatos de Audio:<\/strong> Adem\u00e1s del sonido est\u00e9reo convencional&comma; tambi\u00e9n puede transmitir formato de audio digital envolventes como Dolby TrueHD&comma; Dolby Digital&comma; DTS&comma; DTS-HD Master Audio&comma; DVD Audio&comma; LPCM&comma; SACD&comma; MPCM&comma; sonido 3D&comma; 5.1&comma; 7.1.<\/li>\n<li style='margin-bottom: 5px;'><strong>Sonido Est\u00e9reo Inigualable:<\/strong> La se\u00f1al de audio de UGREEN cables toslink S\/PDIF fibra \u00f3ptica se propaga a trav\u00e9s de pulsos de luz&comma; inmunes a las interferencias el\u00e9ctricas y magn\u00e9ticas&comma; sin ruido de corriente. Es primera opci\u00f3n para el cine en casa&comma; escuchar m\u00fasica y consolas de juegos.<\/li>\n<\/ul><\/div>\n<\/p><\/div>\n<div style='display: flex; flex-wrap: wrap; gap: 30px; margin-bottom: 30px;'>\n<div style='flex: 1 1 300px; min-width: 280px;'>\n<h3 style='font-size: 22px; border-bottom: 2px solid currentColor; padding-bottom: 5px; margin-top: 0; color: inherit; opacity: 0.8;'>Caracter\u00edsticas Especiales<\/h3>\n<ul style='padding-left: 20px; font-size: 15px; color: inherit;'>\n<li style='margin-bottom: 5px;'><strong>Transmisi\u00f3n de se\u00f1al de alta velocidad:<\/strong> La lente convexa altamente pulida de las cabezas de la \u00f3ptica de fibra es medio confiable para enfocar de vigas \u00f3pticas y reducir la reflexi\u00f3n en la pared interna&comma; esto aumenta efectivamente la velocidad de transmisi\u00f3n.<\/li>\n<li style='margin-bottom: 5px;'><strong>Robusto y Resistente:<\/strong> Contactores chapados en oro con dos capuchones de silicona para evitar la oxidaci\u00f3n&comma; el \u00f3xido o el da\u00f1o al enchufar. Con cuerpo de hilo de PVC el\u00e1stico&comma; suave y resistente al desgaste&comma; f\u00e1cil de doblar.<\/li>\n<li style='margin-bottom: 5px;'><strong>F\u00e1cil de Usar:<\/strong> Tiene un sencillo manejo&comma; simplemente conecta cada extremo a su puerto correspondiente en un dispositivo compatible y ya est\u00e1 listo para usar.<\/li>\n<\/ul><\/div>\n<\/p><\/div>\n<div style='width: 100%; margin-bottom: 30px;'> <img style='width: 100%; height: auto; border: 1px solid rgba(150&comma;150&comma;150&comma;0.3); border-radius: 8px;' src='http:\/\/ftp3.syscom.mx\/usuarios\/hallende\/UGREEN2\/Audio\/70893\/70893-11.jpg' alt=''> <\/div>\n<div style='width: 100%; margin-bottom: 30px;'>\n<h3 style='font-size: 22px; border-bottom: 2px solid currentColor; padding-bottom: 5px; margin-top: 0; color: inherit; opacity: 0.8;'>Aplicaciones<\/h3>\n<p> <img style='width: 100%; height: auto; border: 1px solid rgba(150&comma;150&comma;150&comma;0.3); border-radius: 8px;' src='http:\/\/ftp3.syscom.mx\/usuarios\/hallende\/UGREEN2\/Audio\/70893\/70893-12.jpg' alt=''> <\/div>\n<div style='display: flex; flex-wrap: wrap; gap: 20px; margin-bottom: 30px;'>\n<div style='flex: 1 1 250px; border: 1px solid rgba(150&comma; 150&comma; 150&comma; 0.4); border-radius: 8px; overflow: hidden; display: flex; flex-direction: column;'>\n<div style='padding: 15px; border-bottom: 1px solid rgba(150&comma; 150&comma; 150&comma; 0.2); font-weight: bold; font-size: 18px; color: inherit;'>Especificaciones<\/div>\n<div style='padding: 15px; color: inherit;'>\n<ul style='padding-left: 20px; margin: 0; font-size: 14px; list-style-type: disc;'>\n<li style='margin-bottom: 5px;'>Longitud del Cable: 3 metros<\/li>\n<li style='margin-bottom: 5px;'>Tipo de conector Toslink a Toslink<\/li>\n<li style='margin-bottom: 5px;'>Compatible con S\/PDIF&comma; ADAT&comma; Dolby Digital y DTS<\/li>\n<li style='margin-bottom: 5px;'>Puntas de goma extra\u00edbles para proteger el cable cuando no est\u00e1 en uso<\/li>\n<li style='margin-bottom: 5px;'>1 A\u00f1o de Garant\u00eda por defectos de fabricaci\u00f3n<\/li>\n<\/ul><\/div>\n<\/p><\/div>\n<\/p><\/div>\n<\/p><\/div>\n","protected":false},"excerpt":{"rendered":"<p>Cable ?ptico Toslink (S\/PDIF) de Alta Calidad para Audio Digital \/ 3 Metros (9.84 Pies) \/ Tapa de Protecci?n \/ Dolby 7.1 Canales \/ Dise?o Durable \/ Plug &#038; Play \/ Color Negro<\/p>\n","protected":false},"featured_media":120318,"comment_status":"open","ping_status":"closed","template":"","meta":[],"product_brand":[],"product_cat":[625],"product_tag":[488,611,650],"class_list":{"0":"post-120319","1":"product","2":"type-product","3":"status-publish","4":"has-post-thumbnail","6":"product_cat-fibra-optica-cables-y-conectores","7":"product_tag-cables-y-conectores","8":"product_tag-fibra-optica","9":"product_tag-ugreen","11":"first","12":"instock","13":"sale","14":"shipping-taxable","15":"purchasable","16":"product-type-simple"},"_links":{"self":[{"href":"https:\/\/soydeaqui.ddns.net\/pachuca\/index.php\/wp-json\/wp\/v2\/product\/120319","targetHints":{"allow":["GET"]}}],"collection":[{"href":"https:\/\/soydeaqui.ddns.net\/pachuca\/index.php\/wp-json\/wp\/v2\/product"}],"about":[{"href":"https:\/\/soydeaqui.ddns.net\/pachuca\/index.php\/wp-json\/wp\/v2\/types\/product"}],"replies":[{"embeddable":true,"href":"https:\/\/soydeaqui.ddns.net\/pachuca\/index.php\/wp-json\/wp\/v2\/comments?post=120319"}],"wp:featuredmedia":[{"embeddable":true,"href":"https:\/\/soydeaqui.ddns.net\/pachuca\/index.php\/wp-json\/wp\/v2\/media\/120318"}],"wp:attachment":[{"href":"https:\/\/soydeaqui.ddns.net\/pachuca\/index.php\/wp-json\/wp\/v2\/media?parent=120319"}],"wp:term":[{"taxonomy":"product_brand","embeddable":true,"href":"https:\/\/soydeaqui.ddns.net\/pachuca\/index.php\/wp-json\/wp\/v2\/product_brand?post=120319"},{"taxonomy":"product_cat","embeddable":true,"href":"https:\/\/soydeaqui.ddns.net\/pachuca\/index.php\/wp-json\/wp\/v2\/product_cat?post=120319"},{"taxonomy":"product_tag","embeddable":true,"href":"https:\/\/soydeaqui.ddns.net\/pachuca\/index.php\/wp-json\/wp\/v2\/product_tag?post=120319"}],"curies":[{"name":"wp","href":"https:\/\/api.w.org\/{rel}","templated":true}]}}