{"id":120260,"date":"2026-03-24T05:53:34","date_gmt":"2026-03-24T05:53:34","guid":{"rendered":"https:\/\/soydeaqui.ddns.net\/pachuca\/index.php\/producto\/modulo-led-full-color-para-videowall-pixel-2-5-mm-resolucion-192-x-216-uso-en-interior\/"},"modified":"2026-03-24T05:53:53","modified_gmt":"2026-03-24T05:53:53","slug":"modulo-led-full-color-para-videowall-pixel-2-5-mm-resolucion-192-x-216-uso-en-interior","status":"publish","type":"product","link":"https:\/\/soydeaqui.ddns.net\/pachuca\/index.php\/producto\/modulo-led-full-color-para-videowall-pixel-2-5-mm-resolucion-192-x-216-uso-en-interior\/","title":{"rendered":"Modulo LED Full Color para Videowall \/ Pixel 2.5 mm \/ Resoluci\u00f3n 192 X 216 \/ Uso en Interior"},"content":{"rendered":"<div style='width: 100%; max-width: 1200px; margin: 0 auto; font-family: sans-serif; line-height: 1.6; color: inherit; background-color: transparent;'>\n<p style='text-align: center; margin: 0 0 15px 0;'><img style='width: 100%; max-width: 540px; height: auto; border: 1px solid rgba(150&comma;150&comma;150&comma;0.3); border-radius: 8px;' src='https:\/\/ftp3.syscom.mx\/usuarios\/nortega\/hikvision\/HPD.png' alt=''><\/p>\n<div style='display: flex; flex-wrap: wrap; gap: 30px; margin-bottom: 30px;'>\n<div style='flex: 1 1 300px; min-width: 280px;'>\n<h3 style='font-size: 22px; border-bottom: 2px solid currentColor; padding-bottom: 5px; margin-top: 0; color: inherit; opacity: 0.8;'>Caracter\u00edsticas principales<\/h3>\n<ul style='padding-left: 20px; font-size: 15px; color: inherit;'>\n<li style='margin-bottom: 5px;'>Resoluci\u00f3n: 192 X 216 pixeles \/ 60 Hz.<\/li>\n<li style='margin-bottom: 5px;'>Angulo de visi\u00f3n: Horizontal: 160\u00b0&comma; vertical: 160\u00b0<\/li>\n<li style='margin-bottom: 5px;'>Tiempo de respuesta en nanosegundos.<\/li>\n<li style='margin-bottom: 5px;'>Distancia de visualizacion recomendada \u22657.5 m<\/li>\n<li style='margin-bottom: 5px;'>Larga vida \u00fatil.<\/li>\n<li style='margin-bottom: 5px;'>Mantiene la unifomidad del color<\/li>\n<li style='margin-bottom: 5px;'>Brillo y nitidez superior de alta calidad<\/li>\n<li style='margin-bottom: 5px;'>Excelente relaci\u00f3n de contraste.<\/li>\n<\/ul><\/div>\n<div style='flex: 1 1 300px; min-width: 280px;'>\n<h3 style='font-size: 22px; border-bottom: 2px solid currentColor; padding-bottom: 5px; margin-top: 0; color: inherit; opacity: 0.8;'>Caracter\u00edsticas F\u00edsicas y El\u00e9ctricas<\/h3>\n<ul style='padding-left: 20px; font-size: 15px; color: inherit;'>\n<li style='margin-bottom: 5px;'>Alimentacion: 100 &#8211; 240 VAC \/ 60 Hz.<\/li>\n<li style='margin-bottom: 5px;'>Consumo: M\u00e1ximo 700 Watts.<\/li>\n<li style='margin-bottom: 5px;'>Temperatura de operacion: -10\u00b0 a 40\u00b0.<\/li>\n<li style='margin-bottom: 5px;'>Dimensiones: 480 \u00d7 540 \u00d7 6&comma;6 mm (18&comma;9 \u00d7 21&comma;2 \u00d7 2&comma;6 pulgadas).<\/li>\n<li style='margin-bottom: 5px;'>Uso en interior.<\/li>\n<\/ul><\/div>\n<\/p><\/div>\n<div style='margin: 30px 0; font-size: 15px; color: inherit;'> Se requiere controlador de videowall&comma; el cual depende del tama\u00f1o del videowall deseado (consultar con ingenieria) <\/div>\n<div style='display: flex; flex-wrap: wrap; gap: 30px; margin-bottom: 30px; justify-content: center;'>\n<div style='flex: 1 1 300px; max-width: 417px;'>\n<div style='position: relative; padding-bottom: 56.25%; height: 0; overflow: hidden;'>   <\/div>\n<\/p><\/div>\n<div style='flex: 1 1 300px; max-width: 417px;'>\n<div style='position: relative; padding-bottom: 56.25%; height: 0; overflow: hidden;'>   <\/div>\n<\/p><\/div>\n<div style='flex: 1 1 300px; max-width: 417px;'>\n<div style='position: relative; padding-bottom: 56.25%; height: 0; overflow: hidden;'>   <\/div>\n<\/p><\/div>\n<\/p><\/div>\n<div style='margin: 30px 0;'>\n<h3 style='font-size: 24px; text-align: center; margin-bottom: 20px; color: inherit; opacity: 0.9;'>Ejemplo de instalaci\u00f3n de videowall<\/h3>\n<div style='position: relative; padding-bottom: 56.25%; height: 0; overflow: hidden; margin: 0 auto;'>   <\/div>\n<\/p><\/div>\n<div style='margin-top: 30px; text-align: center;'> <img style='width: 100%; max-width: 1200px; height: auto; border: 1px solid rgba(150&comma;150&comma;150&comma;0.3); border-radius: 8px;' src='https:\/\/ftp3.syscom.mx\/usuarios\/nortega\/hikvision\/HIKVISION-PRODUCTOS-VIDEOWALL.png' alt=''> <\/div>\n<\/p><\/div>\n","protected":false},"excerpt":{"rendered":"<p>Modulo LED Full Color para Videowall \/ Pixel 2.5 mm \/ Resoluci\u00f3n 192 X 216 \/ Uso en Interior<\/p>\n","protected":false},"featured_media":120259,"comment_status":"open","ping_status":"closed","template":"","meta":[],"product_brand":[],"product_cat":[2312],"product_tag":[54,2313,2242],"class_list":{"0":"post-120260","1":"product","2":"type-product","3":"status-publish","4":"has-post-thumbnail","6":"product_cat-videowall-led-interior-fijo","7":"product_tag-hikvision","8":"product_tag-videowall-led-interior-fijo","9":"product_tag-videowalls","11":"first","12":"instock","13":"sale","14":"shipping-taxable","15":"purchasable","16":"product-type-simple"},"_links":{"self":[{"href":"https:\/\/soydeaqui.ddns.net\/pachuca\/index.php\/wp-json\/wp\/v2\/product\/120260","targetHints":{"allow":["GET"]}}],"collection":[{"href":"https:\/\/soydeaqui.ddns.net\/pachuca\/index.php\/wp-json\/wp\/v2\/product"}],"about":[{"href":"https:\/\/soydeaqui.ddns.net\/pachuca\/index.php\/wp-json\/wp\/v2\/types\/product"}],"replies":[{"embeddable":true,"href":"https:\/\/soydeaqui.ddns.net\/pachuca\/index.php\/wp-json\/wp\/v2\/comments?post=120260"}],"wp:featuredmedia":[{"embeddable":true,"href":"https:\/\/soydeaqui.ddns.net\/pachuca\/index.php\/wp-json\/wp\/v2\/media\/120259"}],"wp:attachment":[{"href":"https:\/\/soydeaqui.ddns.net\/pachuca\/index.php\/wp-json\/wp\/v2\/media?parent=120260"}],"wp:term":[{"taxonomy":"product_brand","embeddable":true,"href":"https:\/\/soydeaqui.ddns.net\/pachuca\/index.php\/wp-json\/wp\/v2\/product_brand?post=120260"},{"taxonomy":"product_cat","embeddable":true,"href":"https:\/\/soydeaqui.ddns.net\/pachuca\/index.php\/wp-json\/wp\/v2\/product_cat?post=120260"},{"taxonomy":"product_tag","embeddable":true,"href":"https:\/\/soydeaqui.ddns.net\/pachuca\/index.php\/wp-json\/wp\/v2\/product_tag?post=120260"}],"curies":[{"name":"wp","href":"https:\/\/api.w.org\/{rel}","templated":true}]}}