{"id":120239,"date":"2026-03-24T05:52:22","date_gmt":"2026-03-24T05:52:22","guid":{"rendered":"https:\/\/soydeaqui.ddns.net\/pachuca\/index.php\/producto\/receptor-compatible-para-kits-tt373kvm4-0-resolucion-1080p-60-hz-soporta-stp-y-utp-cat6-control-ir-compatible-con-switch-gigabit-para-control-kvm-multiple\/"},"modified":"2026-03-24T05:52:36","modified_gmt":"2026-03-24T05:52:36","slug":"receptor-compatible-para-kits-tt373kvm4-0-resolucion-1080p-60-hz-soporta-stp-y-utp-cat6-control-ir-compatible-con-switch-gigabit-para-control-kvm-multiple","status":"publish","type":"product","link":"https:\/\/soydeaqui.ddns.net\/pachuca\/index.php\/producto\/receptor-compatible-para-kits-tt373kvm4-0-resolucion-1080p-60-hz-soporta-stp-y-utp-cat6-control-ir-compatible-con-switch-gigabit-para-control-kvm-multiple\/","title":{"rendered":"Receptor Compatible para Kits TT373KVM4.0 \/ Resoluci\u00f3n 1080P @ 60 Hz\/ Soporta STP y UTP CAT6 \/ Control IR \/ Compatible con Switch Gigabit para control KVM m\u00faltiple."},"content":{"rendered":"<div style='width: 100%; max-width: 1200px; margin: 0 auto; font-family: sans-serif; line-height: 1.6; color: inherit; background-color: transparent;'>\n<div style='width: 100%; text-align: center; margin-bottom: 30px;'>\n<h1 style='font-size: 28px; color: inherit; margin: 0 0 10px 0;'><strong>TT373KVM4.0RX<\/strong><\/h1>\n<h3 style='font-size: 18px; color: inherit; opacity: 0.7; margin: 0 0 20px 0;'>Receptor KVM (Teclado&comma; video&comma; Mouse) para TT373KVM4.0 soporta 1080P @ 60 Hz&comma; 120 metros con cable CAT5e\/6<\/h3>\n<p style='font-size: 15px; color: inherit; margin: 0 70px;'>Se utiliza ampliamente para realizar conexiones uno a muchos mediante un switch soportando hasta 253 receptores. La se\u00f1al HDMI se puede extender hasta 120 metros a trav\u00e9s de un cable de red Cat6&comma; la resoluci\u00f3n admitida es de 1080p a 60Hz. Permite el acceso a un sistema inform\u00e1tico desde una consola remota (PC&comma; NVR&comma; DVR) mediante conectores USB (teclado y rat\u00f3n USB). Es perfecto para fines de control y seguridad. Por lo tanto&comma; es ampliamente utilizado en centros de comando&comma; centros de control de datos&comma; salas de operaciones en militares&comma; bancos&comma; gobiernos&comma; empresas&comma; etc. es muy usado en sistemas de CCTV para controlar los NVRs y DVRs desde otro sitio y estos est\u00e1n en una ubicaci\u00f3n poco accesible.<\/p>\n<\/p><\/div>\n<div style='display: flex; flex-wrap: wrap; gap: 30px; margin-bottom: 40px;'>\n<div style='flex: 1 1 300px; min-width: 280px; background-color: transparent;'>\n<div style='border: 1px solid rgba(150&comma; 150&comma; 150&comma; 0.4); border-radius: 8px; overflow: hidden; display: flex; flex-direction: column; height: 100%;'>\n<div style='padding: 15px; border-bottom: 1px solid rgba(150&comma; 150&comma; 150&comma; 0.2); font-weight: bold; font-size: 18px; color: inherit; background-color: transparent;'>Caracter\u00edsticas principales:<\/div>\n<div style='padding: 15px; color: inherit; background-color: transparent;'>\n<ul style='padding-left: 20px; margin: 0; font-size: 14px; list-style-type: disc; background-color: transparent;'>\n<li style='margin-bottom: 5px;'>Admite control y gesti\u00f3n remota de KVM (Teclado&comma; V\u00eddeo&comma; Mouse)<\/li>\n<li style='margin-bottom: 5px;'>Extiende la se\u00f1al HDMI hasta 120m\/393 pies usando un solo cable de red<\/li>\n<li style='margin-bottom: 5px;'>Soporta resoluci\u00f3n Full HD 1080p a 60Hz.&comma; YUV 4:4:4<\/li>\n<li style='margin-bottom: 5px;'>Compatible con cables de red STP y UTP Cat 6\/6A.<\/li>\n<li style='margin-bottom: 5px;'>Compatible con LAN est\u00e1ndar 802&comma;3 Ethernet 10\/100\/1000Mbps<\/li>\n<li style='margin-bottom: 5px;'>Admite conexi\u00f3n de uno a muchos y control KVM m\u00faltiple<\/li>\n<\/ul><\/div>\n<\/p><\/div>\n<\/p><\/div>\n<div style='flex: 1 1 300px; min-width: 280px; background-color: transparent;'>\n<div style='border: 1px solid rgba(150&comma; 150&comma; 150&comma; 0.4); border-radius: 8px; overflow: hidden; display: flex; flex-direction: column; height: 100%;'>\n<div style='padding: 15px; border-bottom: 1px solid rgba(150&comma; 150&comma; 150&comma; 0.2); font-weight: bold; font-size: 18px; color: inherit; background-color: transparent;'>Caracter\u00edsticas F\u00edsicas y El\u00e9ctricas:<\/div>\n<div style='padding: 15px; color: inherit; background-color: transparent;'>\n<ul style='padding-left: 20px; margin: 0; font-size: 14px; list-style-type: disc; background-color: transparent;'>\n<li style='margin-bottom: 5px;'><strong>Alimentaci\u00f3n:<\/strong> 5 Vcc&comma; 1 A (Fuentes de alimentaci\u00f3n incluidas)<\/li>\n<li style='margin-bottom: 5px;'><strong>Potencia de consumo:<\/strong> <strong>RX<\/strong>:3.5W<\/li>\n<li style='margin-bottom: 5px;'><strong>Dimensiones RX<\/strong>: 109&comma;6 (largo) x 89&comma;5 (ancho) x 26&comma;3 (alto) mm<\/li>\n<li style='margin-bottom: 5px;'><strong>Peso :<\/strong> RX : 170 g<\/li>\n<li style='margin-bottom: 5px;'><strong>Temperatura de operaci\u00f3n<\/strong> 0~50\u00b0<\/li>\n<li style='margin-bottom: 5px;'><strong>Color<\/strong>: Negro<\/li>\n<li style='margin-bottom: 5px;'><strong>Temperatura de almacenamiento<\/strong> -30~70\u00b0C<\/li>\n<\/ul><\/div>\n<\/p><\/div>\n<\/p><\/div>\n<div style='flex: 1 1 300px; min-width: 280px; background-color: transparent;'>\n<div style='border: 1px solid rgba(150&comma; 150&comma; 150&comma; 0.4); border-radius: 8px; overflow: hidden; display: flex; flex-direction: column; height: 100%;'>\n<div style='padding: 15px; border-bottom: 1px solid rgba(150&comma; 150&comma; 150&comma; 0.2); font-weight: bold; font-size: 18px; color: inherit; background-color: transparent;'>Caracter\u00edsticas Destacadas:<\/div>\n<div style='padding: 15px; color: inherit; background-color: transparent;'>\n<ul style='padding-left: 20px; margin: 0; font-size: 14px; list-style-type: disc; background-color: transparent;'>\n<li style='margin-bottom: 5px;'>Soporta mayor ancho de banda \u226470Mbps<\/li>\n<li style='margin-bottom: 5px;'>Soporta hasta 253 receptores.<\/li>\n<li style='margin-bottom: 5px;'>Soporta formato de audio PCM<\/li>\n<li style='margin-bottom: 5px;'>Soporte HDMI1.3<\/li>\n<li style='margin-bottom: 5px;'>Soporte HDCP1.2<\/li>\n<li style='margin-bottom: 5px;'>Indicadores LED para conocer el estado de la alimentaci\u00f3n y la conexi\u00f3n USB f\u00e1cilmente<\/li>\n<li style='margin-bottom: 5px;'>Dise\u00f1o de carcasa de aleaci\u00f3n de aluminio&comma; estable y duradero.<\/li>\n<li style='margin-bottom: 5px;'>Admite m\u00faltiples controles KVM desde diferentes monitores<\/li>\n<li style='margin-bottom: 5px;'>1 A\u00f1o de Garant\u00eda por defectos de fabricaci\u00f3n<\/li>\n<\/ul><\/div>\n<\/p><\/div>\n<\/p><\/div>\n<\/p><\/div>\n<div style='width: 100%; margin: 40px 0;'> <img style='width: 100%; height: auto; border: 1px solid rgba(150&comma;150&comma;150&comma;0.3); border-radius: 8px;' src='http:\/\/ftp3.syscom.mx\/usuarios\/hallende\/EPCOM%20Titanium\/TT-373-KVM-4.0-RX\/TT373KVM-4.0%20Esp..jpg' alt=''> <\/div>\n<div style='position: relative; padding-bottom: 56.25%; height: 0; overflow: hidden; margin-bottom: 40px;'>   <\/div>\n<div style='width: 100%; margin: 40px 0;'> <img style='width: 100%; height: auto; border: 1px solid rgba(150&comma;150&comma;150&comma;0.3); border-radius: 8px;' src='https:\/\/ftp3.syscom.mx\/usuarios\/ftp\/single_page\/epcomtitanium\/diagrama-et.jpg' alt=''> <\/div>\n<\/p><\/div>\n","protected":false},"excerpt":{"rendered":"<p>Receptor Compatible para Kits TT373KVM4.0 \/ Resoluci\u00f3n 1080P @ 60 Hz\/ Soporta STP y UTP CAT6 \/ Control IR \/ Compatible con Switch Gigabit para control KVM m\u00faltiple.<\/p>\n","protected":false},"featured_media":120238,"comment_status":"open","ping_status":"closed","template":"","meta":[],"product_brand":[],"product_cat":[2073,2074,2077,2075,2072,2076],"product_tag":[417,2079,2080,2083,507,2081,2078,2082],"class_list":{"0":"post-120239","1":"product","2":"type-product","3":"status-publish","4":"has-post-thumbnail","6":"product_cat-convertidores","7":"product_cat-divisores","8":"product_cat-dvi","9":"product_cat-hdmi","10":"product_cat-kits-extensores","11":"product_cat-vga","12":"product_tag-accesorios-generales","13":"product_tag-convertidores","14":"product_tag-divisores","15":"product_tag-dvi","16":"product_tag-epcom-titanium","17":"product_tag-hdmi","18":"product_tag-kits-extensores","19":"product_tag-vga","21":"first","22":"outofstock","23":"sale","24":"shipping-taxable","25":"purchasable","26":"product-type-simple"},"_links":{"self":[{"href":"https:\/\/soydeaqui.ddns.net\/pachuca\/index.php\/wp-json\/wp\/v2\/product\/120239","targetHints":{"allow":["GET"]}}],"collection":[{"href":"https:\/\/soydeaqui.ddns.net\/pachuca\/index.php\/wp-json\/wp\/v2\/product"}],"about":[{"href":"https:\/\/soydeaqui.ddns.net\/pachuca\/index.php\/wp-json\/wp\/v2\/types\/product"}],"replies":[{"embeddable":true,"href":"https:\/\/soydeaqui.ddns.net\/pachuca\/index.php\/wp-json\/wp\/v2\/comments?post=120239"}],"wp:featuredmedia":[{"embeddable":true,"href":"https:\/\/soydeaqui.ddns.net\/pachuca\/index.php\/wp-json\/wp\/v2\/media\/120238"}],"wp:attachment":[{"href":"https:\/\/soydeaqui.ddns.net\/pachuca\/index.php\/wp-json\/wp\/v2\/media?parent=120239"}],"wp:term":[{"taxonomy":"product_brand","embeddable":true,"href":"https:\/\/soydeaqui.ddns.net\/pachuca\/index.php\/wp-json\/wp\/v2\/product_brand?post=120239"},{"taxonomy":"product_cat","embeddable":true,"href":"https:\/\/soydeaqui.ddns.net\/pachuca\/index.php\/wp-json\/wp\/v2\/product_cat?post=120239"},{"taxonomy":"product_tag","embeddable":true,"href":"https:\/\/soydeaqui.ddns.net\/pachuca\/index.php\/wp-json\/wp\/v2\/product_tag?post=120239"}],"curies":[{"name":"wp","href":"https:\/\/api.w.org\/{rel}","templated":true}]}}