{"id":120229,"date":"2026-03-24T05:51:50","date_gmt":"2026-03-24T05:51:50","guid":{"rendered":"https:\/\/soydeaqui.ddns.net\/pachuca\/index.php\/producto\/kit-de-enlaces-de-video-por-hdmi-inalambrico-distancias-de-hasta-200m-soporta-resolucion-hasta-4k\/"},"modified":"2026-03-24T05:51:51","modified_gmt":"2026-03-24T05:51:51","slug":"kit-de-enlaces-de-video-por-hdmi-inalambrico-distancias-de-hasta-200m-soporta-resolucion-hasta-4k","status":"publish","type":"product","link":"https:\/\/soydeaqui.ddns.net\/pachuca\/index.php\/producto\/kit-de-enlaces-de-video-por-hdmi-inalambrico-distancias-de-hasta-200m-soporta-resolucion-hasta-4k\/","title":{"rendered":"Kit de Enlaces de Video por HDMI Inal\u00e1mbrico \/ Distancias de hasta 200m \/ Soporta Resoluci\u00f3n hasta 4K"},"content":{"rendered":"<div style='width: 100%; max-width: 1200px; margin: 0 auto; font-family: sans-serif; line-height: 1.6; color: inherit; background-color: transparent;'> <!-- Video YouTube --> <\/p>\n<div style='position: relative; padding-bottom: 56.25%; height: 0; overflow: hidden; margin-bottom: 30px;'>   <\/div>\n<p> <!-- Descripci\u00f3n principal --> <\/p>\n<div style='width: 100%; margin-bottom: 30px;'>\n<h2 style='text-align: center; font-size: 24px; margin-bottom: 20px; color: inherit;'>Transmisi\u00f3n de video HDMI a trav\u00e9s de enlaces inal\u00e1mbricos<\/h2>\n<p>Gracias a sus sugerencias Epcom TITANUM he desarrollado nuevos productos Versi\u00f3n 4.0 logrando algo que parec\u00eda anteriormente imposible&comma; la transmisi\u00f3n de video HDMI a trav\u00e9s de enlaces inal\u00e1mbricos&comma; con muy baja latencia y con una resoluci\u00f3n de 4K&comma; llegando a distancias anteriormente inimaginables y cumpliendo con las mas recientes tecnolog\u00edas de video como son HDbitT&comma; HDMI1.4&comma; HDCP1.3 adem\u00e1s de uso 24\/7.<\/p>\n<p>Solo se requieren 2 extensores de video y dos puntos de acceso&comma; con una m\u00ednima configuraci\u00f3n en los puntos de acceso y cero configuraciones de los extensores de video.<\/p>\n<\/p><\/div>\n<p> <!-- Secci\u00f3n de caracter\u00edsticas --> <\/p>\n<div style='display: flex; flex-wrap: wrap; gap: 30px; margin-bottom: 30px;'> <!-- Caracter\u00edsticas Principales TT683-4.0 --> <\/p>\n<div style='flex: 1 1 300px; min-width: 280px;'> <img style='width: 100%; height: auto; border: 1px solid rgba(150&comma;150&comma;150&comma;0.3); border-radius: 8px;' src='http:\/\/ftp3.syscom.mx\/usuarios\/hallende\/EPCOM%20Titanium\/LOCOM2-TT68344K\/TT6834.0-3.png' alt=''> <\/p>\n<div style='border: 1px solid rgba(150&comma; 150&comma; 150&comma; 0.4); border-radius: 8px; overflow: hidden; margin-top: 15px;'>\n<div style='padding: 15px; border-bottom: 1px solid rgba(150&comma; 150&comma; 150&comma; 0.2); font-weight: bold; font-size: 18px; color: inherit;'>Caracter\u00edsticas Principales TT683-4.0:<\/div>\n<ul style='padding: 15px; margin: 0; font-size: 14px; list-style-type: disc; color: inherit;'>\n<li style='margin-bottom: 5px;'>Extiende la se\u00f1al HDMI utilizando puntos de acceso.<\/li>\n<li style='margin-bottom: 5px;'>Resoluci\u00f3n 4K @ 30Hz (3840&#215;2160@24\/25\/30Hz).<\/li>\n<li style='margin-bottom: 5px;'>Cumplimiento HDbitT&comma; HDMI1.4&comma; HDCP1.3.<\/li>\n<li style='margin-bottom: 5px;'>Admite la funci\u00f3n de transferencia de infrarrojos (con el control remoto del equipo fuente) para control a larga distancia.<\/li>\n<li style='margin-bottom: 5px;'>Alto rendimiento&comma; uso 24\/7.<\/li>\n<li style='margin-bottom: 5px;'>Plug and play sin ning\u00fan ajuste manual.<\/li>\n<li style='margin-bottom: 5px;'>Protecci\u00f3n contra rayos&comma; protecci\u00f3n contra sobretensiones&comma; protecci\u00f3n ESD.<\/li>\n<li style='margin-bottom: 5px;'>Dise\u00f1o de carcasa de aleaci\u00f3n de aluminio&comma; estable y duradero.<\/li>\n<li style='margin-bottom: 5px;'><a style='color: inherit; text-decoration: underline;' href='https:\/\/www.syscom.mx\/producto\/TT-683-4.0-EPCOM-TITANIUM-197026.html' target='_blank'>Mas informacion click aqu\u00ed<\/a><\/li>\n<li style='margin-bottom: 5px;'>Utilizar solo para mandar el video del Extensor&comma; no combinar con equipos de red de datos.<\/li>\n<\/ul><\/div>\n<\/p><\/div>\n<p> <!-- Caracter\u00edsticas F\u00edsicas y El\u00e9ctricas --> <\/p>\n<div style='flex: 1 1 300px; min-width: 280px;'> <img style='width: 100%; height: auto; border: 1px solid rgba(150&comma;150&comma;150&comma;0.3); border-radius: 8px;' src='http:\/\/ftp3.syscom.mx\/usuarios\/hallende\/EPCOM%20Titanium\/LOCOM2-TT68344K\/KIT.png' alt=''> <\/p>\n<div style='border: 1px solid rgba(150&comma; 150&comma; 150&comma; 0.4); border-radius: 8px; overflow: hidden; margin-top: 15px;'>\n<div style='padding: 15px; border-bottom: 1px solid rgba(150&comma; 150&comma; 150&comma; 0.2); font-weight: bold; font-size: 18px; color: inherit;'>Caracter\u00edsticas F\u00edsicas y El\u00e9ctricas:<\/div>\n<ul style='padding: 15px; margin: 0; font-size: 14px; list-style-type: disc; color: inherit;'>\n<li style='margin-bottom: 5px;'>TT683-4.0:<\/li>\n<ul style='padding-left: 20px; margin-top: 5px; margin-bottom: 10px;'>\n<li style='margin-bottom: 5px;'>Alimentaci\u00f3n incluida de 5 Vcc&comma; 2 A.<\/li>\n<li style='margin-bottom: 5px;'>(Fuentes de alimentaci\u00f3n incluidas).<\/li>\n<li style='margin-bottom: 5px;'>Dimensiones TX ; RX 107.3 mm ( L ) x 94 mm ( W ) x 23.7 mm ( H ).<\/li>\n<li style='margin-bottom: 5px;'>Peso TX : 170g ; RX : 167g.<\/li>\n<li style='margin-bottom: 5px;'>1 A\u00f1o de Garant\u00eda por defectos de f\u00e1brica.<\/li>\n<\/ul>\n<li style='margin-bottom: 5px;'>LOCOM2:<\/li>\n<ul style='padding-left: 20px; margin-top: 5px; margin-bottom: 10px;'>\n<li style='margin-bottom: 5px;'>Alimentaci\u00f3n incluida de 24 V&comma; 0.5 A.<\/li>\n<li style='margin-bottom: 5px;'>(Adaptador PoE y Cable de alimentaci\u00f3n incluidos).<\/li>\n<li style='margin-bottom: 5px;'>Dimensiones TX ; RX 161 mm (L) x 31 mm (W) x 80 mm (H).<\/li>\n<li style='margin-bottom: 5px;'>Peso TX ; RX : 180g.<\/li>\n<li style='margin-bottom: 5px;'>1 A\u00f1o de Garant\u00eda por defectos de f\u00e1brica.<\/li>\n<\/ul>\n<\/ul><\/div>\n<\/p><\/div>\n<p> <!-- Caracter\u00edsticas Principales LOCOM2 --> <\/p>\n<div style='flex: 1 1 300px; min-width: 280px;'> <img style='width: 100%; height: auto; border: 1px solid rgba(150&comma;150&comma;150&comma;0.3); border-radius: 8px;' src='http:\/\/ftp3.syscom.mx\/usuarios\/hallende\/EPCOM%20Titanium\/LOCOM2-TT68344K\/OCOM2.png' alt=''> <\/p>\n<div style='border: 1px solid rgba(150&comma; 150&comma; 150&comma; 0.4); border-radius: 8px; overflow: hidden; margin-top: 15px;'>\n<div style='padding: 15px; border-bottom: 1px solid rgba(150&comma; 150&comma; 150&comma; 0.2); font-weight: bold; font-size: 18px; color: inherit;'>Caracter\u00edsticas Principales LOCOM2:<\/div>\n<ul style='padding: 15px; margin: 0; font-size: 14px; list-style-type: disc; color: inherit;'>\n<li style='margin-bottom: 5px;'>Hasta 150 Mbps.<\/li>\n<li style='margin-bottom: 5px;'>Frecuencia 2 GHz (2412-2462 MHz).<\/li>\n<li style='margin-bottom: 5px;'>Anchos de canal ajustables de 5 hasta 40 MHz.<\/li>\n<li style='margin-bottom: 5px;'>Doble Polaridad Simult\u00e1nea (Vertical y Horizontal&comma; 2&#215;2).<\/li>\n<li style='margin-bottom: 5px;'>Seguridad: WEP&comma; WPA&comma; WPA2 y MAC ACL.<\/li>\n<li style='margin-bottom: 5px;'>Se\u00f1alizaci\u00f3n propietaria: airMAX (TDMA).<\/li>\n<li style='margin-bottom: 5px;'>Dise\u00f1o vers\u00e1til y compacto.<\/li>\n<li style='margin-bottom: 5px;'>F\u00e1cil de instalar.<\/li>\n<li style='margin-bottom: 5px;'><a style='color: inherit; text-decoration: underline;' href='https:\/\/www.syscom.mx\/producto\/LOCOM2-UBIQUITI-NETWORKS-39791.html' target='_blank'>Mas informacion click aqu\u00ed<\/a><\/li>\n<\/ul><\/div>\n<\/p><\/div>\n<\/p><\/div>\n<p> <!-- PDF --> <\/p>\n<div style='width: 100%; margin-bottom: 30px;'>   <\/div>\n<p> <!-- Separador final --> <\/p>\n<hr style='border: 0; border-top: 1px solid rgba(150&comma; 150&comma; 150&comma; 0.3); margin: 30px 0;'> <\/div>\n","protected":false},"excerpt":{"rendered":"<p>Kit de Enlaces de Video por HDMI Inal\u00e1mbrico \/ Distancias de hasta 200m \/ Soporta Resoluci\u00f3n hasta 4K<\/p>\n","protected":false},"featured_media":120228,"comment_status":"open","ping_status":"closed","template":"","meta":[],"product_brand":[],"product_cat":[2073,2074,2077,2075,2072,2076],"product_tag":[417,2079,2080,2083,507,2081,2078,2082],"class_list":{"0":"post-120229","1":"product","2":"type-product","3":"status-publish","4":"has-post-thumbnail","6":"product_cat-convertidores","7":"product_cat-divisores","8":"product_cat-dvi","9":"product_cat-hdmi","10":"product_cat-kits-extensores","11":"product_cat-vga","12":"product_tag-accesorios-generales","13":"product_tag-convertidores","14":"product_tag-divisores","15":"product_tag-dvi","16":"product_tag-epcom-titanium","17":"product_tag-hdmi","18":"product_tag-kits-extensores","19":"product_tag-vga","21":"first","22":"instock","23":"sale","24":"shipping-taxable","25":"purchasable","26":"product-type-simple"},"_links":{"self":[{"href":"https:\/\/soydeaqui.ddns.net\/pachuca\/index.php\/wp-json\/wp\/v2\/product\/120229","targetHints":{"allow":["GET"]}}],"collection":[{"href":"https:\/\/soydeaqui.ddns.net\/pachuca\/index.php\/wp-json\/wp\/v2\/product"}],"about":[{"href":"https:\/\/soydeaqui.ddns.net\/pachuca\/index.php\/wp-json\/wp\/v2\/types\/product"}],"replies":[{"embeddable":true,"href":"https:\/\/soydeaqui.ddns.net\/pachuca\/index.php\/wp-json\/wp\/v2\/comments?post=120229"}],"wp:featuredmedia":[{"embeddable":true,"href":"https:\/\/soydeaqui.ddns.net\/pachuca\/index.php\/wp-json\/wp\/v2\/media\/120228"}],"wp:attachment":[{"href":"https:\/\/soydeaqui.ddns.net\/pachuca\/index.php\/wp-json\/wp\/v2\/media?parent=120229"}],"wp:term":[{"taxonomy":"product_brand","embeddable":true,"href":"https:\/\/soydeaqui.ddns.net\/pachuca\/index.php\/wp-json\/wp\/v2\/product_brand?post=120229"},{"taxonomy":"product_cat","embeddable":true,"href":"https:\/\/soydeaqui.ddns.net\/pachuca\/index.php\/wp-json\/wp\/v2\/product_cat?post=120229"},{"taxonomy":"product_tag","embeddable":true,"href":"https:\/\/soydeaqui.ddns.net\/pachuca\/index.php\/wp-json\/wp\/v2\/product_tag?post=120229"}],"curies":[{"name":"wp","href":"https:\/\/api.w.org\/{rel}","templated":true}]}}