{"id":120162,"date":"2026-03-24T05:48:05","date_gmt":"2026-03-24T05:48:05","guid":{"rendered":"https:\/\/soydeaqui.ddns.net\/pachuca\/index.php\/producto\/amplificador-mezclador-120w-rms-sistema-100v-y-baja-impedancia-mp3-tuner-bluetooth-musica-ambiental-y-voceo-2\/"},"modified":"2026-03-24T05:48:19","modified_gmt":"2026-03-24T05:48:19","slug":"amplificador-mezclador-120w-rms-sistema-100v-y-baja-impedancia-mp3-tuner-bluetooth-musica-ambiental-y-voceo-2","status":"publish","type":"product","link":"https:\/\/soydeaqui.ddns.net\/pachuca\/index.php\/producto\/amplificador-mezclador-120w-rms-sistema-100v-y-baja-impedancia-mp3-tuner-bluetooth-musica-ambiental-y-voceo-2\/","title":{"rendered":"Amplificador Mezclador | 120W RMS | Sistema 100V y Baja Impedancia | MP3 | Tuner | Bluetooth | M\u00fasica ambiental y Voceo"},"content":{"rendered":"<div style='width: 100%; max-width: 1200px; margin: 0 auto; font-family: sans-serif; line-height: 1.6; color: inherit; background-color: transparent;'> <!-- Logo --> <\/p>\n<p style='text-align: center; margin: 0 0 20px 0;'> <img style='width: 40%; max-width: 300px; height: auto; border: 1px solid rgba(150&comma;150&comma;150&comma;0.3); border-radius: 8px;' src='https:\/\/ftp3.syscom.mx\/usuarios\/luis.vargas\/EpcomProAudio\/epcom_proaudio.png' alt='Logo'> <\/p>\n<hr style='border: 0; border-top: 1px solid rgba(150&comma;150&comma;150&comma;0.3); margin: 30px 0;'> <!-- Features Icons --> <\/p>\n<div style='display: flex; flex-wrap: wrap; gap: 15px; justify-content: center; margin: 30px 0;'>\n<div style='flex: 1 1 120px; min-width: 100px; text-align: center;'> <img style='max-height: 100px; width: auto; height: auto; border: 1px solid rgba(150&comma;150&comma;150&comma;0.3); border-radius: 8px; margin-bottom: 10px;' src='http:\/\/ftp3.syscom.mx\/usuarios\/ftp\/single_page\/epcom_proaudio\/icon_volt.jpg' alt='Sistema 70\/100V'> <\/p>\n<p style='margin: 0; font-size: 14px; color: inherit;'><strong>Sistema 70\/100V<\/strong><\/p>\n<\/p><\/div>\n<div style='flex: 1 1 120px; min-width: 100px; text-align: center;'> <img style='max-height: 100px; width: auto; height: auto; border: 1px solid rgba(150&comma;150&comma;150&comma;0.3); border-radius: 8px; margin-bottom: 10px;' src='http:\/\/ftp3.syscom.mx\/usuarios\/ftp\/single_page\/epcom_proaudio\/icon_voceo.jpg' alt='Voceo'> <\/p>\n<p style='margin: 0; font-size: 14px; color: inherit;'><strong>Voceo<\/strong><\/p>\n<\/p><\/div>\n<div style='flex: 1 1 120px; min-width: 100px; text-align: center;'> <img style='max-height: 100px; width: auto; height: auto; border: 1px solid rgba(150&comma;150&comma;150&comma;0.3); border-radius: 8px; margin-bottom: 10px;' src='http:\/\/ftp3.syscom.mx\/usuarios\/ftp\/single_page\/epcom_proaudio\/icon_musica.jpg' alt='M\u00fasica ambiental'> <\/p>\n<p style='margin: 0; font-size: 14px; color: inherit;'><strong>M\u00fasica ambiental<\/strong><\/p>\n<\/p><\/div>\n<div style='flex: 1 1 120px; min-width: 100px; text-align: center;'> <img style='max-height: 100px; width: auto; height: auto; border: 1px solid rgba(150&comma;150&comma;150&comma;0.3); border-radius: 8px; margin-bottom: 10px;' src='http:\/\/ftp3.syscom.mx\/usuarios\/ftp\/single_page\/epcom_proaudio\/icon_conectividad.jpg' alt='Bluetooth\/MP3'> <\/p>\n<p style='margin: 0; font-size: 14px; color: inherit;'><strong>Bluetooth\/MP3<\/strong><\/p>\n<\/p><\/div>\n<div style='flex: 1 1 120px; min-width: 100px; text-align: center;'> <img style='max-height: 100px; width: auto; height: auto; border: 1px solid rgba(150&comma;150&comma;150&comma;0.3); border-radius: 8px; margin-bottom: 10px;' src='http:\/\/ftp3.syscom.mx\/usuarios\/ftp\/single_page\/epcom_proaudio\/icon_memoriasd.jpg' alt='Memoria SD'> <\/p>\n<p style='margin: 0; font-size: 14px; color: inherit;'><strong>Memoria SD<\/strong><\/p>\n<\/p><\/div>\n<div style='flex: 1 1 120px; min-width: 100px; text-align: center;'> <img style='max-height: 100px; width: auto; height: auto; border: 1px solid rgba(150&comma;150&comma;150&comma;0.3); border-radius: 8px; margin-bottom: 10px;' src='http:\/\/ftp3.syscom.mx\/usuarios\/ftp\/single_page\/epcom_proaudio\/icon_tune.jpg' alt='Tuner'> <\/p>\n<p style='margin: 0; font-size: 14px; color: inherit;'><strong>Tuner<\/strong><\/p>\n<\/p><\/div>\n<\/p><\/div>\n<p> <!-- Product Title --> <\/p>\n<div style='text-align: center; margin: 40px 0 20px 0;'>\n<h3 style='font-size: 24px; margin: 0; color: inherit;'>SF -120DTB<\/h3>\n<p style='margin: 15px 0 0 0; font-size: 15px; color: inherit;'> Mezclador \/ Amplificador de alta eficiencia para lugares donde se requiere reproducci\u00f3n de m\u00fasica de fondo simple&comma; con un dise\u00f1o compacto y sofisticado. <\/p>\n<\/p><\/div>\n<p> <!-- Product Features --> <\/p>\n<div style='display: flex; flex-wrap: wrap; gap: 30px; margin: 40px 0;'> <!-- Caracter\u00edsticas Principales --> <\/p>\n<div style='flex: 1 1 300px; min-width: 280px;'>\n<div style='border: 1px solid rgba(150&comma;150&comma;150&comma;0.4); border-radius: 8px; overflow: hidden; display: flex; flex-direction: column; height: 100%;'>\n<div style='padding: 15px; border-bottom: 1px solid rgba(150&comma;150&comma;150&comma;0.2); font-weight: bold; font-size: 18px; color: inherit; background-color: rgba(223&comma;0&comma;29&comma;0.1);'>Caracter\u00edsticas Principales<\/div>\n<div style='padding: 15px; color: inherit; flex-grow: 1;'>\n<ul style='padding-left: 20px; margin: 0; font-size: 14px; list-style-type: disc;'>\n<li style='margin-bottom: 10px;'>Dise\u00f1o est\u00e1ndar montado en bastidor (1U)&comma; dise\u00f1o SMT<\/li>\n<li style='margin-bottom: 10px;'>Con el m\u00f3dulo mp3 \/ TUNER \/ Bluetooth&comma; pantalla digital que muestra la m\u00fasica actual de USB<\/li>\n<li style='margin-bottom: 10px;'>Con funci\u00f3n de control remoto mp3 \/ Sintonizador FM \/ Bluetooth (Requiere bater\u00eda CR2025 no incluida)<\/li>\n<li style='margin-bottom: 10px;'>Fuente de conmutaci\u00f3n de alta eficiencia energ\u00e9tica y amplificador de potencia de alta eficiencia<\/li>\n<\/ul><\/div>\n<\/p><\/div>\n<\/p><\/div>\n<p> <!-- Caracter\u00edsticas de Audio --> <\/p>\n<div style='flex: 1 1 300px; min-width: 280px;'>\n<div style='border: 1px solid rgba(150&comma;150&comma;150&comma;0.4); border-radius: 8px; overflow: hidden; display: flex; flex-direction: column; height: 100%;'>\n<div style='padding: 15px; border-bottom: 1px solid rgba(150&comma;150&comma;150&comma;0.2); font-weight: bold; font-size: 18px; color: inherit; background-color: rgba(223&comma;0&comma;29&comma;0.1);'>Caracter\u00edsticas de audio<\/div>\n<div style='padding: 15px; color: inherit; flex-grow: 1;'>\n<ul style='padding-left: 20px; margin: 0; font-size: 14px; list-style-type: disc;'>\n<li style='margin-bottom: 10px;'>2 modos de salida: 100V \/ 4-16\u03a9<\/li>\n<li style='margin-bottom: 10px;'>Control de silencio: Prioridad de canal; EMC> MIC1> MIC2&comma; MIC3&comma; AUX1&comma; AUX2<\/li>\n<li style='margin-bottom: 10px;'>Entrada 1EMC&comma; entrada 2AUX&comma; entrada 4MIC<\/li>\n<li style='margin-bottom: 10px;'>RMS: 120W<\/li>\n<li style='margin-bottom: 10px;'>Sensibilidad de salida y fuente de impedancia: Salida mixta: 1000mV\/470\u03a9&comma; conector RCA no balanceado<\/li>\n<\/ul><\/div>\n<\/p><\/div>\n<\/p><\/div>\n<p> <!-- Caracter\u00edsticas F\u00edsicas y El\u00e9ctricas --> <\/p>\n<div style='flex: 1 1 300px; min-width: 280px;'>\n<div style='border: 1px solid rgba(150&comma;150&comma;150&comma;0.4); border-radius: 8px; overflow: hidden; display: flex; flex-direction: column; height: 100%;'>\n<div style='padding: 15px; border-bottom: 1px solid rgba(150&comma;150&comma;150&comma;0.2); font-weight: bold; font-size: 18px; color: inherit; background-color: rgba(223&comma;0&comma;29&comma;0.1);'>Caracter\u00edsticas f\u00edsicas y el\u00e9ctricas<\/div>\n<div style='padding: 15px; color: inherit; flex-grow: 1;'>\n<ul style='padding-left: 20px; margin: 0; font-size: 14px; list-style-type: disc;'>\n<li style='margin-bottom: 10px;'>Fuente de alimentaci\u00f3n: 110VAC \/ 50\/60HZ<\/li>\n<li style='margin-bottom: 10px;'>Consumo de potencia: 180W<\/li>\n<li style='margin-bottom: 10px;'>Dimensiones: 484 x 260 x 44 mm<\/li>\n<li style='margin-bottom: 10px;'>Peso: 4.5kg<\/li>\n<li style='margin-bottom: 10px;'>Protecci\u00f3n contra sobre calor&comma; corto circuito y sobre carga<\/li>\n<li style='margin-bottom: 10px;'>Disipaci\u00f3n de calor: Flanco adentro y afuera del panel para forzar el enfriamiento del ventilador&comma; los ventiladores inician cuando el amplificador est\u00e1 encendido&comma; velocidad infinitamente variable<\/li>\n<\/ul><\/div>\n<\/p><\/div>\n<\/p><\/div>\n<\/p><\/div>\n<p> <!-- Im\u00e1genes principales --> <\/p>\n<div style='display: flex; flex-wrap: wrap; gap: 30px; justify-content: center; margin: 40px 0;'> <img style='width: 100%; max-width: 500px; height: auto; border: 1px solid rgba(150&comma;150&comma;150&comma;0.3); border-radius: 8px;' src='https:\/\/ftp3.syscom.mx\/usuarios\/albamaria\/albamaria\/Epcomproaudio\/sf120tb-2.png' alt='Amplificador Mezclador SF120DTB'> <img style='width: 100%; max-width: 500px; height: auto; border: 1px solid rgba(150&comma;150&comma;150&comma;0.3); border-radius: 8px;' src='https:\/\/ftp3.syscom.mx\/usuarios\/fotos\/BancoFotografiasSyscom\/EPCOMPROAUDIO\/SF120TB\/SF120TB-AD-2-l.PNG' alt='Panel frontal del amplificador'> <img style='width: 100%; max-width: 500px; height: auto; border: 1px solid rgba(150&comma;150&comma;150&comma;0.3); border-radius: 8px;' src='https:\/\/ftp3.syscom.mx\/usuarios\/albamaria\/albamaria\/Epcomproaudio\/SF120TB-p.png' alt='Panel trasero del amplificador'> <\/div>\n<p> <!-- Videos --> <\/p>\n<div style='margin: 60px 0;'>\n<h3 style='font-size: 20px; border-bottom: 2px solid currentColor; padding-bottom: 5px; margin: 0 0 20px 0; color: inherit; opacity: 0.8;'>VIDEOS<\/h3>\n<div style='display: flex; flex-wrap: wrap; gap: 20px; justify-content: center;'> <!-- Video 1 --> <\/p>\n<div style='flex: 1 1 300px; min-width: 280px;'>\n<div style='position: relative; padding-bottom: 56.25%; height: 0; overflow: hidden;'>   <\/div>\n<\/p><\/div>\n<p> <!-- Video 2 --> <\/p>\n<div style='flex: 1 1 300px; min-width: 280px;'>\n<div style='position: relative; padding-bottom: 56.25%; height: 0; overflow: hidden;'>   <\/div>\n<\/p><\/div>\n<p> <!-- Video 3 --> <\/p>\n<div style='flex: 1 1 300px; min-width: 280px;'>\n<div style='position: relative; padding-bottom: 56.25%; height: 0; overflow: hidden;'>   <\/div>\n<\/p><\/div>\n<\/p><\/div>\n<\/p><\/div>\n<\/p><\/div>\n","protected":false},"excerpt":{"rendered":"<p>Amplificador Mezclador | 120W RMS | Sistema 100V y Baja Impedancia | MP3 | Tuner | Bluetooth | M\u00fasica ambiental y Voceo<\/p>\n","protected":false},"featured_media":120161,"comment_status":"open","ping_status":"closed","template":"","meta":[],"product_brand":[],"product_cat":[108],"product_tag":[110,109],"class_list":{"0":"post-120162","1":"product","2":"type-product","3":"status-publish","4":"has-post-thumbnail","6":"product_cat-epcom-proaudio","7":"product_tag-epcom-proaudio","8":"product_tag-megafonia-y-audioevacuacion","10":"first","11":"instock","12":"sale","13":"shipping-taxable","14":"purchasable","15":"product-type-simple"},"_links":{"self":[{"href":"https:\/\/soydeaqui.ddns.net\/pachuca\/index.php\/wp-json\/wp\/v2\/product\/120162","targetHints":{"allow":["GET"]}}],"collection":[{"href":"https:\/\/soydeaqui.ddns.net\/pachuca\/index.php\/wp-json\/wp\/v2\/product"}],"about":[{"href":"https:\/\/soydeaqui.ddns.net\/pachuca\/index.php\/wp-json\/wp\/v2\/types\/product"}],"replies":[{"embeddable":true,"href":"https:\/\/soydeaqui.ddns.net\/pachuca\/index.php\/wp-json\/wp\/v2\/comments?post=120162"}],"wp:featuredmedia":[{"embeddable":true,"href":"https:\/\/soydeaqui.ddns.net\/pachuca\/index.php\/wp-json\/wp\/v2\/media\/120161"}],"wp:attachment":[{"href":"https:\/\/soydeaqui.ddns.net\/pachuca\/index.php\/wp-json\/wp\/v2\/media?parent=120162"}],"wp:term":[{"taxonomy":"product_brand","embeddable":true,"href":"https:\/\/soydeaqui.ddns.net\/pachuca\/index.php\/wp-json\/wp\/v2\/product_brand?post=120162"},{"taxonomy":"product_cat","embeddable":true,"href":"https:\/\/soydeaqui.ddns.net\/pachuca\/index.php\/wp-json\/wp\/v2\/product_cat?post=120162"},{"taxonomy":"product_tag","embeddable":true,"href":"https:\/\/soydeaqui.ddns.net\/pachuca\/index.php\/wp-json\/wp\/v2\/product_tag?post=120162"}],"curies":[{"name":"wp","href":"https:\/\/api.w.org\/{rel}","templated":true}]}}