{"id":120039,"date":"2026-03-24T05:41:22","date_gmt":"2026-03-24T05:41:22","guid":{"rendered":"https:\/\/soydeaqui.ddns.net\/pachuca\/index.php\/producto\/kit-extensor-hdmi-para-distancias-de-50-metros-soporta-resoluciones-720-y-1080p-60-hz-cat-6-6a-y-7-salida-loop-en-el-tx-para-visualizacion-local-configuracion-edid-soporta-control-remoto-2\/"},"modified":"2026-03-24T05:41:35","modified_gmt":"2026-03-24T05:41:35","slug":"kit-extensor-hdmi-para-distancias-de-50-metros-soporta-resoluciones-720-y-1080p-60-hz-cat-6-6a-y-7-salida-loop-en-el-tx-para-visualizacion-local-configuracion-edid-soporta-control-remoto-2","status":"publish","type":"product","link":"https:\/\/soydeaqui.ddns.net\/pachuca\/index.php\/producto\/kit-extensor-hdmi-para-distancias-de-50-metros-soporta-resoluciones-720-y-1080p-60-hz-cat-6-6a-y-7-salida-loop-en-el-tx-para-visualizacion-local-configuracion-edid-soporta-control-remoto-2\/","title":{"rendered":"Kit Extensor HDMI para distancias de 50 metros \/ Soporta resoluciones 720 y 1080P @ 60 Hz \/ Cat 6, 6a y 7 \/ Salida Loop en el Tx para visualizaci\u00f3n local \/  Configuraci\u00f3n EDID \/ Soporta control remoto del equipo fuente \/ Alimente solo el Tx"},"content":{"rendered":"<div style='width: 100%; max-width: 1200px; margin: 0 auto; font-family: sans-serif; line-height: 1.6; color: inherit; background-color: transparent;'>\n<div style='width: 100%;'>\n<h1 style='color: inherit; text-align: center; font-size: 28px; margin: 0 0 10px 0;'><strong>TT372EDID<\/strong><\/h1>\n<h3 style='color: inherit; text-align: center; font-size: 18px; opacity: 0.8; margin: 0 0 20px 0;'>Kit extensor HDMI por cable UTP hasta 50 metros con cable Cat6<\/h3>\n<p style='text-align: center; margin: 10px 70px 50px 70px; font-size: 15px; color: inherit;'>El kit extensor TT-372-EDID permite el env\u00edo de video a una distancia de 50 metros mediante cable UTP Cat6&comma; cuenta con un interruptor EDID para adaptar la imagen transmitida a las capacidades del monitor o pantalla&comma; tambi\u00e9n con 1 blaster TX y 1 blaster RX lo que nos permite la transmisi\u00f3n de se\u00f1ales si su equipo fuente cuenta con control remoto&comma; su salida Loop HDMI en el transmisor permite colocar una pantalla de manera local para la funci\u00f3n de monitoreo&comma; gracias a la tecnolog\u00eda PoC solo requiere alimentaci\u00f3n el equipo transmisor.<\/p>\n<\/p><\/div>\n<div style='display: flex; flex-wrap: wrap; gap: 30px; margin-bottom: 30px;'>\n<div style='flex: 1 1 300px; min-width: 280px;'>\n<h3 style='font-size: 22px; border-bottom: 2px solid currentColor; padding-bottom: 5px; margin-top: 0; color: inherit; opacity: 0.8;'>Caracter\u00edsticas<\/h3>\n<ul style='padding-left: 20px; font-size: 15px; color: inherit;'>\n<li style='margin-bottom: 5px;'>Distancia de transmisi\u00f3n: 50 metros con cable Cat 6 para 1080p Full HD @ 50\/60 Hz<\/li>\n<li style='margin-bottom: 5px;'>Resoluciones: 480I\/P&comma; 576I\/P&comma; 720P&comma; 1080I\/P&comma; 3D<\/li>\n<li style='margin-bottom: 5px;'>Se\u00f1al HDMI: HDCP<\/li>\n<li style='margin-bottom: 5px;'>Cable de red sugerido: Cat 6&comma; Cat 6A&comma; Cat 7 (100% Cobre)<\/li>\n<li style='margin-bottom: 5px;'>Salida de lazo (Loop) HDMI para visualizaci\u00f3n local o funci\u00f3n de supervisi\u00f3n<\/li>\n<\/ul><\/div>\n<div style='flex: 1 1 300px; min-width: 280px;'>\n<h3 style='font-size: 22px; border-bottom: 2px solid currentColor; padding-bottom: 5px; margin-top: 0; color: inherit; opacity: 0.8;'>Especificaciones f\u00edsicas<\/h3>\n<ul style='padding-left: 20px; font-size: 15px; color: inherit;'>\n<li style='margin-bottom: 5px;'><strong>Alimentaci\u00f3n:<\/strong> 5 Vcc&comma; 2 A. Fuente Incluida (solo requiere alimentaci\u00f3n el Transmisor)<\/li>\n<li style='margin-bottom: 5px;'><strong>Peso:<\/strong> TX: 83 gramos; RX: 83 gramos<\/li>\n<li style='margin-bottom: 5px;'><strong>Potencia de consumo:<\/strong> TX \u2264 3W; RX \u2264 2W<\/li>\n<li style='margin-bottom: 5px;'><strong>Dimensiones TX\/RX:<\/strong> 71.6 mm (largo) x 66.6 mm (ancho) x 24.8 mm (alto)<\/li>\n<li style='margin-bottom: 5px;'><strong>Temperatura de trabajo:<\/strong> 0\u00b0C ~ 60\u00b0C<\/li>\n<li style='margin-bottom: 5px;'>Color Negro<\/li>\n<\/ul><\/div>\n<div style='flex: 1 1 300px; min-width: 280px;'>\n<h3 style='font-size: 22px; border-bottom: 2px solid currentColor; padding-bottom: 5px; margin-top: 0; color: inherit; opacity: 0.8;'>Especificaciones t\u00e9cnicas<\/h3>\n<ul style='padding-left: 20px; font-size: 15px; color: inherit;'>\n<li style='margin-bottom: 5px;'>Conformidad HDMI 1.4a<\/li>\n<li style='margin-bottom: 5px;'>Cumplimiento de HDCP 1.2a<\/li>\n<li style='margin-bottom: 5px;'><strong>Ancho de banda de v\u00eddeo:<\/strong> 225MHz (10.2Gbps)<\/li>\n<li style='margin-bottom: 5px;'><strong>Rango de frecuencia de IR:<\/strong> 20-60KHz<\/li>\n<li style='margin-bottom: 5px;'>Soporte PCM\/ AC3\/ DTS<\/li>\n<li style='margin-bottom: 5px;'>Admite la funci\u00f3n de configuraci\u00f3n EDID<\/li>\n<li style='margin-bottom: 5px;'>Garant\u00eda por defectos de fabricaci\u00f3n<\/li>\n<li style='margin-bottom: 5px;'><strong>Receptor compatible:<\/strong> TT372EDIDRX<\/li>\n<\/ul><\/div>\n<\/p><\/div>\n<div style='width: 100%; margin: 30px 0;'> <img style='width: 100%; height: auto; border: 1px solid rgba(150&comma;150&comma;150&comma;0.3); border-radius: 8px;' src='http:\/\/ftp3.syscom.mx\/usuarios\/hallende\/EPCOM%20Titanium\/TT-372-EDID\/TT-372-EDID%20Esp.jpg' alt='Diagrama de conexi\u00f3n TT372EDID'><\/div>\n<\/p><\/div>\n<div style='position: relative; padding-bottom: 56.25%; height: 0; overflow: hidden; margin: 30px 0;'>   <\/div>\n<\/p><\/div>\n","protected":false},"excerpt":{"rendered":"<p>Kit Extensor HDMI para distancias de 50 metros \/ Soporta resoluciones 720 y 1080P @ 60 Hz \/ Cat 6, 6a y 7 \/ Salida Loop en el Tx para visualizaci\u00f3n local \/  Configuraci\u00f3n EDID \/ Soporta control remoto del equipo fuente \/ Alimente solo el Tx<\/p>\n","protected":false},"featured_media":120038,"comment_status":"open","ping_status":"closed","template":"","meta":[],"product_brand":[],"product_cat":[2073,2074,2077,2075,2072,2076],"product_tag":[417,2079,2080,2083,507,2081,2078,2082],"class_list":{"0":"post-120039","1":"product","2":"type-product","3":"status-publish","4":"has-post-thumbnail","6":"product_cat-convertidores","7":"product_cat-divisores","8":"product_cat-dvi","9":"product_cat-hdmi","10":"product_cat-kits-extensores","11":"product_cat-vga","12":"product_tag-accesorios-generales","13":"product_tag-convertidores","14":"product_tag-divisores","15":"product_tag-dvi","16":"product_tag-epcom-titanium","17":"product_tag-hdmi","18":"product_tag-kits-extensores","19":"product_tag-vga","21":"first","22":"outofstock","23":"sale","24":"shipping-taxable","25":"purchasable","26":"product-type-simple"},"_links":{"self":[{"href":"https:\/\/soydeaqui.ddns.net\/pachuca\/index.php\/wp-json\/wp\/v2\/product\/120039","targetHints":{"allow":["GET"]}}],"collection":[{"href":"https:\/\/soydeaqui.ddns.net\/pachuca\/index.php\/wp-json\/wp\/v2\/product"}],"about":[{"href":"https:\/\/soydeaqui.ddns.net\/pachuca\/index.php\/wp-json\/wp\/v2\/types\/product"}],"replies":[{"embeddable":true,"href":"https:\/\/soydeaqui.ddns.net\/pachuca\/index.php\/wp-json\/wp\/v2\/comments?post=120039"}],"wp:featuredmedia":[{"embeddable":true,"href":"https:\/\/soydeaqui.ddns.net\/pachuca\/index.php\/wp-json\/wp\/v2\/media\/120038"}],"wp:attachment":[{"href":"https:\/\/soydeaqui.ddns.net\/pachuca\/index.php\/wp-json\/wp\/v2\/media?parent=120039"}],"wp:term":[{"taxonomy":"product_brand","embeddable":true,"href":"https:\/\/soydeaqui.ddns.net\/pachuca\/index.php\/wp-json\/wp\/v2\/product_brand?post=120039"},{"taxonomy":"product_cat","embeddable":true,"href":"https:\/\/soydeaqui.ddns.net\/pachuca\/index.php\/wp-json\/wp\/v2\/product_cat?post=120039"},{"taxonomy":"product_tag","embeddable":true,"href":"https:\/\/soydeaqui.ddns.net\/pachuca\/index.php\/wp-json\/wp\/v2\/product_tag?post=120039"}],"curies":[{"name":"wp","href":"https:\/\/api.w.org\/{rel}","templated":true}]}}