{"id":120034,"date":"2026-03-24T05:41:07","date_gmt":"2026-03-24T05:41:07","guid":{"rendered":"https:\/\/soydeaqui.ddns.net\/pachuca\/index.php\/producto\/microfono-de-escritorio-alta-fidelidad-con-boton-de-activacion-2\/"},"modified":"2026-03-24T05:41:18","modified_gmt":"2026-03-24T05:41:18","slug":"microfono-de-escritorio-alta-fidelidad-con-boton-de-activacion-2","status":"publish","type":"product","link":"https:\/\/soydeaqui.ddns.net\/pachuca\/index.php\/producto\/microfono-de-escritorio-alta-fidelidad-con-boton-de-activacion-2\/","title":{"rendered":"Micr\u00f3fono de Escritorio | Alta Fidelidad | Con Bot\u00f3n de Activaci\u00f3n"},"content":{"rendered":"<div style='width: 100%; max-width: 1200px; margin: 0 auto; font-family: sans-serif; line-height: 1.6; color: inherit; background-color: transparent;'> <!-- Video y descripci\u00f3n --> <\/p>\n<div style='display: flex; flex-direction: column; align-items: center; margin-bottom: 30px;'>\n<div style='position: relative; padding-bottom: 56.25%; height: 0; overflow: hidden; margin-bottom: 20px;'>   <\/div>\n<h1 style='font-size: 24px; margin: 0 0 5px; color: inherit; text-align: center;'>Micr\u00f3fono con base para escritorio.<\/h1>\n<h3 style='font-size: 18px; margin: 0 0 20px; color: inherit; text-align: center;'>SF-621A<\/h3>\n<p style='text-align: center; margin: 0 70px; font-size: 15px; color: inherit;'>El micr\u00f3fono tipo condensador&comma; es adecuado para trabajar con los amplificadores de la serie Epcom Proaudio&comma; para aplicaciones de avisos y anuncios. El sistema de tono previo ayudar\u00e1 a llamar la atenci\u00f3n del p\u00fablico antes de hablar&comma; mientras que el sistema de sonido de poca distorsi\u00f3n le brindar\u00e1 una gran comunicaci\u00f3n.<\/p>\n<\/p><\/div>\n<p> <!-- Secci\u00f3n de caracter\u00edsticas --> <\/p>\n<div style='display: flex; flex-wrap: wrap; gap: 30px; margin-bottom: 30px;'>\n<div style='flex: 1 1 300px; min-width: 280px;'>\n<div style='background-color: rgba(238&comma; 238&comma; 238&comma; 0.6); border: 1px solid rgba(150&comma;150&comma;150&comma;0.3); border-radius: 8px; overflow: hidden;'>\n<div style='background-color: rgba(238&comma; 238&comma; 238&comma; 0.6); padding: 15px; border-bottom: 1px solid rgba(150&comma; 150&comma; 150&comma; 0.3);'>\n<h3 style='font-size: 18px; margin: 0; color: inherit;'><strong>Caracter\u00edsticas Principales<\/strong><\/h3>\n<\/p><\/div>\n<div style='padding: 15px; color: inherit;'> <img style='width: 100%; height: auto; border: 1px solid rgba(150&comma;150&comma;150&comma;0.3); border-radius: 8px;' src='https:\/\/ftp3.syscom.mx\/usuarios\/albamaria\/albamaria\/Epcomproaudio\/SF621A-l.png' alt=''> <\/p>\n<ul style='padding-left: 20px; margin: 15px 0; font-size: 14px; color: inherit; list-style-type: disc;'>\n<li style='margin-bottom: 5px;'>Dise\u00f1o de mesa o para escritorio.<\/li>\n<li style='margin-bottom: 5px;'>Alta sensibilidad<\/li>\n<li style='margin-bottom: 5px;'>Buena calidad de sonido.<\/li>\n<li style='margin-bottom: 5px;'>2 tonos de timbre incorporados.<\/li>\n<li style='margin-bottom: 5px;'>Micr\u00f3fono tipo condensador de alta sensibilidad.<\/li>\n<li style='margin-bottom: 5px;'>Microfono extraible tipo cuello de cisne.<\/li>\n<\/ul>\n<p> <strong style='color: inherit;'>Compatible con:<\/strong> <\/p>\n<ul style='padding-left: 20px; margin: 10px 0 0; font-size: 14px; color: inherit; list-style-type: disc;'>\n<li style='margin-bottom: 5px;'>Amplificador SF-B120<\/li>\n<li style='margin-bottom: 5px;'>Amplificador SF-B240<\/li>\n<\/ul><\/div>\n<\/p><\/div>\n<\/p><\/div>\n<div style='flex: 1 1 300px; min-width: 280px;'>\n<div style='background-color: rgba(238&comma; 238&comma; 238&comma; 0.6); border: 1px solid rgba(150&comma;150&comma;150&comma;0.3); border-radius: 8px; overflow: hidden;'>\n<div style='background-color: rgba(238&comma; 238&comma; 238&comma; 0.6); padding: 15px; border-bottom: 1px solid rgba(150&comma; 150&comma; 150&comma; 0.3);'>\n<h3 style='font-size: 18px; margin: 0; color: inherit;'><strong>Caracter\u00edsticas de audio<\/strong><\/h3>\n<\/p><\/div>\n<div style='padding: 15px; color: inherit;'> <img style='width: 100%; height: auto; border: 1px solid rgba(150&comma;150&comma;150&comma;0.3); border-radius: 8px;' src='https:\/\/ftp3.syscom.mx\/usuarios\/albamaria\/albamaria\/Epcomproaudio\/SF621A-AD-1-l.png' alt=''> <\/p>\n<ul style='padding-left: 20px; margin: 15px 0; font-size: 14px; color: inherit; list-style-type: disc;'>\n<li style='margin-bottom: 5px;'>Respuesta de frecuencia: 20-12 kHz.<\/li>\n<li style='margin-bottom: 5px;'>Impedancia: 600 ohms.<\/li>\n<li style='margin-bottom: 5px;'>Sensibilidad: 63dB<\/li>\n<li style='margin-bottom: 5px;'>Presione Talk para cambiar.<\/li>\n<li style='margin-bottom: 5px;'>Campana incorporada.<\/li>\n<li style='margin-bottom: 5px;'>Alta sensibilidad para una trasmisi\u00f3n de voz clara.<\/li>\n<\/ul><\/div>\n<\/p><\/div>\n<\/p><\/div>\n<div style='flex: 1 1 300px; min-width: 280px;'>\n<div style='background-color: rgba(238&comma; 238&comma; 238&comma; 0.6); border: 1px solid rgba(150&comma;150&comma;150&comma;0.3); border-radius: 8px; overflow: hidden;'>\n<div style='background-color: rgba(238&comma; 238&comma; 238&comma; 0.6); padding: 15px; border-bottom: 1px solid rgba(150&comma; 150&comma; 150&comma; 0.3);'>\n<h3 style='font-size: 18px; margin: 0; color: inherit;'><strong>Caracter\u00edsticas F\u00edsicas y el\u00e9ctricas<\/strong><\/h3>\n<\/p><\/div>\n<div style='padding: 15px; color: inherit;'> <img style='width: 100%; height: auto; border: 1px solid rgba(150&comma;150&comma;150&comma;0.3); border-radius: 8px;' src='https:\/\/ftp3.syscom.mx\/usuarios\/albamaria\/albamaria\/Epcomproaudio\/SF612AC.png' alt=''> <\/p>\n<ul style='padding-left: 20px; margin: 15px 0; font-size: 14px; color: inherit; list-style-type: disc;'>\n<li style='margin-bottom: 5px;'>Alimentaci\u00f3n: Bateria de 9V o Adaptador de corriente (Incluido)<\/li>\n<li style='margin-bottom: 5px;'>Medidas de base ABS color gris: 125 X 150 mm<\/li>\n<li style='margin-bottom: 5px;'>Altura de microfono: 455 mm<\/li>\n<li style='margin-bottom: 5px;'>Peso: 1.3 kg.<\/li>\n<li style='margin-bottom: 5px;'>Conector XLR y enchufe de telefono hembra.<\/li>\n<li style='margin-bottom: 5px;'>Interruptor de encendido.<\/li>\n<li style='margin-bottom: 5px;'>Indicador de anillo rojo para servicio.<\/li>\n<li style='margin-bottom: 5px;'><strong>Incluye cable XLR a TRS de conexion de 10mts<\/strong>.<\/li>\n<\/ul><\/div>\n<\/p><\/div>\n<\/p><\/div>\n<\/p><\/div>\n<p> <!-- Separador final --> <\/p>\n<div style='margin-top: 100px;'>\n<p style='margin: 0; color: inherit;'>&nbsp;<\/p>\n<\/p><\/div>\n<\/p><\/div>\n","protected":false},"excerpt":{"rendered":"<p>Micr\u00f3fono de Escritorio | Alta Fidelidad | Con Bot\u00f3n de Activaci\u00f3n<\/p>\n","protected":false},"featured_media":120033,"comment_status":"open","ping_status":"closed","template":"","meta":[],"product_brand":[],"product_cat":[108],"product_tag":[110,109],"class_list":{"0":"post-120034","1":"product","2":"type-product","3":"status-publish","4":"has-post-thumbnail","6":"product_cat-epcom-proaudio","7":"product_tag-epcom-proaudio","8":"product_tag-megafonia-y-audioevacuacion","10":"first","11":"instock","12":"sale","13":"shipping-taxable","14":"purchasable","15":"product-type-simple"},"_links":{"self":[{"href":"https:\/\/soydeaqui.ddns.net\/pachuca\/index.php\/wp-json\/wp\/v2\/product\/120034","targetHints":{"allow":["GET"]}}],"collection":[{"href":"https:\/\/soydeaqui.ddns.net\/pachuca\/index.php\/wp-json\/wp\/v2\/product"}],"about":[{"href":"https:\/\/soydeaqui.ddns.net\/pachuca\/index.php\/wp-json\/wp\/v2\/types\/product"}],"replies":[{"embeddable":true,"href":"https:\/\/soydeaqui.ddns.net\/pachuca\/index.php\/wp-json\/wp\/v2\/comments?post=120034"}],"wp:featuredmedia":[{"embeddable":true,"href":"https:\/\/soydeaqui.ddns.net\/pachuca\/index.php\/wp-json\/wp\/v2\/media\/120033"}],"wp:attachment":[{"href":"https:\/\/soydeaqui.ddns.net\/pachuca\/index.php\/wp-json\/wp\/v2\/media?parent=120034"}],"wp:term":[{"taxonomy":"product_brand","embeddable":true,"href":"https:\/\/soydeaqui.ddns.net\/pachuca\/index.php\/wp-json\/wp\/v2\/product_brand?post=120034"},{"taxonomy":"product_cat","embeddable":true,"href":"https:\/\/soydeaqui.ddns.net\/pachuca\/index.php\/wp-json\/wp\/v2\/product_cat?post=120034"},{"taxonomy":"product_tag","embeddable":true,"href":"https:\/\/soydeaqui.ddns.net\/pachuca\/index.php\/wp-json\/wp\/v2\/product_tag?post=120034"}],"curies":[{"name":"wp","href":"https:\/\/api.w.org\/{rel}","templated":true}]}}