{"id":119994,"date":"2026-03-24T05:38:54","date_gmt":"2026-03-24T05:38:54","guid":{"rendered":"https:\/\/soydeaqui.ddns.net\/pachuca\/index.php\/producto\/monitor-profesional-led-de-24-resolucion-1920x1080p-entrada-de-video-hdmi\/"},"modified":"2026-03-24T05:38:56","modified_gmt":"2026-03-24T05:38:56","slug":"monitor-profesional-led-de-24-resolucion-1920x1080p-entrada-de-video-hdmi","status":"publish","type":"product","link":"https:\/\/soydeaqui.ddns.net\/pachuca\/index.php\/producto\/monitor-profesional-led-de-24-resolucion-1920x1080p-entrada-de-video-hdmi\/","title":{"rendered":"Monitor Profesional LED de 24&#8243;, Resoluci\u00f3n 1920x1080p, Entrada de Video HDMI."},"content":{"rendered":"<div style='width: 100%; max-width: 1200px; margin: 0 auto; font-family: sans-serif; line-height: 1.6; color: inherit; background-color: transparent;'> <!-- Secci\u00f3n de garant\u00eda --> <\/p>\n<div style='margin-bottom: 30px;'>\n<h3 style='font-size: 22px; border-bottom: 2px solid currentColor; padding-bottom: 5px; margin-top: 0; color: inherit; opacity: 0.8;'>Pol\u00edtica de Garant\u00eda<\/h3>\n<p style='margin: 15px 0; font-size: 15px; color: inherit;'>SYSCOM se apega a las pol\u00edticas de garant\u00eda de cada proveedor de la marca y\/o f\u00e1brica.<\/p>\n<p style='margin: 15px 0; font-size: 15px; color: inherit;'>La cobertura de garant\u00eda por defecto de f\u00e1brica y\/o mal funcionamiento es de 30 d\u00edas con Syscom. Posterior a este periodo&comma; la garant\u00eda es directa con el fabricante.<\/p>\n<p style='margin: 15px 0; font-size: 15px; color: inherit;'>En quebraduras&comma; da\u00f1os f\u00edsicos de equipo y\/o empaque da\u00f1ado&comma; reportarlo dentro de las 24 horas posteriores a la fecha de recepci\u00f3n para el reclamo a paqueter\u00eda.<\/p>\n<\/p><\/div>\n<p> <!-- Secci\u00f3n de especificaciones --> <\/p>\n<div style='margin-bottom: 30px;'>\n<h3 style='font-size: 22px; border-bottom: 2px solid currentColor; padding-bottom: 5px; margin-top: 0; color: inherit; opacity: 0.8;'>Especificaciones T\u00e9cnicas<\/h3>\n<ul style='padding-left: 20px; font-size: 15px; color: inherit;'>\n<li style='margin-bottom: 5px;'><strong>Tama\u00f1o:<\/strong> 23.6&#8242;<\/li>\n<li style='margin-bottom: 5px;'><strong>Tama\u00f1o de \u00e1rea activa (H x V):<\/strong> 521.28 mm (H) x 293.22 mm (V)<\/li>\n<li style='margin-bottom: 5px;'><strong>Relaci\u00f3n de aspecto:<\/strong> 16 : 9<\/li>\n<li style='margin-bottom: 5px;'><strong>Tipo de panel:<\/strong> PLS<\/li>\n<li style='margin-bottom: 5px;'><strong>Brillo (t\u00edpico):<\/strong> 250 cd\/m\u00b2<\/li>\n<li style='margin-bottom: 5px;'><strong>Brillo (m\u00ednimo):<\/strong> 200 cd\/m\u00b2<\/li>\n<li style='margin-bottom: 5px;'><strong>Relaci\u00f3n de contraste est\u00e1tico:<\/strong> 1&comma;000 : 1 (t\u00edpico)&comma; 700 : 1 (m\u00ednimo)<\/li>\n<li style='margin-bottom: 5px;'><strong>Resoluci\u00f3n:<\/strong> 1&comma;920 x 1&comma;080<\/li>\n<li style='margin-bottom: 5px;'><strong>Tama\u00f1o de pixel (H x V):<\/strong> 0.2715 mm (H) x 0.2715 mm (V)<\/li>\n<li style='margin-bottom: 5px;'><strong>Tiempo de respuesta:<\/strong> 4 (GTG)<\/li>\n<li style='margin-bottom: 5px;'><strong>\u00c1ngulo de visualizaci\u00f3n (H \/ V):<\/strong> 178\u00b0 \/ 178\u00b0<\/li>\n<li style='margin-bottom: 5px;'><strong>Soporte de colores:<\/strong> 16.7 M<\/li>\n<\/ul><\/div>\n<p> <!-- Secci\u00f3n de im\u00e1genes --> <\/p>\n<div style='display: flex; flex-wrap: wrap; gap: 20px; justify-content: center; margin-bottom: 30px;'>\n<div style='flex: 1 1 300px; min-width: 280px; max-width: 500px;'> <img style='width: 100%; height: auto; border: 1px solid rgba(150&comma;150&comma;150&comma;0.3); border-radius: 8px;' src='http:\/\/images.samsung.com\/is\/image\/samsung\/mx_LS24E390HL-ZX_010_R-perspective_black?wid=767&#038;hei=767&#038;qlt=85' alt=''> <\/div>\n<div style='flex: 1 1 300px; min-width: 280px; max-width: 500px;'> <img style='width: 100%; height: auto; border: 1px solid rgba(150&comma;150&comma;150&comma;0.3); border-radius: 8px;' src='http:\/\/images.samsung.com\/is\/image\/samsung\/mx_LS24E390HL-ZX_008_Back_black?wid=767&#038;hei=767&#038;qlt=85' alt=''> <\/div>\n<\/p><\/div>\n<\/p><\/div>\n","protected":false},"excerpt":{"rendered":"<p>Monitor Profesional LED de 24&#8243;, Resoluci\u00f3n 1920x1080p, Entrada de Video HDMI.<\/p>\n","protected":false},"featured_media":119993,"comment_status":"open","ping_status":"closed","template":"","meta":[],"product_brand":[],"product_cat":[2389],"product_tag":[2390,2161,2193],"class_list":{"0":"post-119994","1":"product","2":"type-product","3":"status-publish","4":"has-post-thumbnail","6":"product_cat-monitores","7":"product_tag-monitores","8":"product_tag-pantallas-monitores","9":"product_tag-samsung-electronics","11":"first","12":"outofstock","13":"sale","14":"shipping-taxable","15":"purchasable","16":"product-type-simple"},"_links":{"self":[{"href":"https:\/\/soydeaqui.ddns.net\/pachuca\/index.php\/wp-json\/wp\/v2\/product\/119994","targetHints":{"allow":["GET"]}}],"collection":[{"href":"https:\/\/soydeaqui.ddns.net\/pachuca\/index.php\/wp-json\/wp\/v2\/product"}],"about":[{"href":"https:\/\/soydeaqui.ddns.net\/pachuca\/index.php\/wp-json\/wp\/v2\/types\/product"}],"replies":[{"embeddable":true,"href":"https:\/\/soydeaqui.ddns.net\/pachuca\/index.php\/wp-json\/wp\/v2\/comments?post=119994"}],"wp:featuredmedia":[{"embeddable":true,"href":"https:\/\/soydeaqui.ddns.net\/pachuca\/index.php\/wp-json\/wp\/v2\/media\/119993"}],"wp:attachment":[{"href":"https:\/\/soydeaqui.ddns.net\/pachuca\/index.php\/wp-json\/wp\/v2\/media?parent=119994"}],"wp:term":[{"taxonomy":"product_brand","embeddable":true,"href":"https:\/\/soydeaqui.ddns.net\/pachuca\/index.php\/wp-json\/wp\/v2\/product_brand?post=119994"},{"taxonomy":"product_cat","embeddable":true,"href":"https:\/\/soydeaqui.ddns.net\/pachuca\/index.php\/wp-json\/wp\/v2\/product_cat?post=119994"},{"taxonomy":"product_tag","embeddable":true,"href":"https:\/\/soydeaqui.ddns.net\/pachuca\/index.php\/wp-json\/wp\/v2\/product_tag?post=119994"}],"curies":[{"name":"wp","href":"https:\/\/api.w.org\/{rel}","templated":true}]}}