{"id":119989,"date":"2026-03-24T05:38:41","date_gmt":"2026-03-24T05:38:41","guid":{"rendered":"https:\/\/soydeaqui.ddns.net\/pachuca\/index.php\/producto\/subwoofer-activo-de-10-in-amplificador-interno-de-150w\/"},"modified":"2026-03-24T05:38:51","modified_gmt":"2026-03-24T05:38:51","slug":"subwoofer-activo-de-10-in-amplificador-interno-de-150w","status":"publish","type":"product","link":"https:\/\/soydeaqui.ddns.net\/pachuca\/index.php\/producto\/subwoofer-activo-de-10-in-amplificador-interno-de-150w\/","title":{"rendered":"Subwoofer Activo de 10 in | amplificador interno de 150W"},"content":{"rendered":"<div style='width: 100%; max-width: 1200px; margin: 0 auto; font-family: sans-serif; line-height: 1.6; color: inherit; background-color: transparent;'> <!-- Imagen logo --> <\/p>\n<div style='width: 100%; margin: 20px 0;'> <img style='width: 40%; margin-left: 30%; border: 1px solid rgba(150&comma;150&comma;150&comma;0.3); border-radius: 8px;' src='https:\/\/ftp3.syscom.mx\/usuarios\/luis.vargas\/Truaudio\/truaudio-logo.png' alt='Logo Truaudio'> <\/div>\n<p> <!-- Secci\u00f3n imagen 2 y texto --> <\/p>\n<div style='display: flex; flex-wrap: wrap; gap: 30px; margin: 30px 0;'>\n<div style='flex: 1 1 300px; min-width: 280px;'> <img style='width: 100%; height: auto; border: 1px solid rgba(150&comma;150&comma;150&comma;0.3); border-radius: 8px;' src='https:\/\/ftp3.syscom.mx\/usuarios\/luis.vargas\/Truaudio\/SS\/SS10_1.png' alt='Subwoofer SS10'> <\/div>\n<div style='flex: 1 1 300px; min-width: 280px; display: flex; flex-direction: column; justify-content: center;'>\n<h3 style='font-size: 22px; border-bottom: 2px solid currentColor; padding-bottom: 5px; margin-top: 0; color: inherit; opacity: 0.8;'>SS Series<\/h3>\n<p style='font-size: 15px; color: inherit; text-align: justify;'> El Slot Sub presenta un amplificador de nuevo dise\u00f1o que ofrece un sonido de alta potencia eficiente y confiable. El dise\u00f1o del puerto de disparo frontal permite un flujo de aire m\u00e1ximo y ayuda a reducir el ruido del puerto&comma; al tiempo que permite una extensi\u00f3n de graves profundos sin precedentes. <\/p>\n<\/p><\/div>\n<\/p><\/div>\n<p> <!-- Secci\u00f3n texto e imagen 3 --> <\/p>\n<div style='display: flex; flex-wrap: wrap; gap: 30px; margin: 30px 0; flex-direction: row-reverse;'>\n<div style='flex: 1 1 300px; min-width: 280px;'> <img style='width: 100%; height: auto; border: 1px solid rgba(150&comma;150&comma;150&comma;0.3); border-radius: 8px;' src='https:\/\/ftp3.syscom.mx\/usuarios\/luis.vargas\/Truaudio\/SS\/SS10_2.png' alt='Subwoofer SS10'> <\/div>\n<div style='flex: 1 1 300px; min-width: 280px; display: flex; flex-direction: column; justify-content: center;'>\n<p style='font-size: 15px; color: inherit; text-align: justify;'> Incluye circuitos avanzados para eliminar la posibilidad de ruido de puesta a tierra. El dise\u00f1o cuenta con un acabado de dos tonos premium con forma biselada y una pintura negra satinada premium. El puerto de ranura montado en el frente permite armarios o montaje empotrado en la pared <\/p>\n<\/p><\/div>\n<\/p><\/div>\n<p> <!-- Secci\u00f3n imagen 4 y texto --> <\/p>\n<div style='display: flex; flex-wrap: wrap; gap: 30px; margin: 30px 0;'>\n<div style='flex: 1 1 300px; min-width: 280px;'> <img style='width: 100%; height: auto; border: 1px solid rgba(150&comma;150&comma;150&comma;0.3); border-radius: 8px;' src='https:\/\/ftp3.syscom.mx\/usuarios\/luis.vargas\/Truaudio\/SS\/SS10_3.png' alt='Subwoofer SS10'> <\/div>\n<div style='flex: 1 1 300px; min-width: 280px; display: flex; flex-direction: column; justify-content: center;'>\n<p style='font-size: 15px; color: inherit; text-align: justify;'> La serie Slot Subwoofer fue dise\u00f1ada y construida para proporcionar una reproducci\u00f3n de baja frecuencia incre\u00edblemente potente que el audio\/video de hoy exige. Esto lo hace ideal para su sistema de cine en casa&comma; pero tambi\u00e9n cuando se combina con un par de nuestros altavoces de pared o techo&comma; estos subwoofers son el componente perfecto para cualquier sistema de alta fidelidad. <\/p>\n<\/p><\/div>\n<\/p><\/div>\n<p> <!-- Imagen GIF --> <\/p>\n<div style='width: 100%; margin: 30px 0;'> <img style='width: 100%; height: auto; border: 1px solid rgba(150&comma;150&comma;150&comma;0.3); border-radius: 8px;' src='https:\/\/ftp3.syscom.mx\/usuarios\/luis.vargas\/Truaudio\/truaudiogif1.gif' alt='Animaci\u00f3n del producto'> <\/div>\n<p> <!-- Secci\u00f3n caracter\u00edsticas --> <\/p>\n<div style='display: flex; flex-wrap: wrap; gap: 20px; margin: 30px 0;'>\n<div style='flex: 1 1 250px; border: 1px solid rgba(150&comma; 150&comma; 150&comma; 0.4); border-radius: 8px; overflow: hidden; display: flex; flex-direction: column;'>\n<div style='padding: 15px; border-bottom: 1px solid rgba(150&comma; 150&comma; 150&comma; 0.2); font-weight: bold; font-size: 18px; color: inherit;'>Caracter\u00edsticas Generales<\/div>\n<div style='padding: 15px; color: inherit;'>\n<ul style='padding-left: 20px; margin: 0; font-size: 14px; list-style-type: disc;'>\n<li style='margin-bottom: 5px;'><strong>Tipo de altavoz:<\/strong> Disparo frontal&comma; puerto de ranura<\/li>\n<li style='margin-bottom: 5px;'><strong>Conductor:<\/strong> Compuesto de celulosa recubierto de 10 &#8216;<\/li>\n<li style='margin-bottom: 5px;'><strong>Power:<\/strong> Amplificador interno de 150W<\/li>\n<li style='margin-bottom: 5px;'><strong>Impedancia:<\/strong> N\/A<\/li>\n<\/ul><\/div>\n<\/p><\/div>\n<div style='flex: 1 1 250px; border: 1px solid rgba(150&comma; 150&comma; 150&comma; 0.4); border-radius: 8px; overflow: hidden; display: flex; flex-direction: column;'>\n<div style='padding: 15px; border-bottom: 1px solid rgba(150&comma; 150&comma; 150&comma; 0.2); font-weight: bold; font-size: 18px; color: inherit;'>Conexiones<\/div>\n<div style='padding: 15px; color: inherit;'>\n<ul style='padding-left: 20px; margin: 0; font-size: 14px; list-style-type: disc;'>\n<li style='margin-bottom: 5px;'><strong>Entradas:<\/strong>\n<ul style='padding-left: 20px; margin: 5px 0; font-size: 14px; list-style-type: circle;'>\n<li style='margin-bottom: 3px;'>RCA L\/R<\/li>\n<li style='margin-bottom: 3px;'>LFE<\/li>\n<li style='margin-bottom: 3px;'>Entrada de alto nivel<\/li>\n<\/ul>\n<\/li>\n<li style='margin-bottom: 5px;'><strong>Salidas:<\/strong> Ninguna<\/li>\n<li style='margin-bottom: 5px;'><strong>Crossover:<\/strong> 40-200 Hz. pasa baja continuamente variable<\/li>\n<\/ul><\/div>\n<\/p><\/div>\n<div style='flex: 1 1 250px; border: 1px solid rgba(150&comma; 150&comma; 150&comma; 0.4); border-radius: 8px; overflow: hidden; display: flex; flex-direction: column;'>\n<div style='padding: 15px; border-bottom: 1px solid rgba(150&comma; 150&comma; 150&comma; 0.2); font-weight: bold; font-size: 18px; color: inherit;'>Especificaciones<\/div>\n<div style='padding: 15px; color: inherit;'>\n<ul style='padding-left: 20px; margin: 0; font-size: 14px; list-style-type: disc;'>\n<li style='margin-bottom: 5px;'><strong>Rango de frecuencia LP:<\/strong> 30-150Hz. (+\/- 3 dB)<\/li>\n<li style='margin-bottom: 5px;'><strong>Protecci\u00f3n de amplificador:<\/strong> Ninguna<\/li>\n<li style='margin-bottom: 5px;'><strong>Control:<\/strong> Ninguna<\/li>\n<li style='margin-bottom: 5px;'><strong>Parrilla:<\/strong> Black cloth<\/li>\n<\/ul><\/div>\n<\/p><\/div>\n<div style='flex: 1 1 250px; border: 1px solid rgba(150&comma; 150&comma; 150&comma; 0.4); border-radius: 8px; overflow: hidden; display: flex; flex-direction: column;'>\n<div style='padding: 15px; border-bottom: 1px solid rgba(150&comma; 150&comma; 150&comma; 0.2); font-weight: bold; font-size: 18px; color: inherit;'>Dimensiones y Certificaciones<\/div>\n<div style='padding: 15px; color: inherit;'>\n<ul style='padding-left: 20px; margin: 0; font-size: 14px; list-style-type: disc;'>\n<li style='margin-bottom: 5px;'><strong>Dimensiones de gabinete:<\/strong>\n<ul style='padding-left: 20px; margin: 5px 0; font-size: 14px; list-style-type: circle;'>\n<li style='margin-bottom: 3px;'>H: 16 &#8216; (407 mm) incluyendo pies<\/li>\n<li style='margin-bottom: 3px;'>L: 16 &#8216; (406 mm) incluyendo parrilla y amplificador<\/li>\n<li style='margin-bottom: 3px;'>W: 13.4 &#8216; (340 mm)<\/li>\n<\/ul>\n<\/li>\n<li style='margin-bottom: 5px;'><strong>Certificaciones:<\/strong> CE&comma; RCM&comma; TUV&comma; FCC<\/li>\n<li style='margin-bottom: 5px;'><strong>Acabado de gabinete:<\/strong> Pintura negro mate&comma; vinilo texturizado<\/li>\n<\/ul><\/div>\n<\/p><\/div>\n<\/p><\/div>\n<p> <!-- Secci\u00f3n videos --> <\/p>\n<div style='margin: 30px 0;'>\n<h3 style='font-size: 22px; border-bottom: 2px solid currentColor; padding-bottom: 5px; margin-top: 0; color: inherit; opacity: 0.8; margin-bottom: 20px;'>Videos<\/h3>\n<div style='display: flex; flex-wrap: wrap; gap: 20px; justify-content: center;'> <!-- Video 1 --> <\/p>\n<div style='flex: 1 1 300px; min-width: 280px; position: relative; padding-bottom: 56.25%; height: 0; overflow: hidden;'>   <\/div>\n<p> <!-- Video 2 --> <\/p>\n<div style='flex: 1 1 300px; min-width: 280px; position: relative; padding-bottom: 56.25%; height: 0; overflow: hidden;'>   <\/div>\n<p> <!-- Video 3 --> <\/p>\n<div style='flex: 1 1 300px; min-width: 280px; position: relative; padding-bottom: 56.25%; height: 0; overflow: hidden;'>   <\/div>\n<\/p><\/div>\n<\/p><\/div>\n<p> <!-- Separador final --> <\/p>\n<hr style='border: 0; border-top: 1px solid rgba(150&comma; 150&comma; 150&comma; 0.3); margin: 30px 0;'> <\/div>\n","protected":false},"excerpt":{"rendered":"<p>Subwoofer Activo de 10 in | amplificador interno de 150W<\/p>\n","protected":false},"featured_media":119988,"comment_status":"open","ping_status":"closed","template":"","meta":[],"product_brand":[],"product_cat":[2061],"product_tag":[52,2062,2060],"class_list":{"0":"post-119989","1":"product","2":"type-product","3":"status-publish","4":"has-post-thumbnail","6":"product_cat-home-theater","7":"product_tag-audio-residencial-comercial","8":"product_tag-home-theater","9":"product_tag-truaudio","11":"first","12":"instock","13":"sale","14":"shipping-taxable","15":"purchasable","16":"product-type-simple"},"_links":{"self":[{"href":"https:\/\/soydeaqui.ddns.net\/pachuca\/index.php\/wp-json\/wp\/v2\/product\/119989","targetHints":{"allow":["GET"]}}],"collection":[{"href":"https:\/\/soydeaqui.ddns.net\/pachuca\/index.php\/wp-json\/wp\/v2\/product"}],"about":[{"href":"https:\/\/soydeaqui.ddns.net\/pachuca\/index.php\/wp-json\/wp\/v2\/types\/product"}],"replies":[{"embeddable":true,"href":"https:\/\/soydeaqui.ddns.net\/pachuca\/index.php\/wp-json\/wp\/v2\/comments?post=119989"}],"wp:featuredmedia":[{"embeddable":true,"href":"https:\/\/soydeaqui.ddns.net\/pachuca\/index.php\/wp-json\/wp\/v2\/media\/119988"}],"wp:attachment":[{"href":"https:\/\/soydeaqui.ddns.net\/pachuca\/index.php\/wp-json\/wp\/v2\/media?parent=119989"}],"wp:term":[{"taxonomy":"product_brand","embeddable":true,"href":"https:\/\/soydeaqui.ddns.net\/pachuca\/index.php\/wp-json\/wp\/v2\/product_brand?post=119989"},{"taxonomy":"product_cat","embeddable":true,"href":"https:\/\/soydeaqui.ddns.net\/pachuca\/index.php\/wp-json\/wp\/v2\/product_cat?post=119989"},{"taxonomy":"product_tag","embeddable":true,"href":"https:\/\/soydeaqui.ddns.net\/pachuca\/index.php\/wp-json\/wp\/v2\/product_tag?post=119989"}],"curies":[{"name":"wp","href":"https:\/\/api.w.org\/{rel}","templated":true}]}}