{"id":119677,"date":"2026-03-24T05:20:53","date_gmt":"2026-03-24T05:20:53","guid":{"rendered":"https:\/\/soydeaqui.ddns.net\/pachuca\/index.php\/producto\/unidad-de-expansion-sas-de-12-bahias-para-uso-en-rack\/"},"modified":"2026-03-24T05:20:55","modified_gmt":"2026-03-24T05:20:55","slug":"unidad-de-expansion-sas-de-12-bahias-para-uso-en-rack","status":"publish","type":"product","link":"https:\/\/soydeaqui.ddns.net\/pachuca\/index.php\/producto\/unidad-de-expansion-sas-de-12-bahias-para-uso-en-rack\/","title":{"rendered":"Unidad de expansi\u00f3n SAS de 12 bah\u00edas \/ Para uso en rack"},"content":{"rendered":"<div style='width: 100%; max-width: 1200px; margin: 0 auto; font-family: sans-serif; line-height: 1.6; color: inherit; background-color: transparent;'>\n<div style='text-align: center; margin-bottom: 20px;'> <a href='https:\/\/ftp3.syscom.mx\/usuarios\/ftp\/2018\/10\/17\/be9cb\/PROCEDIMIENTO%20GARANTIA%20SYNOLOGY.pdf'> <img style='width: 100%; max-width: 900px; height: auto; border: 1px solid rgba(150&comma;150&comma;150&comma;0.3); border-radius: 8px;' src='https:\/\/ftp3.syscom.mx\/usuarios\/nortega\/synology\/imagenes\/cintillo%20garantia.jpg' alt=''> <\/a> <\/div>\n<p style='font-size: 16px; margin-bottom: 20px; text-align: center; color: inherit;'> F\u00e1cil ampliaci\u00f3n de la capacidad para las soluciones Synology FlasStation y RackStation sobre la marcha <\/p>\n<p> <!-- Secci\u00f3n de especificaciones --> <\/p>\n<div style='display: flex; flex-wrap: wrap; gap: 30px; margin-bottom: 30px;'>\n<div style='flex: 1 1 300px; min-width: 280px;'>\n<div style='border: 1px solid rgba(150&comma; 150&comma; 150&comma; 0.4); border-radius: 8px; overflow: hidden;'>\n<div style='padding: 15px; border-bottom: 1px solid rgba(150&comma; 150&comma; 150&comma; 0.2); font-weight: bold; font-size: 18px; color: inherit;'>Almacenamiento<\/div>\n<div style='padding: 15px; color: inherit;'>\n<ul style='padding-left: 20px; margin: 0; font-size: 14px; list-style-type: disc;'>\n<li style='margin-bottom: 5px;'><span style='color: inherit; font-size: 14px;'>12 Bah\u00edas para Disco Duros (no incluidos).<\/span><\/li>\n<li style='margin-bottom: 5px;'><span style='color: inherit; font-size: 14px;'>Unidad de disco duro SAS de 3.5\u201d<\/span><\/li>\n<li style='margin-bottom: 5px;'><span style='color: inherit; font-size: 14px;'>Unidad de disco duro SAS de 2.5\u201d<\/span><\/li>\n<li style='margin-bottom: 5px;'><span style='color: inherit; font-size: 14px;'>SSD SAS de 2.5\u201d<\/span><\/li>\n<li style='margin-bottom: 5px;'><span style='color: inherit; font-size: 14px;'>Unidad de disco duro SATA de 3.5\u201d<\/span><\/li>\n<li style='margin-bottom: 5px;'><span style='color: inherit; font-size: 14px;'>SSD SATA de 2.5\u201d<\/span><\/li>\n<li style='margin-bottom: 5px;'><span style='color: inherit; font-size: 14px;'>Soporta discos duros de hasta 10 TB (comunicarse con ingenieria para verificar compatibilidad).<\/span><\/li>\n<li style='margin-bottom: 5px;'><span style='color: inherit; font-size: 14px;'>Capacidad de hasta 120 TB internos (Usando 12 discos de 10 TB).<\/span><\/li>\n<li style='margin-bottom: 5px;'><span style='color: inherit; font-size: 14px;'>Hot Swap.<\/span><\/li>\n<\/ul><\/div>\n<\/p><\/div>\n<\/p><\/div>\n<div style='flex: 1 1 300px; min-width: 280px;'>\n<div style='border: 1px solid rgba(150&comma; 150&comma; 150&comma; 0.4); border-radius: 8px; overflow: hidden;'>\n<div style='padding: 15px; border-bottom: 1px solid rgba(150&comma; 150&comma; 150&comma; 0.2); font-weight: bold; font-size: 18px; color: inherit;'>Caracter\u00edsticas F\u00edsicas y El\u00e9ctricas<\/div>\n<div style='padding: 15px; color: inherit;'>\n<ul style='padding-left: 20px; margin: 0; font-size: 14px; list-style-type: disc;'>\n<li style='margin-bottom: 5px;'><span style='color: inherit; font-size: 14px;'>Fuente de poder: 2 x 500W<\/span><\/li>\n<li style='margin-bottom: 5px;'><span style='color: inherit; font-size: 14px;'>Voltaje de entrada: 100V a 240V CA<\/span><\/li>\n<li style='margin-bottom: 5px;'><span style='color: inherit; font-size: 14px;'>Frecuencia de alimentaci\u00f3n: 50\/60 Hz&comma; monof\u00e1sico<\/span><\/li>\n<li style='margin-bottom: 5px;'><span style='color: inherit; font-size: 14px;'>Consumo de energ\u00eda: 132.7W<\/span><\/li>\n<li style='margin-bottom: 5px;'><span style='color: inherit; font-size: 14px;'>Temperatura de operaci\u00f3n: 5 a 35 \u00b0C.<\/span><\/li>\n<li style='margin-bottom: 5px;'><span style='color: inherit; font-size: 14px;'>Dimensiones: 88 X 482 X 724 mm.<\/span><\/li>\n<li style='margin-bottom: 5px;'><span style='color: inherit; font-size: 14px;'>Peso: 18Kg.<\/span><\/li>\n<li style='margin-bottom: 5px;'><span style='color: inherit; font-size: 14px; font-weight: bold;'>Para instalaci\u00f3n en rack de 4 postes (utilizar RKS1317)<\/span><\/li>\n<\/ul><\/div>\n<div style='padding: 15px; border-top: 1px solid rgba(150&comma; 150&comma; 150&comma; 0.2); background-color: rgba(0&comma;0&comma;0&comma;0.05); font-weight: bold; color: inherit;'> Garant\u00eda 5 a\u00f1os. <\/div>\n<\/p><\/div>\n<\/p><\/div>\n<div style='flex: 1 1 300px; min-width: 280px;'>\n<div style='border: 1px solid rgba(150&comma; 150&comma; 150&comma; 0.4); border-radius: 8px; overflow: hidden;'>\n<div style='padding: 15px; border-bottom: 1px solid rgba(150&comma; 150&comma; 150&comma; 0.2); font-weight: bold; font-size: 18px; color: inherit;'>Puertos<\/div>\n<div style='padding: 15px; color: inherit;'>\n<ul style='padding-left: 20px; margin: 0; font-size: 14px; list-style-type: disc;'>\n<li style='margin-bottom: 5px;'><span style='color: inherit; font-size: 14px;'>1 puertos MiniSAS de entrada.<\/span><\/li>\n<li style='margin-bottom: 5px;'><span style='color: inherit; font-size: 14px;'>1 Puertos MiniSAs de salida.<\/span><\/li>\n<\/ul><\/div>\n<\/p><\/div>\n<\/p><\/div>\n<\/p><\/div>\n<p> <!-- Nota de compatibilidad --> <\/p>\n<div style='margin: 30px 0; padding: 15px; border-left: 4px solid #d9534f; background-color: rgba(217&comma; 83&comma; 79&comma; 0.05); color: inherit;'> <strong style='color: inherit;'>*Solo compatible con RS18017XSPLUS&comma; FS3017 Y SA3400<\/strong> <\/div>\n<p> <!-- Galer\u00eda de im\u00e1genes --> <\/p>\n<div style='display: flex; flex-wrap: wrap; gap: 15px; justify-content: center; margin-top: 30px;'>\n<div style='flex: 1 1 230px; min-width: 200px;'> <a href='http:\/\/ftp3.syscom.mx\/usuarios\/nortega\/synology\/imagenes\/rx1217sas\/frente.jpg' style='text-decoration: none;'> <img style='width: 100%; height: auto; border: 1px solid rgba(150&comma;150&comma;150&comma;0.3); border-radius: 8px;' src='http:\/\/ftp3.syscom.mx\/usuarios\/nortega\/synology\/imagenes\/rx1217sas\/frente.jpg' alt='Frente'> <\/a> <\/div>\n<div style='flex: 1 1 230px; min-width: 200px;'> <a href='http:\/\/ftp3.syscom.mx\/usuarios\/nortega\/synology\/imagenes\/rx1217sas\/lado.jpg' style='text-decoration: none;'> <img style='width: 100%; height: auto; border: 1px solid rgba(150&comma;150&comma;150&comma;0.3); border-radius: 8px;' src='http:\/\/ftp3.syscom.mx\/usuarios\/nortega\/synology\/imagenes\/rx1217sas\/lado.jpg' alt='Lateral'> <\/a> <\/div>\n<div style='flex: 1 1 230px; min-width: 200px;'> <a href='http:\/\/ftp3.syscom.mx\/usuarios\/nortega\/synology\/imagenes\/rx1217sas\/posterior.jpg' style='text-decoration: none;'> <img style='width: 100%; height: auto; border: 1px solid rgba(150&comma;150&comma;150&comma;0.3); border-radius: 8px;' src='http:\/\/ftp3.syscom.mx\/usuarios\/nortega\/synology\/imagenes\/rx1217sas\/posterior.jpg' alt='Trasera'> <\/a> <\/div>\n<\/p><\/div>\n<p> <!-- Separador --> <\/p>\n<hr style='border: 0; border-top: 1px solid rgba(150&comma; 150&comma; 150&comma; 0.3); margin: 40px 0;'> <\/div>\n","protected":false},"excerpt":{"rendered":"<p>Unidad de expansi\u00f3n SAS de 12 bah\u00edas \/ Para uso en rack<\/p>\n","protected":false},"featured_media":119676,"comment_status":"open","ping_status":"closed","template":"","meta":[],"product_brand":[],"product_cat":[2064],"product_tag":[2066,2065,1976],"class_list":{"0":"post-119677","1":"product","2":"type-product","3":"status-publish","4":"has-post-thumbnail","6":"product_cat-almacenamiento-nas-san-esata","7":"product_tag-almacenamiento-nas-san-esata","8":"product_tag-servidores-almacenamiento","9":"product_tag-synology","11":"first","12":"outofstock","13":"sale","14":"shipping-taxable","15":"purchasable","16":"product-type-simple"},"_links":{"self":[{"href":"https:\/\/soydeaqui.ddns.net\/pachuca\/index.php\/wp-json\/wp\/v2\/product\/119677","targetHints":{"allow":["GET"]}}],"collection":[{"href":"https:\/\/soydeaqui.ddns.net\/pachuca\/index.php\/wp-json\/wp\/v2\/product"}],"about":[{"href":"https:\/\/soydeaqui.ddns.net\/pachuca\/index.php\/wp-json\/wp\/v2\/types\/product"}],"replies":[{"embeddable":true,"href":"https:\/\/soydeaqui.ddns.net\/pachuca\/index.php\/wp-json\/wp\/v2\/comments?post=119677"}],"wp:featuredmedia":[{"embeddable":true,"href":"https:\/\/soydeaqui.ddns.net\/pachuca\/index.php\/wp-json\/wp\/v2\/media\/119676"}],"wp:attachment":[{"href":"https:\/\/soydeaqui.ddns.net\/pachuca\/index.php\/wp-json\/wp\/v2\/media?parent=119677"}],"wp:term":[{"taxonomy":"product_brand","embeddable":true,"href":"https:\/\/soydeaqui.ddns.net\/pachuca\/index.php\/wp-json\/wp\/v2\/product_brand?post=119677"},{"taxonomy":"product_cat","embeddable":true,"href":"https:\/\/soydeaqui.ddns.net\/pachuca\/index.php\/wp-json\/wp\/v2\/product_cat?post=119677"},{"taxonomy":"product_tag","embeddable":true,"href":"https:\/\/soydeaqui.ddns.net\/pachuca\/index.php\/wp-json\/wp\/v2\/product_tag?post=119677"}],"curies":[{"name":"wp","href":"https:\/\/api.w.org\/{rel}","templated":true}]}}