{"id":119627,"date":"2026-03-24T05:17:48","date_gmt":"2026-03-24T05:17:48","guid":{"rendered":"https:\/\/soydeaqui.ddns.net\/pachuca\/index.php\/producto\/videoportero-ip-sip-fisheye-apertura-por-codigo-antivandalico-llamada-y-o-tarjeta-teclado-retro-iluminacion\/"},"modified":"2026-03-24T05:17:56","modified_gmt":"2026-03-24T05:17:56","slug":"videoportero-ip-sip-fisheye-apertura-por-codigo-antivandalico-llamada-y-o-tarjeta-teclado-retro-iluminacion","status":"publish","type":"product","link":"https:\/\/soydeaqui.ddns.net\/pachuca\/index.php\/producto\/videoportero-ip-sip-fisheye-apertura-por-codigo-antivandalico-llamada-y-o-tarjeta-teclado-retro-iluminacion\/","title":{"rendered":"Videoportero IP (SIP) FISHEYE, apertura por c\u00f3digo, Antivand\u00e1lico, llamada y\/o tarjeta, teclado retro-iluminaci\u00f3n"},"content":{"rendered":"<div style='width: 100%; max-width: 1200px; margin: 0 auto; font-family: sans-serif; line-height: 1.6; color: inherit; background-color: transparent;'> <!-- Secci\u00f3n de descripci\u00f3n principal --> <\/p>\n<div style='margin-bottom: 30px; font-size: 15px;'>\n<p>El GDS3710 es un Sistema de Videoportero IP que sirve tambi\u00e9n como una c\u00e1mara IP de vigilancia de alta definici\u00f3n e intercom IP para ofrecer control de acceso a instalaciones y monitoreo de seguridad para edificios de todos los tama\u00f1os.<\/p>\n<p>Este poderoso Sistema de Videoportero IP proporciona un \u00e1ngulo de visi\u00f3n de video de 180 grados para cobertura de pared a pared&comma; tiene un lector RFID incorporado para acceso seguro sin llave&comma; cuenta con micr\u00f3fono y altavoz integrados para soportar la funci\u00f3n de intercom y ofrece entrada y salida de alarma para integrarse con otros dispositivos de seguridad existentes.<\/p>\n<p>El GDS3710 se integra con el GDS Manager&comma; el software gratuito de gesti\u00f3n de Grandstream&comma; permitiendo que la informaci\u00f3n de tarjetas RFID&comma; se\u00f1ales de video&comma; as\u00ed como el dispositivo mismo sean totalmente gestionados por este software.<\/p>\n<p>Desarrollado con un procesador de sensor de im\u00e1genes (ISP) avanzado y algoritmos de imagen de vanguardia&comma; el GDS3710 brinda resoluciones de video FHD de 1080p y ofrece desempe\u00f1o excepcional en todas las condiciones de iluminaci\u00f3n.<\/p>\n<p>Incluye tecnolog\u00eda SIP\/VoIP con se\u00f1ales de transmisi\u00f3n de audio bidireccional y video cargadas directamente a Smartphones&comma; terminales SIP y el software de gesti\u00f3n GDS.<\/p>\n<p>El GDS3710 est\u00e1 equipado con PoE integrado para instalaci\u00f3n sin interrupciones&comma; LEDs brillantes para iluminaci\u00f3n&comma; detector de movimiento para protecci\u00f3n de seguridad&comma; interruptor de control de iluminaci\u00f3n y m\u00e1s.<\/p>\n<p>La combinaci\u00f3n del GDS3710&comma; los tel\u00e9fonos IP GXP21xx de Grandstream&comma; los videotel\u00e9fonos GXV&comma; la aplicaci\u00f3n m\u00f3vil GS-Wave y los NVR GVR350x proporciona una soluci\u00f3n completa de principio a fin para el control de acceso&comma; la intercomunicaci\u00f3n de video y las necesidades de grabaci\u00f3n de seguridad.<\/p>\n<p style='margin-bottom: 15px;'>Videoportero IP protocolo SIP&comma; se puede conectar a sistemas de video vigilancia y\/o red de telefon\u00eda IP<\/p>\n<\/p><\/div>\n<p> <!-- Secci\u00f3n de caracter\u00edsticas --> <\/p>\n<div style='display: flex; flex-wrap: wrap; gap: 30px; margin-bottom: 30px;'>\n<div style='flex: 1 1 300px; min-width: 280px;'>\n<h3 style='font-size: 22px; border-bottom: 2px solid currentColor; padding-bottom: 5px; margin-top: 0; color: inherit; opacity: 0.8;'>Caracter\u00edsticas principales<\/h3>\n<ul style='padding-left: 20px; font-size: 15px; color: inherit;'>\n<li style='margin-bottom: 5px;'>Teclado retro iluminado y encendido de tecla presionada<\/li>\n<li style='margin-bottom: 5px;'>C\u00e1mara de 2 megap\u00edxeles resoluci\u00f3n HD 1080p Fish eye Apertura de visi\u00f3n de 180 x 150\u00b0<\/li>\n<li style='margin-bottom: 5px;'>Micr\u00f3fono interno con cobertura de 1.5m aproximadamente y bocina con audio HD con cobertura de 3m aproximadamente<\/li>\n<li style='margin-bottom: 5px;'>Detecci\u00f3n de movimiento para encendido de alarma o inicio de grabaci\u00f3n<\/li>\n<li style='margin-bottom: 5px;'>Tres entradas de alarma y dos salidas que pueden usarse para apertura de puertas<\/li>\n<li style='margin-bottom: 5px;'>Apertura de puertas por medio de c\u00f3digo tarjeta RFID o remota (por llamada a un tel\u00e9fono)<\/li>\n<li style='margin-bottom: 5px;'>Soporta alimentaci\u00f3n PoE IEEE 802.3af o con eliminador de 12Vcc\/1A (no incluida)<\/li>\n<li style='margin-bottom: 5px;'>Armaz\u00f3n met\u00e1lico con protecci\u00f3n IP65 para intemperie y anti vand\u00e1lico IK06<\/li>\n<li style='margin-bottom: 5px;'>Dimensiones 173 x 80 x 36 mm<\/li>\n<\/ul><\/div>\n<\/p><\/div>\n<p> <!-- Galer\u00eda de im\u00e1genes --> <\/p>\n<div style='display: flex; flex-wrap: wrap; gap: 20px; margin-bottom: 30px;'>\n<div style='flex: 1 1 400px; min-width: 300px;'> <img style='width: 100%; height: auto; border: 1px solid rgba(150&comma;150&comma;150&comma;0.3); border-radius: 8px;' src='http:\/\/i.imgur.com\/ISyyU27.jpg' alt=''> <\/div>\n<div style='flex: 1 1 400px; min-width: 300px;'> <img style='width: 100%; height: auto; border: 1px solid rgba(150&comma;150&comma;150&comma;0.3); border-radius: 8px;' src='http:\/\/i.imgur.com\/MYr7LmS.jpg' alt=''> <\/div>\n<\/p><\/div>\n<p> <!-- Separador --> <\/p>\n<hr style='border: 0; border-top: 1px solid rgba(150&comma; 150&comma; 150&comma; 0.3); margin: 30px 0;'> <\/div>\n","protected":false},"excerpt":{"rendered":"<p>Videoportero IP (SIP) FISHEYE, apertura por c\u00f3digo, Antivand\u00e1lico, llamada y\/o tarjeta, teclado retro-iluminaci\u00f3n<\/p>\n","protected":false},"featured_media":119626,"comment_status":"open","ping_status":"closed","template":"","meta":[],"product_brand":[],"product_cat":[907],"product_tag":[909,908,557],"class_list":{"0":"post-119627","1":"product","2":"type-product","3":"status-publish","4":"has-post-thumbnail","6":"product_cat-interfones","7":"product_tag-grandstream","8":"product_tag-interfones","9":"product_tag-videoporteros-e-interfonos","11":"first","12":"instock","13":"sale","14":"shipping-taxable","15":"purchasable","16":"product-type-simple"},"_links":{"self":[{"href":"https:\/\/soydeaqui.ddns.net\/pachuca\/index.php\/wp-json\/wp\/v2\/product\/119627","targetHints":{"allow":["GET"]}}],"collection":[{"href":"https:\/\/soydeaqui.ddns.net\/pachuca\/index.php\/wp-json\/wp\/v2\/product"}],"about":[{"href":"https:\/\/soydeaqui.ddns.net\/pachuca\/index.php\/wp-json\/wp\/v2\/types\/product"}],"replies":[{"embeddable":true,"href":"https:\/\/soydeaqui.ddns.net\/pachuca\/index.php\/wp-json\/wp\/v2\/comments?post=119627"}],"wp:featuredmedia":[{"embeddable":true,"href":"https:\/\/soydeaqui.ddns.net\/pachuca\/index.php\/wp-json\/wp\/v2\/media\/119626"}],"wp:attachment":[{"href":"https:\/\/soydeaqui.ddns.net\/pachuca\/index.php\/wp-json\/wp\/v2\/media?parent=119627"}],"wp:term":[{"taxonomy":"product_brand","embeddable":true,"href":"https:\/\/soydeaqui.ddns.net\/pachuca\/index.php\/wp-json\/wp\/v2\/product_brand?post=119627"},{"taxonomy":"product_cat","embeddable":true,"href":"https:\/\/soydeaqui.ddns.net\/pachuca\/index.php\/wp-json\/wp\/v2\/product_cat?post=119627"},{"taxonomy":"product_tag","embeddable":true,"href":"https:\/\/soydeaqui.ddns.net\/pachuca\/index.php\/wp-json\/wp\/v2\/product_tag?post=119627"}],"curies":[{"name":"wp","href":"https:\/\/api.w.org\/{rel}","templated":true}]}}