{"id":119428,"date":"2026-03-24T05:06:59","date_gmt":"2026-03-24T05:06:59","guid":{"rendered":"https:\/\/soydeaqui.ddns.net\/pachuca\/index.php\/producto\/switch-poe-250-metros-larga-distancia-16-puertos-802-3at-30-w-100-mbps-2-puertos-gigabit-2-puertos-sfp\/"},"modified":"2026-03-24T05:07:05","modified_gmt":"2026-03-24T05:07:05","slug":"switch-poe-250-metros-larga-distancia-16-puertos-802-3at-30-w-100-mbps-2-puertos-gigabit-2-puertos-sfp","status":"publish","type":"product","link":"https:\/\/soydeaqui.ddns.net\/pachuca\/index.php\/producto\/switch-poe-250-metros-larga-distancia-16-puertos-802-3at-30-w-100-mbps-2-puertos-gigabit-2-puertos-sfp\/","title":{"rendered":"Switch PoE 250 Metros Larga Distancia \/ 16 Puertos 802.3at (30 W) 100 Mbps + 2 Puertos Gigabit + 2 Puertos SFP"},"content":{"rendered":"<div style='width: 100%; max-width: 1200px; margin: 0 auto; font-family: sans-serif; line-height: 1.6; color: inherit; background-color: transparent;'>\n<div style='text-align: center; margin-bottom: 30px;'> <img style='width: 45%; height: auto; border: 1px solid rgba(150&comma;150&comma;150&comma;0.3); border-radius: 8px;' src='https:\/\/ftp3.syscom.mx\/usuarios\/jsosa\/HIKVISION\/imagenes\/logo\/hikvision%20see%20far.png' alt='Logo Hikvision'> <\/div>\n<div style='position: relative; padding-bottom: 56.25%; height: 0; overflow: hidden; margin-bottom: 30px;'>   <\/div>\n<div style='display: flex; flex-wrap: wrap; gap: 30px; margin-bottom: 30px;'>\n<div style='flex: 1 1 300px; min-width: 280px;'>\n<h3 style='font-size: 22px; border-bottom: 2px solid currentColor; padding-bottom: 5px; margin-top: 0; color: inherit; opacity: 0.8;'>Caracter\u00edsticas principales<\/h3>\n<ul style='padding-left: 20px; font-size: 15px; color: inherit;'>\n<li style='margin-bottom: 5px;'>Tecnolog\u00eda de 8 n\u00facleos de alimentaci\u00f3n est\u00e1ndar 802.3af\/at PoE reduciendo p\u00e9rdidas en la alimentaci\u00f3n<\/li>\n<li style='margin-bottom: 5px;'>Monitoreo y control de datos en puertos importantes<\/li>\n<li style='margin-bottom: 5px; font-weight: bold;'>Modo extendido disponible para alcanzar una transmisi\u00f3n por cable de hasta 250 metros (Solo CAT6&comma; CAT6A)<\/li>\n<li style='margin-bottom: 5px; font-weight: bold;'>Al momento de habilitar el modo EXTEND el ancho de banda ser\u00e1 de 10Mbps y la alimentaci\u00f3n no deber\u00e1 de exceder de 7W m\u00e1ximo por puerto<\/li>\n<li style='margin-bottom: 5px; font-weight: bold;'>16 puerto PoE que soportan modo EXTEND<\/li>\n<li style='margin-bottom: 5px; font-weight: bold;'>2 puertos Gigabit para interconexi\u00f3n<\/li>\n<li style='margin-bottom: 5px; font-weight: bold;'><a href='https:\/\/www.syscom.mx\/producto\/HK-SFP-1.25G-20-1310-DF-HIKVISION-191779.html' target='_blank' rel='noopener'>HK-SFP-1.25G-20-1310-DF<\/a> \/ <a href='https:\/\/www.syscom.mx\/producto\/HK-SFP-1.25G-1310-DF-MM-HIKVISION-170393.html' target='_blank' rel='noopener'>HK-SFP-1.25G-1310-DF-MM<\/a><\/li>\n<li style='margin-bottom: 5px;'>Optimizaci\u00f3n de buffer para garantizar la transmisi\u00f3n de v\u00eddeo<\/li>\n<li style='margin-bottom: 5px;'>Est\u00e1ndares IEEE802.3&comma; IEEE802.3u e IEEE802.3x<\/li>\n<li style='margin-bottom: 5px;'>VLAN (Configuraci\u00f3n de acceso a la VLAN)<\/li>\n<li style='margin-bottom: 5px;'>Puerto troncal (Recibe datos con TAG&comma; Port trunk)<\/li>\n<li style='margin-bottom: 5px;'>STP&comma; Multicast y puerto espejo<\/li>\n<\/ul><\/div>\n<div style='flex: 1 1 300px; min-width: 280px;'>\n<h3 style='font-size: 22px; border-bottom: 2px solid currentColor; padding-bottom: 5px; margin-top: 0; color: inherit; opacity: 0.8;'>Caracter\u00edsticas F\u00edsicas y El\u00e9ctricas<\/h3>\n<ul style='padding-left: 20px; font-size: 15px; color: inherit;'>\n<li style='margin-bottom: 5px;'>30W por puerto (230W en total)<\/li>\n<li style='margin-bottom: 5px;'>Alimentaci\u00f3n: 100 a 240Vca (incluye alimentaci\u00f3n)<\/li>\n<li style='margin-bottom: 5px; font-weight: bold;'>Montable en rack<\/li>\n<\/ul><\/div>\n<\/p><\/div>\n<div style='display: flex; flex-wrap: wrap; gap: 30px; margin-bottom: 30px;'>\n<div style='flex: 1 1 100%;'>\n<h3 style='font-size: 22px; border-bottom: 2px solid currentColor; padding-bottom: 5px; margin-top: 0; color: inherit; opacity: 0.8;'>Consideraciones<\/h3>\n<\/p><\/div>\n<\/p><\/div>\n<div style='display: flex; flex-wrap: wrap; gap: 30px; margin-bottom: 30px;'>\n<div style='flex: 1 1 100%;'> <img style='width: 100%; height: auto; border: 1px solid rgba(150&comma;150&comma;150&comma;0.3); border-radius: 8px;' src='http:\/\/ftp3.syscom.mx\/usuarios\/emendoza\/elesbanmch\/HIKVISON\/IMAGENES\/SWITCH%20MODO%20EXTENDIDO1.png' alt='Modo Extendido 1'> <\/div>\n<div style='flex: 1 1 100%;'>\n<h3 style='font-size: 18px; margin-top: 0; color: inherit;'>Modo de Manejo 1<\/h3>\n<p style='color: inherit; margin-bottom: 15px;'>El switch PoE de HIKVISION permite al momento de utilizar un extensor PoE HIKVISION modelo <a href='https:\/\/www.syscom.mx\/producto\/DS-1H340101P-HIKVISION-88603.html' target='_blank' rel='noopener'>DS-1H340101P<\/a> nos permite alcanzar distancias de hasta 500 metros en total.<\/p>\n<p style='color: inherit; margin-bottom: 15px;'>Las c\u00e1maras IP compatibles en modo extendido pueden ser cualquier c\u00e1mara HIKVISION que no rebasen los 8 watts en consumo total.<\/p>\n<\/p><\/div>\n<\/p><\/div>\n<div style='display: flex; flex-wrap: wrap; gap: 30px; margin-bottom: 30px;'>\n<div style='flex: 1 1 100%;'>\n<h3 style='font-size: 18px; margin-top: 0; color: inherit;'>Modo de Manejo 2<\/h3>\n<p style='color: inherit; margin-bottom: 15px;'>Al momento de habilitar el modo EXTEND nos permite por puerto llegar a distancias de hasta 250 metros.<\/p>\n<p style='color: inherit; margin-bottom: 15px;'>Las c\u00e1maras IP compatibles en modo extendido pueden ser cualquier c\u00e1mara HIKVISION que no rebasen los 8 watts en consumo total.<\/p>\n<\/p><\/div>\n<div style='flex: 1 1 100%;'> <img style='width: 100%; height: auto; border: 1px solid rgba(150&comma;150&comma;150&comma;0.3); border-radius: 8px;' src='http:\/\/ftp3.syscom.mx\/usuarios\/emendoza\/elesbanmch\/HIKVISON\/IMAGENES\/SWITCH%20MODO%20EXTENDIDO%2022.jpg' alt='Modo Extendido 2'> <\/div>\n<\/p><\/div>\n<div style='text-align: center; margin-bottom: 30px;'> <img style='width: 100%; height: auto; border: 1px solid rgba(150&comma;150&comma;150&comma;0.3); border-radius: 8px;' src='https:\/\/ftp3.syscom.mx\/usuarios\/jsosa\/HIKVISION\/imagenes\/banners\/solution%20complete.png' alt='Soluci\u00f3n completa'> <\/div>\n<\/p><\/div>\n","protected":false},"excerpt":{"rendered":"<p>Switch PoE 250 Metros Larga Distancia \/ 16 Puertos 802.3at (30 W) 100 Mbps + 2 Puertos Gigabit + 2 Puertos SFP<\/p>\n","protected":false},"featured_media":119427,"comment_status":"open","ping_status":"closed","template":"","meta":[],"product_brand":[],"product_cat":[1986],"product_tag":[54,664,1987],"class_list":{"0":"post-119428","1":"product","2":"type-product","3":"status-publish","4":"has-post-thumbnail","6":"product_cat-switches-poe","7":"product_tag-hikvision","8":"product_tag-networking","9":"product_tag-switches-poe","11":"first","12":"outofstock","13":"sale","14":"shipping-taxable","15":"purchasable","16":"product-type-simple"},"_links":{"self":[{"href":"https:\/\/soydeaqui.ddns.net\/pachuca\/index.php\/wp-json\/wp\/v2\/product\/119428","targetHints":{"allow":["GET"]}}],"collection":[{"href":"https:\/\/soydeaqui.ddns.net\/pachuca\/index.php\/wp-json\/wp\/v2\/product"}],"about":[{"href":"https:\/\/soydeaqui.ddns.net\/pachuca\/index.php\/wp-json\/wp\/v2\/types\/product"}],"replies":[{"embeddable":true,"href":"https:\/\/soydeaqui.ddns.net\/pachuca\/index.php\/wp-json\/wp\/v2\/comments?post=119428"}],"wp:featuredmedia":[{"embeddable":true,"href":"https:\/\/soydeaqui.ddns.net\/pachuca\/index.php\/wp-json\/wp\/v2\/media\/119427"}],"wp:attachment":[{"href":"https:\/\/soydeaqui.ddns.net\/pachuca\/index.php\/wp-json\/wp\/v2\/media?parent=119428"}],"wp:term":[{"taxonomy":"product_brand","embeddable":true,"href":"https:\/\/soydeaqui.ddns.net\/pachuca\/index.php\/wp-json\/wp\/v2\/product_brand?post=119428"},{"taxonomy":"product_cat","embeddable":true,"href":"https:\/\/soydeaqui.ddns.net\/pachuca\/index.php\/wp-json\/wp\/v2\/product_cat?post=119428"},{"taxonomy":"product_tag","embeddable":true,"href":"https:\/\/soydeaqui.ddns.net\/pachuca\/index.php\/wp-json\/wp\/v2\/product_tag?post=119428"}],"curies":[{"name":"wp","href":"https:\/\/api.w.org\/{rel}","templated":true}]}}