{"id":119361,"date":"2026-03-24T05:03:09","date_gmt":"2026-03-24T05:03:09","guid":{"rendered":"https:\/\/soydeaqui.ddns.net\/pachuca\/index.php\/producto\/ups-de-850-va-510-w-topologia-standby-con-modo-ahorrador-eco-entrada-120-vca-nema-5-15p-con-12-tomas-nema-5-15r\/"},"modified":"2026-03-24T05:03:18","modified_gmt":"2026-03-24T05:03:18","slug":"ups-de-850-va-510-w-topologia-standby-con-modo-ahorrador-eco-entrada-120-vca-nema-5-15p-con-12-tomas-nema-5-15r","status":"publish","type":"product","link":"https:\/\/soydeaqui.ddns.net\/pachuca\/index.php\/producto\/ups-de-850-va-510-w-topologia-standby-con-modo-ahorrador-eco-entrada-120-vca-nema-5-15p-con-12-tomas-nema-5-15r\/","title":{"rendered":"UPS de 850 VA\/510 W, Topolog\u00eda Standby con Modo Ahorrador ECO, Entrada 120 Vca NEMA 5-15P, Con 12 Tomas NEMA 5-15R"},"content":{"rendered":"<div style='width: 100%; max-width: 1200px; margin: 0 auto; font-family: sans-serif; line-height: 1.6; color: inherit; background-color: transparent;'>\n<div style='display: flex; flex-wrap: wrap; gap: 30px; margin-bottom: 30px;'>\n<div style='flex: 1 1 300px; min-width: 280px;'>\n<h3 style='font-size: 22px; border-bottom: 2px solid currentColor; padding-bottom: 5px; margin-top: 0; color: inherit; opacity: 0.8;'>Descripci\u00f3n<\/h3>\n<p style='margin: 0 0 15px; color: inherit; font-size: 15px;'> <img style='width: 100%; height: auto; border: 1px solid rgba(150&comma;150&comma;150&comma;0.3); border-radius: 8px;' src='https:\/\/ftp3.syscom.mx\/usuarios\/fotos\/logotipos\/cyberpower.png' alt=''> <\/p>\n<p style='margin: 0 0 15px; color: inherit; font-size: 15px;'> El EC850LCD salvaguarda PCs y otros equipos electr\u00f3nicos de apagones&comma; bajas y ca\u00eddas de voltaje&comma; picos y otras anormalidades de energ\u00eda. Su circuito integrado compuesto ofrece protecci\u00f3n avanzada de energ\u00eda. La tecnolog\u00eda GreenPower UPS\u2122 reduce los costos de energ\u00eda del UPS y es un producto que cumple con ENERGY STAR\u00ae. El LCD multifunci\u00f3n provee al usuario la capacidad de revisar el estado operativo del UPS y asistir en soluci\u00f3n de problemas de anormalidades de energ\u00eda. <\/p>\n<p style='margin: 0 0 15px; color: inherit; font-size: 15px;'> Los sistemas UPS Ecol\u00f3gicos ofrecen funcionalidad de ahorro de energ\u00eda con tomas ECO con protecci\u00f3n de picos. Cuando las tomas ECO est\u00e1n activadas y la computadora esta conectada al UPS&comma; este puede detectar cuando la computadora conectada esta apagada o en modo de suspensi\u00f3n. El UPS cortar\u00e1 de manera segura la energ\u00eda a las tomas ECO&comma; apagando los dispositivos conectados&comma; lo cual reduce el uso de energ\u00eda y provee ahorros en costos de la misma. <\/p>\n<\/p><\/div>\n<\/p><\/div>\n<div style='display: flex; flex-wrap: wrap; gap: 20px; margin-bottom: 30px;'>\n<div style='flex: 1 1 250px; border: 1px solid rgba(150&comma; 150&comma; 150&comma; 0.4); border-radius: 8px; overflow: hidden; display: flex; flex-direction: column;'>\n<div style='padding: 15px; border-bottom: 1px solid rgba(150&comma; 150&comma; 150&comma; 0.2); font-weight: bold; font-size: 18px; color: inherit;'>Especificaciones T\u00e9cnicas<\/div>\n<div style='padding: 15px; color: inherit;'>\n<ul style='padding-left: 20px; margin: 0; font-size: 14px; list-style-type: disc; color: inherit;'>\n<li style='margin-bottom: 5px; color: inherit;'><strong style='color: inherit;'>Topolog\u00eda UPS:<\/strong> Standby<\/li>\n<li style='margin-bottom: 5px; color: inherit;'><strong style='color: inherit;'>Voltaje de entrada:<\/strong> 96 &#8211; 140VCA<\/li>\n<li style='margin-bottom: 5px; color: inherit;'><strong style='color: inherit;'>Frecuencia de entrada:<\/strong> 47 &#8211; 63Hz<\/li>\n<li style='margin-bottom: 5px; color: inherit;'><strong style='color: inherit;'>Tipo de Onda:<\/strong> Sinusoidal Simulada<\/li>\n<li style='margin-bottom: 5px; color: inherit;'><strong style='color: inherit;'>Tipo de enchufe:<\/strong> NEMA 5-15P <img style='width: 40px; height: auto; border: 1px solid rgba(150&comma;150&comma;150&comma;0.3); border-radius: 4px; vertical-align: middle;' src='https:\/\/www.cyberpower.com\/mx\/es\/File\/GetImageByDocId\/GeneralAttribute-235' alt=''><\/li>\n<li style='margin-bottom: 5px; color: inherit;'><strong style='color: inherit;'>Salida VA:<\/strong> 850<\/li>\n<li style='margin-bottom: 5px; color: inherit;'><strong style='color: inherit;'>Salida Watts:<\/strong> 510<\/li>\n<li style='margin-bottom: 5px; color: inherit;'><strong style='color: inherit;'>Total de tomas:<\/strong> 12 (6 respaldo y 6 supresi\u00f3n con 3 eco controladas)<\/li>\n<li style='margin-bottom: 5px; color: inherit;'><strong style='color: inherit;'>Tipo de Tomas:<\/strong> NEMA 5-15R <img style='width: 40px; height: auto; border: 1px solid rgba(150&comma;150&comma;150&comma;0.3); border-radius: 4px; vertical-align: middle;' src='https:\/\/www.cyberpower.com\/mx\/es\/File\/GetImageByDocId\/GeneralAttribute-238' alt=''><\/li>\n<li style='margin-bottom: 5px; color: inherit;'><strong style='color: inherit;'>Tiempo de Respaldo con Media Carga (255 Watts):<\/strong> 6 Minutos<\/li>\n<li style='margin-bottom: 5px; color: inherit;'><strong style='color: inherit;'>Tiempo de Respaldo con carga completa (510 Watts):<\/strong> 1 Minuto<\/li>\n<li style='margin-bottom: 5px; color: inherit;'><strong style='color: inherit;'>Supresi\u00f3n de picos:<\/strong> 526 Joules<\/li>\n<li style='margin-bottom: 5px; color: inherit;'><strong style='color: inherit;'>Indicadores LED:<\/strong> Encendido&comma; ECO encendido\/apagado<\/li>\n<li style='margin-bottom: 5px; color: inherit;'><strong style='color: inherit;'>Alarmas audibles:<\/strong> En bater\u00eda&comma; bater\u00eda baja&comma; sobrecarga<\/li>\n<li style='margin-bottom: 5px; color: inherit;'><strong style='color: inherit;'>Dimensiones:<\/strong> 310 x 79 x 178 mm (Ancho x Alto x Profundidad)<\/li>\n<li style='margin-bottom: 5px; color: inherit;'><strong style='color: inherit;'>Peso:<\/strong> 3.5 Kg<\/li>\n<li style='margin-bottom: 5px; color: inherit;'><strong style='color: inherit;'>Certificaciones:<\/strong> NOM&comma; UL1778&comma; cUL 107.3&comma; FCC DOC Clase B<\/li>\n<li style='margin-bottom: 5px; color: inherit;'><strong style='color: inherit;'>(incluye bater\u00eda)<\/strong><\/li>\n<li style='margin-bottom: 5px; color: inherit;'><strong style='color: inherit;'>NO es compatible con generador de energ\u00eda (plantas de respaldo)<\/strong><\/li>\n<\/ul><\/div>\n<\/p><\/div>\n<\/p><\/div>\n<\/p><\/div>\n","protected":false},"excerpt":{"rendered":"<p>UPS de 850 VA\/510 W, Topolog\u00eda Standby con Modo Ahorrador ECO, Entrada 120 Vca NEMA 5-15P, Con 12 Tomas NEMA 5-15R<\/p>\n","protected":false},"featured_media":119360,"comment_status":"open","ping_status":"closed","template":"","meta":[],"product_brand":[],"product_cat":[1231],"product_tag":[677,142,1232],"class_list":{"0":"post-119361","1":"product","2":"type-product","3":"status-publish","4":"has-post-thumbnail","6":"product_cat-ups-no-break-energia-videovigilancia","7":"product_tag-cyberpower","8":"product_tag-energia","9":"product_tag-ups-no-break-2","11":"first","12":"outofstock","13":"sale","14":"shipping-taxable","15":"purchasable","16":"product-type-simple"},"_links":{"self":[{"href":"https:\/\/soydeaqui.ddns.net\/pachuca\/index.php\/wp-json\/wp\/v2\/product\/119361","targetHints":{"allow":["GET"]}}],"collection":[{"href":"https:\/\/soydeaqui.ddns.net\/pachuca\/index.php\/wp-json\/wp\/v2\/product"}],"about":[{"href":"https:\/\/soydeaqui.ddns.net\/pachuca\/index.php\/wp-json\/wp\/v2\/types\/product"}],"replies":[{"embeddable":true,"href":"https:\/\/soydeaqui.ddns.net\/pachuca\/index.php\/wp-json\/wp\/v2\/comments?post=119361"}],"wp:featuredmedia":[{"embeddable":true,"href":"https:\/\/soydeaqui.ddns.net\/pachuca\/index.php\/wp-json\/wp\/v2\/media\/119360"}],"wp:attachment":[{"href":"https:\/\/soydeaqui.ddns.net\/pachuca\/index.php\/wp-json\/wp\/v2\/media?parent=119361"}],"wp:term":[{"taxonomy":"product_brand","embeddable":true,"href":"https:\/\/soydeaqui.ddns.net\/pachuca\/index.php\/wp-json\/wp\/v2\/product_brand?post=119361"},{"taxonomy":"product_cat","embeddable":true,"href":"https:\/\/soydeaqui.ddns.net\/pachuca\/index.php\/wp-json\/wp\/v2\/product_cat?post=119361"},{"taxonomy":"product_tag","embeddable":true,"href":"https:\/\/soydeaqui.ddns.net\/pachuca\/index.php\/wp-json\/wp\/v2\/product_tag?post=119361"}],"curies":[{"name":"wp","href":"https:\/\/api.w.org\/{rel}","templated":true}]}}