{"id":119203,"date":"2026-03-24T04:54:02","date_gmt":"2026-03-24T04:54:02","guid":{"rendered":"https:\/\/soydeaqui.ddns.net\/pachuca\/index.php\/producto\/dvr-turbohd-hd-tvi-720p-v2-0-de-4-canales-trihibrido-turbohdhd-tvi-analogico-ip-con-salida-hdmi-1080p\/"},"modified":"2026-03-24T04:54:05","modified_gmt":"2026-03-24T04:54:05","slug":"dvr-turbohd-hd-tvi-720p-v2-0-de-4-canales-trihibrido-turbohdhd-tvi-analogico-ip-con-salida-hdmi-1080p","status":"publish","type":"product","link":"https:\/\/soydeaqui.ddns.net\/pachuca\/index.php\/producto\/dvr-turbohd-hd-tvi-720p-v2-0-de-4-canales-trihibrido-turbohdhd-tvi-analogico-ip-con-salida-hdmi-1080p\/","title":{"rendered":"DVR TurboHD (HD-TVI 720p v2.0) de 4 canales trih\u00edbrido (TurboHD(HD-TVI)\/anal\u00f3gico\/IP) con salida HDMI 1080p"},"content":{"rendered":"<div style='width: 100%; max-width: 1200px; margin: 0 auto; font-family: sans-serif; line-height: 1.6; color: inherit; background-color: transparent;'> <!-- Contenedor de im\u00e1genes --> <\/p>\n<div style='display: flex; flex-wrap: wrap; gap: 20px; justify-content: center; margin-bottom: 30px;'> <img style='width: 100%; max-width: 400px; height: auto; border: 1px solid rgba(150&comma;150&comma;150&comma;0.3); border-radius: 8px;' src='http:\/\/ftp3.syscom.mx\/usuarios\/jdelafuente\/EPCOM\/LEGEND\/legend_turbo.png' alt='DVR TurboHD' \/> <img style='width: 100%; max-width: 450px; height: auto; border: 1px solid rgba(150&comma;150&comma;150&comma;0.3); border-radius: 8px;' src='http:\/\/ftp3.syscom.mx\/usuarios\/jdelafuente\/EPCOM\/advertencia.jpg' alt='Advertencia' \/> <\/div>\n<p> <!-- Secci\u00f3n de enlace importante --> <\/p>\n<div style='text-align: center; margin-bottom: 30px;'> <a href='http:\/\/foro.syscom.mx\/index.php?p=\/discussion\/13841\/videovigilancia-turbohd-preguntas-mas-frecuentes-faqs'> <img style='width: 100%; max-width: 420px; height: auto; border: 1px solid rgba(150&comma;150&comma;150&comma;0.3); border-radius: 8px;' src='http:\/\/ftp3.syscom.mx\/usuarios\/jdelafuente\/EPCOM\/TURBO%20HD\/click.png' alt='Preguntas frecuentes' \/> <\/a> <\/div>\n<p> <!-- Secci\u00f3n de caracter\u00edsticas principales --> <\/p>\n<div style='display: flex; flex-wrap: wrap; gap: 30px; margin-bottom: 30px;'>\n<div style='flex: 1 1 300px; min-width: 280px;'>\n<h3 style='font-size: 22px; border-bottom: 2px solid currentColor; padding-bottom: 5px; margin-top: 0; color: inherit; opacity: 0.8;'>Caracter\u00edsticas principales<\/h3>\n<ul style='padding-left: 20px; font-size: 15px; color: inherit;'>\n<li style='margin-bottom: 5px;'>4 Canales de Video TurboHD y\/o anal\u00f3gico<\/li>\n<li style='margin-bottom: 5px;'>1 Canal IP (m\u00e1ximo 720p)<\/li>\n<li style='margin-bottom: 5px;'>1 Entrada \/ 1 Salida de Audio<\/li>\n<li style='margin-bottom: 5px;'>Capacidad para 1 Disco Duro SATA de hasta 4 TB<\/li>\n<li style='margin-bottom: 5px;'>Salidas de Video HDMI \/ VGA Simult\u00e1neas Full HD 1080p<\/li>\n<li style='margin-bottom: 5px;'>Soporta Servicio D-DNS Hikvision<\/li>\n<li style='margin-bottom: 5px;'>Soporta P2P cloud para visualizaci\u00f3n<\/li>\n<li style='margin-bottom: 5px;'>Compatible con Software Cliente iVMS-4200 (Windows&comma; IOS)&comma; iVMS-4500 (Android&comma; iPhone&comma; iPad&comma; iPod Touch)<\/li>\n<\/ul><\/div>\n<\/p><\/div>\n<p> <!-- Secci\u00f3n de especificaciones t\u00e9cnicas --> <\/p>\n<div style='display: flex; flex-wrap: wrap; gap: 20px; margin-bottom: 30px;'>\n<div style='flex: 1 1 250px; border: 1px solid rgba(150&comma; 150&comma; 150&comma; 0.4); border-radius: 8px; overflow: hidden; display: flex; flex-direction: column;'>\n<div style='padding: 15px; border-bottom: 1px solid rgba(150&comma; 150&comma; 150&comma; 0.2); font-weight: bold; font-size: 18px; color: inherit;'>Canales de Video<\/div>\n<div style='padding: 15px; color: inherit;'>\n<ul style='padding-left: 20px; margin: 0; font-size: 14px; list-style-type: disc;'>\n<li style='margin-bottom: 5px;'>4 Canales de Video 720p [TurboHD (TVI)&comma; Anal\u00f3gico]<\/li>\n<li style='margin-bottom: 5px;'>1 Canal IP (m\u00e1ximo 720p)<\/li>\n<li style='margin-bottom: 5px;'>Conector BNC<\/li>\n<\/ul><\/div>\n<\/p><\/div>\n<div style='flex: 1 1 250px; border: 1px solid rgba(150&comma; 150&comma; 150&comma; 0.4); border-radius: 8px; overflow: hidden; display: flex; flex-direction: column;'>\n<div style='padding: 15px; border-bottom: 1px solid rgba(150&comma; 150&comma; 150&comma; 0.2); font-weight: bold; font-size: 18px; color: inherit;'>Codificaci\u00f3n de Video<\/div>\n<div style='padding: 15px; color: inherit;'>\n<ul style='padding-left: 20px; margin: 0; font-size: 14px; list-style-type: disc;'>\n<li style='margin-bottom: 5px;'>Main stream: 720p&comma; VGA&comma; WD1&comma; 4CIF&comma; CIF<\/li>\n<li style='margin-bottom: 5px;'>Sub stream: WD1&comma; 4CIF&comma; CIF&comma; QCIF&comma; QVGA<\/li>\n<li style='margin-bottom: 5px;'>Bitrate de 32 Kbps hasta 6 Mbps<\/li>\n<\/ul><\/div>\n<\/p><\/div>\n<div style='flex: 1 1 250px; border: 1px solid rgba(150&comma; 150&comma; 150&comma; 0.4); border-radius: 8px; overflow: hidden; display: flex; flex-direction: column;'>\n<div style='padding: 15px; border-bottom: 1px solid rgba(150&comma; 150&comma; 150&comma; 0.2); font-weight: bold; font-size: 18px; color: inherit;'>Canales de Audio<\/div>\n<div style='padding: 15px; color: inherit;'>\n<ul style='padding-left: 20px; margin: 0; font-size: 14px; list-style-type: disc;'>\n<li style='margin-bottom: 5px;'>1 Canal de Entrada de Audio<\/li>\n<li style='margin-bottom: 5px;'>1 Canal de Salida de Audio<\/li>\n<li style='margin-bottom: 5px;'>Conector RCA<\/li>\n<\/ul><\/div>\n<\/p><\/div>\n<div style='flex: 1 1 250px; border: 1px solid rgba(150&comma; 150&comma; 150&comma; 0.4); border-radius: 8px; overflow: hidden; display: flex; flex-direction: column;'>\n<div style='padding: 15px; border-bottom: 1px solid rgba(150&comma; 150&comma; 150&comma; 0.2); font-weight: bold; font-size: 18px; color: inherit;'>Codificaci\u00f3n de Audio<\/div>\n<div style='padding: 15px; color: inherit;'>\n<ul style='padding-left: 20px; margin: 0; font-size: 14px; list-style-type: disc;'>\n<li style='margin-bottom: 5px;'>Compresi\u00f3n G.711U<\/li>\n<li style='margin-bottom: 5px;'>Bitrate de 64 Kbps<\/li>\n<\/ul><\/div>\n<\/p><\/div>\n<div style='flex: 1 1 250px; border: 1px solid rgba(150&comma; 150&comma; 150&comma; 0.4); border-radius: 8px; overflow: hidden; display: flex; flex-direction: column;'>\n<div style='padding: 15px; border-bottom: 1px solid rgba(150&comma; 150&comma; 150&comma; 0.2); font-weight: bold; font-size: 18px; color: inherit;'>Salidas de Video<\/div>\n<div style='padding: 15px; color: inherit;'>\n<ul style='padding-left: 20px; margin: 0; font-size: 14px; list-style-type: disc;'>\n<li style='margin-bottom: 5px;'>Salida Video de HDMI y VGA simult\u00e1neas<\/li>\n<li style='margin-bottom: 5px;'>Soporta resoluciones de 1920&#215;1080&comma; 1280&#215;1024&comma; 1280&#215;720&comma; 1024&#215;768 en HDMI o VGA<\/li>\n<\/ul><\/div>\n<\/p><\/div>\n<div style='flex: 1 1 250px; border: 1px solid rgba(150&comma; 150&comma; 150&comma; 0.4); border-radius: 8px; overflow: hidden; display: flex; flex-direction: column;'>\n<div style='padding: 15px; border-bottom: 1px solid rgba(150&comma; 150&comma; 150&comma; 0.2); font-weight: bold; font-size: 18px; color: inherit;'>Grabaci\u00f3n<\/div>\n<div style='padding: 15px; color: inherit;'>\n<ul style='padding-left: 20px; margin: 0; font-size: 14px; list-style-type: disc;'>\n<li style='margin-bottom: 5px;'>Grabaci\u00f3n con Sobre-Escritura autom\u00e1tica<\/li>\n<li style='margin-bottom: 5px;'>Configurable para comenzar a grabar con un solo clic<\/li>\n<li style='margin-bottom: 5px;'>Programaci\u00f3n de grabaci\u00f3n por calendario&comma; manual o evento<\/li>\n<\/ul><\/div>\n<\/p><\/div>\n<div style='flex: 1 1 250px; border: 1px solid rgba(150&comma; 150&comma; 150&comma; 0.4); border-radius: 8px; overflow: hidden; display: flex; flex-direction: column;'>\n<div style='padding: 15px; border-bottom: 1px solid rgba(150&comma; 150&comma; 150&comma; 0.2); font-weight: bold; font-size: 18px; color: inherit;'>B\u00fasqueda y Reproducci\u00f3n<\/div>\n<div style='padding: 15px; color: inherit;'>\n<ul style='padding-left: 20px; margin: 0; font-size: 14px; list-style-type: disc;'>\n<li style='margin-bottom: 5px;'>Reproducci\u00f3n instant\u00e1nea de una c\u00e1mara en el modo de Multi-Vista en vivo<\/li>\n<li style='margin-bottom: 5px;'>Reproducci\u00f3n simult\u00e1nea s\u00edncrona de 4 canales a 720p hacia delante y en reversa<\/li>\n<li style='margin-bottom: 5px;'>Reproducci\u00f3n local y remota&comma; con b\u00fasquedas por agenda o eventos<\/li>\n<li style='margin-bottom: 5px;'>Identificaci\u00f3n de grabaci\u00f3n por Etiquetas para buscar y reproducir por Etiquetas<\/li>\n<li style='margin-bottom: 5px;'>Bloqueo de segmentos importantes de grabaci\u00f3n para evitar la sobre-escritura<\/li>\n<\/ul><\/div>\n<\/p><\/div>\n<div style='flex: 1 1 250px; border: 1px solid rgba(150&comma; 150&comma; 150&comma; 0.4); border-radius: 8px; overflow: hidden; display: flex; flex-direction: column;'>\n<div style='padding: 15px; border-bottom: 1px solid rgba(150&comma; 150&comma; 150&comma; 0.2); font-weight: bold; font-size: 18px; color: inherit;'>Eventos<\/div>\n<div style='padding: 15px; color: inherit;'>\n<ul style='padding-left: 20px; margin: 0; font-size: 14px; list-style-type: disc;'>\n<li style='margin-bottom: 5px;'>Alerta audible&comma; Pop-Up&comma; notificaci\u00f3n por email y notificaci\u00f3n a Centro de Monitoreo al dispararse un evento<\/li>\n<li style='margin-bottom: 5px;'>Alarma por detecci\u00f3n de movimiento&comma; bloqueo de c\u00e1mara y desconexi\u00f3n&comma; configurable por canal<\/li>\n<li style='margin-bottom: 5px;'>Monitoreo del estado del disco duro&comma; red&comma; accesos y estado de las c\u00e1maras con notificaciones remotas<\/li>\n<\/ul><\/div>\n<\/p><\/div>\n<div style='flex: 1 1 250px; border: 1px solid rgba(150&comma; 150&comma; 150&comma; 0.4); border-radius: 8px; overflow: hidden; display: flex; flex-direction: column;'>\n<div style='padding: 15px; border-bottom: 1px solid rgba(150&comma; 150&comma; 150&comma; 0.2); font-weight: bold; font-size: 18px; color: inherit;'>Red<\/div>\n<div style='padding: 15px; color: inherit;'>\n<ul style='padding-left: 20px; margin: 0; font-size: 14px; list-style-type: disc;'>\n<li style='margin-bottom: 5px;'>6 usuarios conectados simult\u00e1neamente v\u00eda red<\/li>\n<li style='margin-bottom: 5px;'>Soporta Main y Sub Stream<\/li>\n<li style='margin-bottom: 5px;'>Protocolos soportados: TCP\/IP&comma; PPPoE&comma; DHCP&comma; DNS&comma; DDNS&comma; NTP&comma; SADP&comma; SMTP&comma; SNMP&comma; NFS&comma; iSCSI&comma; UPnP&comma; HTTP&comma; HTTPS<\/li>\n<\/ul><\/div>\n<\/p><\/div>\n<div style='flex: 1 1 250px; border: 1px solid rgba(150&comma; 150&comma; 150&comma; 0.4); border-radius: 8px; overflow: hidden; display: flex; flex-direction: column;'>\n<div style='padding: 15px; border-bottom: 1px solid rgba(150&comma; 150&comma; 150&comma; 0.2); font-weight: bold; font-size: 18px; color: inherit;'>Interfaces<\/div>\n<div style='padding: 15px; color: inherit;'>\n<ul style='padding-left: 20px; margin: 0; font-size: 14px; list-style-type: disc;'>\n<li style='margin-bottom: 5px;'>1 Puerto de Red RJ-45 10\/100 Mbps<\/li>\n<li style='margin-bottom: 5px;'>2 Puertos USB 2.0 (Soporta Mouse para control&comma; incluido)<\/li>\n<\/ul><\/div>\n<\/p><\/div>\n<div style='flex: 1 1 250px; border: 1px solid rgba(150&comma; 150&comma; 150&comma; 0.4); border-radius: 8px; overflow: hidden; display: flex; flex-direction: column;'>\n<div style='padding: 15px; border-bottom: 1px solid rgba(150&comma; 150&comma; 150&comma; 0.2); font-weight: bold; font-size: 18px; color: inherit;'>Caracter\u00edsticas f\u00edsicas y el\u00e9ctricas<\/div>\n<div style='padding: 15px; color: inherit;'>\n<ul style='padding-left: 20px; margin: 0; font-size: 14px; list-style-type: disc;'>\n<li style='margin-bottom: 5px;'>Alimentaci\u00f3n: 12Vcc (Incluido)<\/li>\n<li style='margin-bottom: 5px;'>Consumo el\u00e9ctrico: Max. 8W<\/li>\n<li style='margin-bottom: 5px;'>Temperatura de operaci\u00f3n: -10 ~ 55 \u00baC<\/li>\n<li style='margin-bottom: 5px;'>Dimensiones: 200 x 200 x 45 mm<\/li>\n<li style='margin-bottom: 5px;'>Peso: 800g<\/li>\n<\/ul><\/div>\n<\/p><\/div>\n<div style='flex: 1 1 250px; border: 1px solid rgba(150&comma; 150&comma; 150&comma; 0.4); border-radius: 8px; overflow: hidden; display: flex; flex-direction: column;'>\n<div style='padding: 15px; border-bottom: 1px solid rgba(150&comma; 150&comma; 150&comma; 0.2); font-weight: bold; font-size: 18px; color: inherit;'>Garant\u00eda<\/div>\n<div style='padding: 15px; color: inherit;'>\n<ul style='padding-left: 20px; margin: 0; font-size: 14px; list-style-type: disc;'>\n<li style='margin-bottom: 5px;'>4 A\u00f1os de Garant\u00eda<\/li>\n<\/ul><\/div>\n<\/p><\/div>\n<\/p><\/div>\n<p> <!-- Imagen adicional --> <\/p>\n<div style='text-align: center; margin: 30px 0;'> <img style='width: 100%; max-width: 640px; height: auto; border: 1px solid rgba(150&comma;150&comma;150&comma;0.3); border-radius: 8px;' src='http:\/\/ftp3.syscom.mx\/usuarios\/jdelafuente\/EPCOM\/LEGEND%20TURBO%20HD\/tabla_legend_turbo_4.jpg' alt='Tabla de combinaciones de c\u00e1maras' \/> <\/div>\n<p> <!-- Secci\u00f3n de documentos y vistas adicionales --> <\/p>\n<div style='display: flex; flex-wrap: wrap; gap: 20px; justify-content: center; margin-bottom: 30px;'>\n<div style='text-align: center;'> <a class='fancybox-media' title='Flyer LEGEND TURBO HD' href='http:\/\/ftp3.syscom.mx\/usuarios\/jdelafuente\/EPCOM\/LEGEND%20TURBO%20HD\/TURBO-4.jpg' rel='gallery1'> <img style='width: 100%; max-width: 640px; height: auto; border: 1px solid rgba(150&comma;150&comma;150&comma;0.3); border-radius: 8px;' src='http:\/\/ftp3.syscom.mx\/usuarios\/jdelafuente\/EPCOM\/LEGEND%20TURBO%20HD\/TURBO-4.jpg' alt='Flyer LEGEND TURBO HD' \/> <\/a> <\/p>\n<p style='margin-top: 10px; font-size: 14px; color: inherit;'>Flyer LEGEND TURBO HD<\/p>\n<\/p><\/div>\n<div style='text-align: center;'> <a class='fancybox-media' title='Vistas' href='http:\/\/ftp3.syscom.mx\/usuarios\/fotos\/S04TURBO_2\/S04TURBO_2.png' rel='gallery1'> <img style='width: 100%; max-width: 230px; height: auto; border: 1px solid rgba(150&comma;150&comma;150&comma;0.3); border-radius: 8px;' src='http:\/\/ftp3.syscom.mx\/usuarios\/fotos\/S04TURBO_2\/S04TURBO_2.png' alt='Vistas' \/> <\/a> <\/p>\n<p style='margin-top: 10px; font-size: 14px; color: inherit;'>Vistas<\/p>\n<\/p><\/div>\n<\/p><\/div>\n<p> <!-- Imagen adicional de 100% --> <\/p>\n<div style='text-align: center; margin: 30px 0;'> <img style='width: 100%; max-width: 422px; height: auto; border: 1px solid rgba(150&comma;150&comma;150&comma;0.3); border-radius: 8px;' src='http:\/\/ftp3.syscom.mx\/usuarios\/jdelafuente\/EPCOM\/TURBO%20HD\/100%253.png' alt='100% de capacidad' \/> <\/div>\n<\/p><\/div>\n","protected":false},"excerpt":{"rendered":"<p>DVR TurboHD (HD-TVI 720p v2.0) de 4 canales trih\u00edbrido (TurboHD(HD-TVI)\/anal\u00f3gico\/IP) con salida HDMI 1080p<\/p>\n","protected":false},"featured_media":119202,"comment_status":"open","ping_status":"closed","template":"","meta":[],"product_brand":[],"product_cat":[2254],"product_tag":[2255,935,2256],"class_list":{"0":"post-119203","1":"product","2":"type-product","3":"status-publish","4":"has-post-thumbnail","6":"product_cat-videograbadoras-analogicas-turbohd-tvi-ahd-cvi","7":"product_tag-camaras-y-dvrs-hd-turbohd-ahd-hd-tvi","8":"product_tag-epcom","9":"product_tag-videograbadoras-analogicas-turbohd-tvi-ahd-cvi","11":"first","12":"outofstock","13":"sale","14":"shipping-taxable","15":"purchasable","16":"product-type-simple"},"_links":{"self":[{"href":"https:\/\/soydeaqui.ddns.net\/pachuca\/index.php\/wp-json\/wp\/v2\/product\/119203","targetHints":{"allow":["GET"]}}],"collection":[{"href":"https:\/\/soydeaqui.ddns.net\/pachuca\/index.php\/wp-json\/wp\/v2\/product"}],"about":[{"href":"https:\/\/soydeaqui.ddns.net\/pachuca\/index.php\/wp-json\/wp\/v2\/types\/product"}],"replies":[{"embeddable":true,"href":"https:\/\/soydeaqui.ddns.net\/pachuca\/index.php\/wp-json\/wp\/v2\/comments?post=119203"}],"wp:featuredmedia":[{"embeddable":true,"href":"https:\/\/soydeaqui.ddns.net\/pachuca\/index.php\/wp-json\/wp\/v2\/media\/119202"}],"wp:attachment":[{"href":"https:\/\/soydeaqui.ddns.net\/pachuca\/index.php\/wp-json\/wp\/v2\/media?parent=119203"}],"wp:term":[{"taxonomy":"product_brand","embeddable":true,"href":"https:\/\/soydeaqui.ddns.net\/pachuca\/index.php\/wp-json\/wp\/v2\/product_brand?post=119203"},{"taxonomy":"product_cat","embeddable":true,"href":"https:\/\/soydeaqui.ddns.net\/pachuca\/index.php\/wp-json\/wp\/v2\/product_cat?post=119203"},{"taxonomy":"product_tag","embeddable":true,"href":"https:\/\/soydeaqui.ddns.net\/pachuca\/index.php\/wp-json\/wp\/v2\/product_tag?post=119203"}],"curies":[{"name":"wp","href":"https:\/\/api.w.org\/{rel}","templated":true}]}}