{"id":118942,"date":"2026-03-24T04:39:22","date_gmt":"2026-03-24T04:39:22","guid":{"rendered":"https:\/\/soydeaqui.ddns.net\/pachuca\/index.php\/producto\/montaje-para-panel-solar-de-poste-o-torre-galvanizado-electrolitico-ver-compatibilidad\/"},"modified":"2026-03-24T04:39:33","modified_gmt":"2026-03-24T04:39:33","slug":"montaje-para-panel-solar-de-poste-o-torre-galvanizado-electrolitico-ver-compatibilidad","status":"publish","type":"product","link":"https:\/\/soydeaqui.ddns.net\/pachuca\/index.php\/producto\/montaje-para-panel-solar-de-poste-o-torre-galvanizado-electrolitico-ver-compatibilidad\/","title":{"rendered":"Montaje para Panel Solar de Poste o Torre Galvanizado Electrol\u00edtico (Ver Compatibilidad)."},"content":{"rendered":"<div style='width: 100%; max-width: 1200px; margin: 0 auto; font-family: sans-serif; line-height: 1.6; color: inherit; background-color: transparent;'> <!-- Logo --> <\/p>\n<div style='text-align: center; margin-bottom: 30px;'> <a href='http:\/\/ftp3.syscom.mx\/usuarios\/dcarreon\/IMPRESOS\/EPCOMindustrialFAMILIA.pdf' target='_new'> <img style='width: 100%; max-width: 400px; height: auto; border: 1px solid rgba(150&comma;150&comma;150&comma;0.3); border-radius: 8px;' src='http:\/\/ftp3.syscom.mx\/usuarios\/dcarreon\/IMPRESOS\/LOGO_epcom%20industrial.jpg' alt='Logo EPCOM Industrial'> <\/a> <\/div>\n<p> <!-- Caracter\u00edsticas Funcionales --> <\/p>\n<div style='margin-bottom: 30px;'>\n<h3 style='font-size: 22px; border-bottom: 2px solid currentColor; padding-bottom: 5px; margin-top: 0; color: inherit; opacity: 0.8;'>Caracter\u00edsticas Funcionales<\/h3>\n<ul style='padding-left: 20px; font-size: 15px; color: inherit;'>\n<li style='margin-bottom: 5px;'>Dise\u00f1o Robusto<\/li>\n<li style='margin-bottom: 5px;'>F\u00e1cil Armado<\/li>\n<li style='margin-bottom: 5px;'>Alta resistencia Mec\u00e1nica<\/li>\n<li style='margin-bottom: 5px;'>Incluye bracket de sujeci\u00f3n (No se requiere fleje)<\/li>\n<li style='margin-bottom: 5px;'>Alta compatibilidad entre m\u00f3dulos solares (Ver compatibilidad)<\/li>\n<li style='margin-bottom: 5px;'><strong>Acabado en Galvanizado electrol\u00edtico para retrasar la generaci\u00f3n de \u00f3xido.<\/strong><\/li>\n<li style='margin-bottom: 5px;'>Peso: 15 kg.<\/li>\n<li style='margin-bottom: 5px;'><strong>Recomendado \u00fanicamente para \u00e1ngulos de inclinaci\u00f3n de 25\u00b0 a 50\u00b0.<\/strong><\/li>\n<\/ul><\/div>\n<p> <!-- Compatibilidad --> <\/p>\n<div style='margin-bottom: 30px;'>\n<h3 style='font-size: 22px; border-bottom: 2px solid currentColor; padding-bottom: 5px; margin-top: 0; color: inherit; opacity: 0.8;'>Compatibilidad Para Instalaci\u00f3n<\/h3>\n<p> <!-- Tabla de compatibilidad --> <\/p>\n<div style='overflow-x: auto; margin: 20px 0;'>\n<table style='width: 100%; border-collapse: collapse; min-width: 600px;'>\n<thead>\n<tr style='background-color: rgba(150&comma;150&comma;150&comma;0.1);'>\n<th style='text-align: center; padding: 10px; border: 1px solid rgba(150&comma;150&comma;150&comma;0.3); color: inherit;'>Modelo<\/th>\n<th style='text-align: center; padding: 10px; border: 1px solid rgba(150&comma;150&comma;150&comma;0.3); color: inherit;' colspan='2'>Compatibilidad en Torre<\/th>\n<th style='text-align: center; padding: 10px; border: 1px solid rgba(150&comma;150&comma;150&comma;0.3); color: inherit;' colspan='2'>Compatibilidad en Poste<\/th>\n<\/tr>\n<tr style='background-color: rgba(150&comma;150&comma;150&comma;0.1);'>\n<th style='text-align: center; padding: 10px; border: 1px solid rgba(150&comma;150&comma;150&comma;0.3); color: inherit;'> <\/th>\n<th style='text-align: center; padding: 10px; border: 1px solid rgba(150&comma;150&comma;150&comma;0.3); color: inherit;'>1 Celda<\/th>\n<th style='text-align: center; padding: 10px; border: 1px solid rgba(150&comma;150&comma;150&comma;0.3); color: inherit;'>2 Celdas<\/th>\n<th style='text-align: center; padding: 10px; border: 1px solid rgba(150&comma;150&comma;150&comma;0.3); color: inherit;'>1 Celda<\/th>\n<th style='text-align: center; padding: 10px; border: 1px solid rgba(150&comma;150&comma;150&comma;0.3); color: inherit;'>2 Celdas<\/th>\n<\/tr>\n<\/thead>\n<tbody>\n<tr style='border-bottom: 1px solid rgba(150&comma;150&comma;150&comma;0.2);'>\n<td style='text-align: center; padding: 8px; border: 1px solid rgba(150&comma;150&comma;150&comma;0.3); color: inherit;'>PRO-PROSE-5012<\/td>\n<td style='text-align: center; padding: 8px; border: 1px solid rgba(150&comma;150&comma;150&comma;0.3); color: inherit;'><img style='width: 30px; height: 30px; border: none;' src='http:\/\/1.bp.blogspot.com\/-pVhm3tBYeQg\/UkhKyun5n-I\/AAAAAAAAAC4\/E9HnO64TK4g\/s1600\/paloma_zpsc5cb8db5.png' alt='Aceptable'><\/td>\n<td style='text-align: center; padding: 8px; border: 1px solid rgba(150&comma;150&comma;150&comma;0.3); color: inherit;'><img style='width: 30px; height: 30px; border: none;' src='https:\/\/ftp3.syscom.mx\/usuarios\/fotos\/SSPBLV5\/93306-tacha_roja.png' alt='No recomendable'><\/td>\n<td style='text-align: center; padding: 8px; border: 1px solid rgba(150&comma;150&comma;150&comma;0.3); color: inherit;'><img style='width: 30px; height: 30px; border: none;' src='http:\/\/1.bp.blogspot.com\/-pVhm3tBYeQg\/UkhKyun5n-I\/AAAAAAAAAC4\/E9HnO64TK4g\/s1600\/paloma_zpsc5cb8db5.png' alt='Aceptable'><\/td>\n<td style='text-align: center; padding: 8px; border: 1px solid rgba(150&comma;150&comma;150&comma;0.3); color: inherit;'><img style='width: 30px; height: 30px; border: none;' src='http:\/\/1.bp.blogspot.com\/-pVhm3tBYeQg\/UkhKyun5n-I\/AAAAAAAAAC4\/E9HnO64TK4g\/s1600\/paloma_zpsc5cb8db5.png' alt='Aceptable'><\/td>\n<\/tr>\n<tr style='border-bottom: 1px solid rgba(150&comma;150&comma;150&comma;0.2);'>\n<td style='text-align: center; padding: 8px; border: 1px solid rgba(150&comma;150&comma;150&comma;0.3); color: inherit;'>PRO-PROSE-8512<\/td>\n<td style='text-align: center; padding: 8px; border: 1px solid rgba(150&comma;150&comma;150&comma;0.3); color: inherit;'><img style='width: 30px; height: 30px; border: none;' src='http:\/\/1.bp.blogspot.com\/-pVhm3tBYeQg\/UkhKyun5n-I\/AAAAAAAAAC4\/E9HnO64TK4g\/s1600\/paloma_zpsc5cb8db5.png' alt='Aceptable'><\/td>\n<td style='text-align: center; padding: 8px; border: 1px solid rgba(150&comma;150&comma;150&comma;0.3); color: inherit;'><img style='width: 30px; height: 30px; border: none;' src='https:\/\/ftp3.syscom.mx\/usuarios\/fotos\/SSPBLV5\/93306-tacha_roja.png' alt='No recomendable'><\/td>\n<td style='text-align: center; padding: 8px; border: 1px solid rgba(150&comma;150&comma;150&comma;0.3); color: inherit;'><img style='width: 30px; height: 30px; border: none;' src='http:\/\/1.bp.blogspot.com\/-pVhm3tBYeQg\/UkhKyun5n-I\/AAAAAAAAAC4\/E9HnO64TK4g\/s1600\/paloma_zpsc5cb8db5.png' alt='Aceptable'><\/td>\n<td style='text-align: center; padding: 8px; border: 1px solid rgba(150&comma;150&comma;150&comma;0.3); color: inherit;'><img style='width: 30px; height: 30px; border: none;' src='http:\/\/1.bp.blogspot.com\/-pVhm3tBYeQg\/UkhKyun5n-I\/AAAAAAAAAC4\/E9HnO64TK4g\/s1600\/paloma_zpsc5cb8db5.png' alt='Aceptable'><\/td>\n<\/tr>\n<tr style='border-bottom: 1px solid rgba(150&comma;150&comma;150&comma;0.2);'>\n<td style='text-align: center; padding: 8px; border: 1px solid rgba(150&comma;150&comma;150&comma;0.3); color: inherit;'>PRO-PROSE-12512<\/td>\n<td style='text-align: center; padding: 8px; border: 1px solid rgba(150&comma;150&comma;150&comma;0.3); color: inherit;'><img style='width: 30px; height: 30px; border: none;' src='https:\/\/ftp3.syscom.mx\/usuarios\/fotos\/SSPBLV5\/93306-tacha_roja.png' alt='No recomendable'><\/td>\n<td style='text-align: center; padding: 8px; border: 1px solid rgba(150&comma;150&comma;150&comma;0.3); color: inherit;'><img style='width: 30px; height: 30px; border: none;' src='https:\/\/ftp3.syscom.mx\/usuarios\/fotos\/SSPBLV5\/93306-tacha_roja.png' alt='No recomendable'><\/td>\n<td style='text-align: center; padding: 8px; border: 1px solid rgba(150&comma;150&comma;150&comma;0.3); color: inherit;'><img style='width: 30px; height: 30px; border: none;' src='http:\/\/1.bp.blogspot.com\/-pVhm3tBYeQg\/UkhKyun5n-I\/AAAAAAAAAC4\/E9HnO64TK4g\/s1600\/paloma_zpsc5cb8db5.png' alt='Aceptable'><\/td>\n<td style='text-align: center; padding: 8px; border: 1px solid rgba(150&comma;150&comma;150&comma;0.3); color: inherit;'><img style='width: 30px; height: 30px; border: none;' src='http:\/\/1.bp.blogspot.com\/-pVhm3tBYeQg\/UkhKyun5n-I\/AAAAAAAAAC4\/E9HnO64TK4g\/s1600\/paloma_zpsc5cb8db5.png' alt='Aceptable'><\/td>\n<\/tr>\n<tr style='border-bottom: 1px solid rgba(150&comma;150&comma;150&comma;0.2);'>\n<td style='text-align: center; padding: 8px; border: 1px solid rgba(150&comma;150&comma;150&comma;0.3); color: inherit;'>PRO-PROSE-15012<\/td>\n<td style='text-align: center; padding: 8px; border: 1px solid rgba(150&comma;150&comma;150&comma;0.3); color: inherit;'><img style='width: 30px; height: 30px; border: none;' src='https:\/\/ftp3.syscom.mx\/usuarios\/fotos\/SSPBLV5\/93306-tacha_roja.png' alt='No recomendable'><\/td>\n<td style='text-align: center; padding: 8px; border: 1px solid rgba(150&comma;150&comma;150&comma;0.3); color: inherit;'><img style='width: 30px; height: 30px; border: none;' src='https:\/\/ftp3.syscom.mx\/usuarios\/fotos\/SSPBLV5\/93306-tacha_roja.png' alt='No recomendable'><\/td>\n<td style='text-align: center; padding: 8px; border: 1px solid rgba(150&comma;150&comma;150&comma;0.3); color: inherit;'><img style='width: 30px; height: 30px; border: none;' src='http:\/\/1.bp.blogspot.com\/-pVhm3tBYeQg\/UkhKyun5n-I\/AAAAAAAAAC4\/E9HnO64TK4g\/s1600\/paloma_zpsc5cb8db5.png' alt='Aceptable'><\/td>\n<td style='text-align: center; padding: 8px; border: 1px solid rgba(150&comma;150&comma;150&comma;0.3); color: inherit;'><img style='width: 30px; height: 30px; border: none;' src='http:\/\/1.bp.blogspot.com\/-pVhm3tBYeQg\/UkhKyun5n-I\/AAAAAAAAAC4\/E9HnO64TK4g\/s1600\/paloma_zpsc5cb8db5.png' alt='Aceptable'><\/td>\n<\/tr>\n<tr style='border-bottom: 1px solid rgba(150&comma;150&comma;150&comma;0.2);'>\n<td style='text-align: center; padding: 8px; border: 1px solid rgba(150&comma;150&comma;150&comma;0.3); color: inherit;'>EPL3012AL<\/td>\n<td style='text-align: center; padding: 8px; border: 1px solid rgba(150&comma;150&comma;150&comma;0.3); color: inherit;'><img style='width: 30px; height: 30px; border: none;' src='http:\/\/1.bp.blogspot.com\/-pVhm3tBYeQg\/UkhKyun5n-I\/AAAAAAAAAC4\/E9HnO64TK4g\/s1600\/paloma_zpsc5cb8db5.png' alt='Aceptable'><\/td>\n<td style='text-align: center; padding: 8px; border: 1px solid rgba(150&comma;150&comma;150&comma;0.3); color: inherit;'><img style='width: 30px; height: 30px; border: none;' src='https:\/\/ftp3.syscom.mx\/usuarios\/fotos\/SSPBLV5\/93306-tacha_roja.png' alt='No recomendable'><\/td>\n<td style='text-align: center; padding: 8px; border: 1px solid rgba(150&comma;150&comma;150&comma;0.3); color: inherit;'><img style='width: 30px; height: 30px; border: none;' src='http:\/\/1.bp.blogspot.com\/-pVhm3tBYeQg\/UkhKyun5n-I\/AAAAAAAAAC4\/E9HnO64TK4g\/s1600\/paloma_zpsc5cb8db5.png' alt='Aceptable'><\/td>\n<td style='text-align: center; padding: 8px; border: 1px solid rgba(150&comma;150&comma;150&comma;0.3); color: inherit;'><img style='width: 30px; height: 30px; border: none;' src='http:\/\/1.bp.blogspot.com\/-pVhm3tBYeQg\/UkhKyun5n-I\/AAAAAAAAAC4\/E9HnO64TK4g\/s1600\/paloma_zpsc5cb8db5.png' alt='Aceptable'><\/td>\n<\/tr>\n<tr style='border-bottom: 1px solid rgba(150&comma;150&comma;150&comma;0.2);'>\n<td style='text-align: center; padding: 8px; border: 1px solid rgba(150&comma;150&comma;150&comma;0.3); color: inherit;'>EPL5012AL<\/td>\n<td style='text-align: center; padding: 8px; border: 1px solid rgba(150&comma;150&comma;150&comma;0.3); color: inherit;'><img style='width: 30px; height: 30px; border: none;' src='http:\/\/1.bp.blogspot.com\/-pVhm3tBYeQg\/UkhKyun5n-I\/AAAAAAAAAC4\/E9HnO64TK4g\/s1600\/paloma_zpsc5cb8db5.png' alt='Aceptable'><\/td>\n<td style='text-align: center; padding: 8px; border: 1px solid rgba(150&comma;150&comma;150&comma;0.3); color: inherit;'><img style='width: 30px; height: 30px; border: none;' src='https:\/\/ftp3.syscom.mx\/usuarios\/fotos\/SSPBLV5\/93306-tacha_roja.png' alt='No recomendable'><\/td>\n<td style='text-align: center; padding: 8px; border: 1px solid rgba(150&comma;150&comma;150&comma;0.3); color: inherit;'><img style='width: 30px; height: 30px; border: none;' src='http:\/\/1.bp.blogspot.com\/-pVhm3tBYeQg\/UkhKyun5n-I\/AAAAAAAAAC4\/E9HnO64TK4g\/s1600\/paloma_zpsc5cb8db5.png' alt='Aceptable'><\/td>\n<td style='text-align: center; padding: 8px; border: 1px solid rgba(150&comma;150&comma;150&comma;0.3); color: inherit;'><img style='width: 30px; height: 30px; border: none;' src='http:\/\/1.bp.blogspot.com\/-pVhm3tBYeQg\/UkhKyun5n-I\/AAAAAAAAAC4\/E9HnO64TK4g\/s1600\/paloma_zpsc5cb8db5.png' alt='Aceptable'><\/td>\n<\/tr>\n<tr style='border-bottom: 1px solid rgba(150&comma;150&comma;150&comma;0.2);'>\n<td style='text-align: center; padding: 8px; border: 1px solid rgba(150&comma;150&comma;150&comma;0.3); color: inherit;'>EPL10012AL<\/td>\n<td style='text-align: center; padding: 8px; border: 1px solid rgba(150&comma;150&comma;150&comma;0.3); color: inherit;'><img style='width: 30px; height: 30px; border: none;' src='https:\/\/ftp3.syscom.mx\/usuarios\/fotos\/SSPBLV5\/93306-tacha_roja.png' alt='No recomendable'><\/td>\n<td style='text-align: center; padding: 8px; border: 1px solid rgba(150&comma;150&comma;150&comma;0.3); color: inherit;'><img style='width: 30px; height: 30px; border: none;' src='https:\/\/ftp3.syscom.mx\/usuarios\/fotos\/SSPBLV5\/93306-tacha_roja.png' alt='No recomendable'><\/td>\n<td style='text-align: center; padding: 8px; border: 1px solid rgba(150&comma;150&comma;150&comma;0.3); color: inherit;'><img style='width: 30px; height: 30px; border: none;' src='http:\/\/1.bp.blogspot.com\/-pVhm3tBYeQg\/UkhKyun5n-I\/AAAAAAAAAC4\/E9HnO64TK4g\/s1600\/paloma_zpsc5cb8db5.png' alt='Aceptable'><\/td>\n<td style='text-align: center; padding: 8px; border: 1px solid rgba(150&comma;150&comma;150&comma;0.3); color: inherit;'><img style='width: 30px; height: 30px; border: none;' src='http:\/\/1.bp.blogspot.com\/-pVhm3tBYeQg\/UkhKyun5n-I\/AAAAAAAAAC4\/E9HnO64TK4g\/s1600\/paloma_zpsc5cb8db5.png' alt='Aceptable'><\/td>\n<\/tr>\n<tr style='border-bottom: 1px solid rgba(150&comma;150&comma;150&comma;0.2);'>\n<td style='text-align: center; padding: 8px; border: 1px solid rgba(150&comma;150&comma;150&comma;0.3); color: inherit;'>EPL13012AL<\/td>\n<td style='text-align: center; padding: 8px; border: 1px solid rgba(150&comma;150&comma;150&comma;0.3); color: inherit;'><img style='width: 30px; height: 30px; border: none;' src='https:\/\/ftp3.syscom.mx\/usuarios\/fotos\/SSPBLV5\/93306-tacha_roja.png' alt='No recomendable'><\/td>\n<td style='text-align: center; padding: 8px; border: 1px solid rgba(150&comma;150&comma;150&comma;0.3); color: inherit;'><img style='width: 30px; height: 30px; border: none;' src='https:\/\/ftp3.syscom.mx\/usuarios\/fotos\/SSPBLV5\/93306-tacha_roja.png' alt='No recomendable'><\/td>\n<td style='text-align: center; padding: 8px; border: 1px solid rgba(150&comma;150&comma;150&comma;0.3); color: inherit;'><img style='width: 30px; height: 30px; border: none;' src='http:\/\/1.bp.blogspot.com\/-pVhm3tBYeQg\/UkhKyun5n-I\/AAAAAAAAAC4\/E9HnO64TK4g\/s1600\/paloma_zpsc5cb8db5.png' alt='Aceptable'><\/td>\n<td style='text-align: center; padding: 8px; border: 1px solid rgba(150&comma;150&comma;150&comma;0.3); color: inherit;'><img style='width: 30px; height: 30px; border: none;' src='https:\/\/ftp3.syscom.mx\/usuarios\/fotos\/SSPBLV5\/93306-tacha_roja.png' alt='No recomendable'><\/td>\n<\/tr>\n<tr style='border-bottom: 1px solid rgba(150&comma;150&comma;150&comma;0.2);'>\n<td style='text-align: center; padding: 8px; border: 1px solid rgba(150&comma;150&comma;150&comma;0.3); color: inherit;'>EPL18012AL<\/td>\n<td style='text-align: center; padding: 8px; border: 1px solid rgba(150&comma;150&comma;150&comma;0.3); color: inherit;'><img style='width: 30px; height: 30px; border: none;' src='https:\/\/ftp3.syscom.mx\/usuarios\/fotos\/SSPBLV5\/93306-tacha_roja.png' alt='No recomendable'><\/td>\n<td style='text-align: center; padding: 8px; border: 1px solid rgba(150&comma;150&comma;150&comma;0.3); color: inherit;'><img style='width: 30px; height: 30px; border: none;' src='https:\/\/ftp3.syscom.mx\/usuarios\/fotos\/SSPBLV5\/93306-tacha_roja.png' alt='No recomendable'><\/td>\n<td style='text-align: center; padding: 8px; border: 1px solid rgba(150&comma;150&comma;150&comma;0.3); color: inherit;'><img style='width: 30px; height: 30px; border: none;' src='http:\/\/1.bp.blogspot.com\/-pVhm3tBYeQg\/UkhKyun5n-I\/AAAAAAAAAC4\/E9HnO64TK4g\/s1600\/paloma_zpsc5cb8db5.png' alt='Aceptable'><\/td>\n<td style='text-align: center; padding: 8px; border: 1px solid rgba(150&comma;150&comma;150&comma;0.3); color: inherit;'><img style='width: 30px; height: 30px; border: none;' src='https:\/\/ftp3.syscom.mx\/usuarios\/fotos\/SSPBLV5\/93306-tacha_roja.png' alt='No recomendable'><\/td>\n<\/tr>\n<tr style='border-bottom: 1px solid rgba(150&comma;150&comma;150&comma;0.2);'>\n<td style='text-align: center; padding: 8px; border: 1px solid rgba(150&comma;150&comma;150&comma;0.3); color: inherit;'>LR528HTH225M<\/td>\n<td style='text-align: center; padding: 8px; border: 1px solid rgba(150&comma;150&comma;150&comma;0.3); color: inherit;'><img style='width: 30px; height: 30px; border: none;' src='https:\/\/ftp3.syscom.mx\/usuarios\/fotos\/SSPBLV5\/93306-tacha_roja.png' alt='No recomendable'><\/td>\n<td style='text-align: center; padding: 8px; border: 1px solid rgba(150&comma;150&comma;150&comma;0.3); color: inherit;'><img style='width: 30px; height: 30px; border: none;' src='https:\/\/ftp3.syscom.mx\/usuarios\/fotos\/SSPBLV5\/93306-tacha_roja.png' alt='No recomendable'><\/td>\n<td style='text-align: center; padding: 8px; border: 1px solid rgba(150&comma;150&comma;150&comma;0.3); color: inherit;'><img style='width: 30px; height: 30px; border: none;' src='http:\/\/1.bp.blogspot.com\/-pVhm3tBYeQg\/UkhKyun5n-I\/AAAAAAAAAC4\/E9HnO64TK4g\/s1600\/paloma_zpsc5cb8db5.png' alt='Aceptable'><\/td>\n<td style='text-align: center; padding: 8px; border: 1px solid rgba(150&comma;150&comma;150&comma;0.3); color: inherit;'><img style='width: 30px; height: 30px; border: none;' src='https:\/\/ftp3.syscom.mx\/usuarios\/fotos\/SSPBLV5\/93306-tacha_roja.png' alt='No recomendable'><\/td>\n<\/tr>\n<\/tbody>\n<\/table><\/div>\n<p> <!-- Leyenda --> <\/p>\n<div style='margin-top: 20px; padding: 15px; border: 1px solid rgba(150&comma;150&comma;150&comma;0.3); border-radius: 8px;'>\n<div style='display: flex; flex-wrap: wrap; align-items: center; gap: 15px;'>\n<div style='display: flex; align-items: center; gap: 8px;'> <img style='width: 30px; height: 30px; border: none;' src='http:\/\/1.bp.blogspot.com\/-pVhm3tBYeQg\/UkhKyun5n-I\/AAAAAAAAAC4\/E9HnO64TK4g\/s1600\/paloma_zpsc5cb8db5.png' alt='Aceptable'> <span style='color: inherit; font-size: 15px;'>Aceptable<\/span> <\/div>\n<div style='display: flex; align-items: center; gap: 8px;'> <img style='width: 30px; height: 30px; border: none;' src='https:\/\/ftp3.syscom.mx\/usuarios\/fotos\/SSPBLV5\/93306-tacha_roja.png' alt='No recomendable'> <span style='color: inherit; font-size: 15px;'>No recomendable<\/span> <\/div>\n<\/p><\/div>\n<p style='margin: 10px 0 0 0; color: inherit; font-size: 14px;'>* Para la instalaci\u00f3n del panel SW-250 es necesario realizar perforaciones adicionales en el marco del panel.<\/p>\n<p style='margin: 10px 0 0 0; color: inherit; font-size: 14px;'>** Para instalaci\u00f3n de un segundo panel solar se debe comprar un kit de tornillos modelo <a style='color: #085eb9; text-decoration: none; font-weight: bold;' href='https:\/\/www.syscom.mx\/producto\/SS-P-B-KIT-EPCOM-INDUSTRIAL-37047.html'>SS-P-B-KIT<\/a>.<\/p>\n<\/p><\/div>\n<\/p><\/div>\n<p> <!-- Recomendaciones de Instalaci\u00f3n --> <\/p>\n<div style='margin-bottom: 30px;'>\n<h3 style='font-size: 22px; border-bottom: 2px solid currentColor; padding-bottom: 5px; margin-top: 0; color: inherit; opacity: 0.8;'>Recomendaciones de Instalaci\u00f3n<\/h3>\n<ul style='padding-left: 20px; font-size: 15px; color: inherit;'>\n<li style='margin-bottom: 5px;'>La instalaci\u00f3n debe ser elaborada por personal capacitado (2 Personas)<\/li>\n<li style='margin-bottom: 5px;'>No recomendado para zonas de altas corrientes de aires<\/li>\n<li style='margin-bottom: 5px;'>La instalaci\u00f3n no debe exceder los 6 metros de altura al nivel promedio de suelo<\/li>\n<li style='margin-bottom: 5px;'>M\u00e1stil recomendado para instalaci\u00f3n 6&#8242; ced. 40 como m\u00ednimo (8&#8242; di\u00e1metro externo m\u00e1ximo)<\/li>\n<li style='margin-bottom: 5px;'>Compatible con tramos STZ30&comma; STZ30G&comma; STZ35&comma; STZ35G&comma; STZ45 y STZ45G<\/li>\n<li style='margin-bottom: 5px;'>No se recomienda instalar m\u00e1s de un montaje en la torre<\/li>\n<li style='margin-bottom: 5px;'>Es responsabilidad del instalador realizar una correcta cimentaci\u00f3n del m\u00e1stil o torre para asegurar una instalaci\u00f3n segura<\/li>\n<li style='margin-bottom: 5px;'>Recomendado \u00fanicamente para \u00e1ngulos de inclinaci\u00f3n de 25\u00b0 a 50\u00b0<\/li>\n<\/ul><\/div>\n<p> <!-- Notas importantes --> <\/p>\n<div style='margin-bottom: 30px;'>\n<p style='color: inherit; font-weight: bold; margin: 0 0 10px 0;'>El montaje no incluye m\u00e1stil&comma; tramos&comma; ni m\u00f3dulos solares<\/p>\n<p style='color: inherit; font-weight: bold; margin: 0; font-size: 14px;'>SYSCOM no se hace responsable por instalaciones realizadas fuera de las recomendaciones de fabricante<\/p>\n<\/p><\/div>\n<p> <!-- Im\u00e1genes de instalaci\u00f3n --> <\/p>\n<div style='display: flex; flex-wrap: wrap; gap: 20px; margin-bottom: 30px;'>\n<div style='flex: 1 1 300px; min-width: 280px;'>\n<h4 style='font-size: 18px; margin-top: 0; margin-bottom: 10px; color: inherit; opacity: 0.8;'>Instalaci\u00f3n en Poste<\/h4>\n<p> <img style='width: 100%; height: auto; border: 1px solid rgba(150&comma;150&comma;150&comma;0.3); border-radius: 8px;' src='https:\/\/ftp3.syscom.mx\/usuarios\/dcarreon\/EPCOM%20INDUSTRIAL\/PRODUCTOS2\/SSPBLV5\/SSPBLV5%20%20IMAGEN1.png' alt='Instalaci\u00f3n en Poste'> <\/div>\n<div style='flex: 1 1 300px; min-width: 280px;'>\n<h4 style='font-size: 18px; margin-top: 0; margin-bottom: 10px; color: inherit; opacity: 0.8;'>Instalaci\u00f3n en Torre<\/h4>\n<p> <img style='width: 100%; height: auto; border: 1px solid rgba(150&comma;150&comma;150&comma;0.3); border-radius: 8px;' src='https:\/\/ftp3.syscom.mx\/usuarios\/dcarreon\/EPCOM%20INDUSTRIAL\/PRODUCTOS2\/SSPBLV5\/SSPBLV5%20%20IMAGEN2.png' alt='Instalaci\u00f3n en Torre'> <\/div>\n<div style='flex: 1 1 300px; min-width: 280px;'>\n<h4 style='font-size: 18px; margin-top: 0; margin-bottom: 10px; color: inherit; opacity: 0.8;'>Empaque de Montaje<\/h4>\n<p> <img style='width: 100%; height: auto; border: 1px solid rgba(150&comma;150&comma;150&comma;0.3); border-radius: 8px;' src='http:\/\/ftp3.syscom.mx\/usuarios\/fotos\/SSPBLV4\/SSPBLV4_3.png' alt='Empaque de Montaje'> <\/div>\n<\/p><\/div>\n<\/p><\/div>\n","protected":false},"excerpt":{"rendered":"<p>Montaje para Panel Solar de Poste o Torre Galvanizado Electrol\u00edtico (Ver Compatibilidad).<\/p>\n","protected":false},"featured_media":118941,"comment_status":"open","ping_status":"closed","template":"","meta":[],"product_brand":[],"product_cat":[963],"product_tag":[964,181,965],"class_list":{"0":"post-118942","1":"product","2":"type-product","3":"status-publish","4":"has-post-thumbnail","6":"product_cat-montajes-completos-para-modulos","7":"product_tag-energia-solar","8":"product_tag-epcom-industrial","9":"product_tag-montajes-completos-para-modulos","11":"first","12":"instock","13":"sale","14":"shipping-taxable","15":"purchasable","16":"product-type-simple"},"_links":{"self":[{"href":"https:\/\/soydeaqui.ddns.net\/pachuca\/index.php\/wp-json\/wp\/v2\/product\/118942","targetHints":{"allow":["GET"]}}],"collection":[{"href":"https:\/\/soydeaqui.ddns.net\/pachuca\/index.php\/wp-json\/wp\/v2\/product"}],"about":[{"href":"https:\/\/soydeaqui.ddns.net\/pachuca\/index.php\/wp-json\/wp\/v2\/types\/product"}],"replies":[{"embeddable":true,"href":"https:\/\/soydeaqui.ddns.net\/pachuca\/index.php\/wp-json\/wp\/v2\/comments?post=118942"}],"wp:featuredmedia":[{"embeddable":true,"href":"https:\/\/soydeaqui.ddns.net\/pachuca\/index.php\/wp-json\/wp\/v2\/media\/118941"}],"wp:attachment":[{"href":"https:\/\/soydeaqui.ddns.net\/pachuca\/index.php\/wp-json\/wp\/v2\/media?parent=118942"}],"wp:term":[{"taxonomy":"product_brand","embeddable":true,"href":"https:\/\/soydeaqui.ddns.net\/pachuca\/index.php\/wp-json\/wp\/v2\/product_brand?post=118942"},{"taxonomy":"product_cat","embeddable":true,"href":"https:\/\/soydeaqui.ddns.net\/pachuca\/index.php\/wp-json\/wp\/v2\/product_cat?post=118942"},{"taxonomy":"product_tag","embeddable":true,"href":"https:\/\/soydeaqui.ddns.net\/pachuca\/index.php\/wp-json\/wp\/v2\/product_tag?post=118942"}],"curies":[{"name":"wp","href":"https:\/\/api.w.org\/{rel}","templated":true}]}}