{"id":118845,"date":"2026-03-24T04:34:04","date_gmt":"2026-03-24T04:34:04","guid":{"rendered":"https:\/\/soydeaqui.ddns.net\/pachuca\/index.php\/producto\/2-en-1-convertidor-de-energia-24-vca-a-12-vcc-ca-a-cd-y-filtro-contra-ruido-para-camaras-voltaje-de-entrada-2030-vca-salida-12vcc-1-a-envio-de-energia-a-largas-distancias-terminales-tip\/"},"modified":"2026-03-24T04:34:16","modified_gmt":"2026-03-24T04:34:16","slug":"2-en-1-convertidor-de-energia-24-vca-a-12-vcc-ca-a-cd-y-filtro-contra-ruido-para-camaras-voltaje-de-entrada-2030-vca-salida-12vcc-1-a-envio-de-energia-a-largas-distancias-terminales-tip","status":"publish","type":"product","link":"https:\/\/soydeaqui.ddns.net\/pachuca\/index.php\/producto\/2-en-1-convertidor-de-energia-24-vca-a-12-vcc-ca-a-cd-y-filtro-contra-ruido-para-camaras-voltaje-de-entrada-2030-vca-salida-12vcc-1-a-envio-de-energia-a-largas-distancias-terminales-tip\/","title":{"rendered":"(2 en 1) Convertidor de Energ\u00eda 24 Vca a 12 Vcc (CA a CD) y Filtro Contra Ruido para C\u00e1maras \/ Voltaje de Entrada 20~30 Vca \/ Salida 12Vcc @ 1 A \/ ENVIO DE ENERGIA A LARGAS DISTANCIAS \/ Terminales Tipo Tornillo."},"content":{"rendered":"<div style='width: 100%; max-width: 1200px; margin: 0 auto; font-family: sans-serif; line-height: 1.6; color: inherit; background-color: transparent;'>\n<div style='text-align: center; margin-bottom: 30px;'>\n<h1 style='font-size: 28px; margin: 0 0 10px 0; color: inherit;'><strong>PLAD1000I<\/strong><\/h1>\n<h3 style='margin: 0 0 20px 0; color: inherit; opacity: 0.8;'>2 en 1 ; 1.- Convertidor de 24 Vca a 12 Vcc ; 2.- Filtro contra ruido para c\u00e1maras TurboHD&comma; CVI&comma; TVI \/ Env\u00edo Largas Distancias<\/h3>\n<p style='font-size: 15px; color: inherit; max-width: 800px; margin: 0 auto; padding: 0 20px;'>Convertidor de 20~30 Vca a 12 Vcc. Permite la transmisi\u00f3n a largas distancias&comma; tiene protecci\u00f3n de sobrecarga&comma; salida protegida de corto circuito&comma; voltaje de salida constante&comma; etc. Ideal para c\u00e1maras de CCTV&comma; c\u00e1maras IP&comma; PTZ&comma; DVR&comma; controles de Acceso&comma; etc.<\/p>\n<\/p><\/div>\n<div style='display: flex; flex-wrap: wrap; gap: 30px; margin-bottom: 30px;'>\n<div style='flex: 1 1 300px; min-width: 280px;'>\n<div style='border: 1px solid rgba(150&comma;150&comma;150&comma;0.3); border-radius: 8px; overflow: hidden;'>\n<div style='background-color: rgba(238&comma;238&comma;238&comma;0.5); padding: 15px; border-bottom: 1px solid rgba(150&comma;150&comma;150&comma;0.3);'> <img style='width: 100%; height: auto; border: 1px solid rgba(150&comma;150&comma;150&comma;0.3); border-radius: 8px;' src='http:\/\/ftp3.syscom.mx\/usuarios\/hallende\/Familia%20Centro\/Adaptadores%20de%20pared\/PLAD1000I\/PLAD1000I-h.png' alt=''> <\/div>\n<div style='padding: 15px;'>\n<h3 style='font-size: 22px; border-bottom: 2px solid currentColor; padding-bottom: 5px; margin-top: 0; color: inherit; opacity: 0.8;'>Caracter\u00edsticas Principales:<\/h3>\n<ul style='padding-left: 20px; font-size: 15px; color: inherit; list-style-type: disc;'>\n<li style='margin-bottom: 5px;'>Voltaje de entrada 20~30 Vca<\/li>\n<li style='margin-bottom: 5px;'>Tensi\u00f3n de salida 12 Vcc<\/li>\n<li style='margin-bottom: 5px;'>Corriente de salida 1.0A nominal<\/li>\n<li style='margin-bottom: 5px;'>Conector de entrada Terminal de tornillo<\/li>\n<li style='margin-bottom: 5px;'>Conector de salida Terminal de tornillo<\/li>\n<li style='margin-bottom: 5px;'>Protecci\u00f3n contra sobretensiones Incorporado<\/li>\n<\/ul><\/div>\n<\/p><\/div>\n<\/p><\/div>\n<div style='flex: 1 1 300px; min-width: 280px;'>\n<div style='border: 1px solid rgba(150&comma;150&comma;150&comma;0.3); border-radius: 8px; overflow: hidden;'>\n<div style='background-color: rgba(238&comma;238&comma;238&comma;0.5); padding: 15px; border-bottom: 1px solid rgba(150&comma;150&comma;150&comma;0.3);'> <img style='width: 100%; height: auto; border: 1px solid rgba(150&comma;150&comma;150&comma;0.3); border-radius: 8px;' src='http:\/\/ftp3.syscom.mx\/usuarios\/hallende\/Familia%20Centro\/Adaptadores%20de%20pared\/PLAD1000I\/PLAD1000I-FRENTE-h.png' alt=''> <\/div>\n<div style='padding: 15px;'>\n<h3 style='font-size: 22px; border-bottom: 2px solid currentColor; padding-bottom: 5px; margin-top: 0; color: inherit; opacity: 0.8;'>Caracter\u00edsticas F\u00edsicas y El\u00e9ctricas:<\/h3>\n<ul style='padding-left: 20px; font-size: 15px; color: inherit; list-style-type: disc;'>\n<li style='margin-bottom: 5px;'>Acabado Carcasa de pl\u00e1stico<\/li>\n<li style='margin-bottom: 5px;'>Dimensiones (W x H x D) 22 x 75 x 30 mm<\/li>\n<li style='margin-bottom: 5px;'>Peso 0.1 Kg<\/li>\n<li style='margin-bottom: 5px;'>Temperatura de almacenamiento &#8211; 30 \u00b0 ~ 70 \u00b0 C<\/li>\n<li style='margin-bottom: 5px;'>Condiciones de operaci\u00f3n Temperatura: &#8211; 10 \u00b0 C~ + 45 \u00b0 C&comma; Humedad:30% ~ 80% de HR<\/li>\n<\/ul><\/div>\n<\/p><\/div>\n<\/p><\/div>\n<div style='flex: 1 1 300px; min-width: 280px;'>\n<div style='border: 1px solid rgba(150&comma;150&comma;150&comma;0.3); border-radius: 8px; overflow: hidden;'>\n<div style='background-color: rgba(238&comma;238&comma;238&comma;0.5); padding: 15px; border-bottom: 1px solid rgba(150&comma;150&comma;150&comma;0.3);'> <img style='width: 100%; height: auto; border: 1px solid rgba(150&comma;150&comma;150&comma;0.3); border-radius: 8px;' src='http:\/\/ftp3.syscom.mx\/usuarios\/hallende\/Familia%20Centro\/Adaptadores%20de%20pared\/PLAD1000I\/PLAD1000I-LAT-IZQ-h.png' alt=''> <\/div>\n<div style='padding: 15px;'>\n<h3 style='font-size: 22px; border-bottom: 2px solid currentColor; padding-bottom: 5px; margin-top: 0; color: inherit; opacity: 0.8;'>Caracter\u00edsticas Destacadas:<\/h3>\n<ul style='padding-left: 20px; font-size: 15px; color: inherit; list-style-type: disc;'>\n<li style='margin-bottom: 5px;'>2 FUNCIONES PRINCIPALES:<\/li>\n<li style='margin-bottom: 5px;'>1.- Funci\u00f3n de convertidor :<\/li>\n<li style='margin-bottom: 5px;'>Entrada : 20~32 Vca. 1 A a 60 Hz.<\/li>\n<li style='margin-bottom: 5px;'>Salida : 12 Vcc&comma; 1 A<\/li>\n<li style='margin-bottom: 5px;'>2.- Funci\u00f3n aislador<\/li>\n<li style='margin-bottom: 5px;'>Contiene un filtro&comma; que ayuda a estandarizar la salida sin picos de voltaje<\/li>\n<\/ul><\/div>\n<\/p><\/div>\n<\/p><\/div>\n<\/p><\/div>\n<\/p><\/div>\n","protected":false},"excerpt":{"rendered":"<p>(2 en 1) Convertidor de Energ\u00eda 24 Vca a 12 Vcc (CA a CD) y Filtro Contra Ruido para C\u00e1maras \/ Voltaje de Entrada 20~30 Vca \/ Salida 12Vcc @ 1 A \/ ENVIO DE ENERGIA A LARGAS DISTANCIAS \/ Terminales Tipo Tornillo.<\/p>\n","protected":false},"featured_media":118844,"comment_status":"open","ping_status":"closed","template":"","meta":[],"product_brand":[],"product_cat":[551],"product_tag":[142,454,441],"class_list":{"0":"post-118845","1":"product","2":"type-product","3":"status-publish","4":"has-post-thumbnail","6":"product_cat-transformadores-energia-videovigilancia","7":"product_tag-energia","8":"product_tag-epcom-powerline","9":"product_tag-transformadores","11":"first","12":"instock","13":"sale","14":"shipping-taxable","15":"purchasable","16":"product-type-simple"},"_links":{"self":[{"href":"https:\/\/soydeaqui.ddns.net\/pachuca\/index.php\/wp-json\/wp\/v2\/product\/118845","targetHints":{"allow":["GET"]}}],"collection":[{"href":"https:\/\/soydeaqui.ddns.net\/pachuca\/index.php\/wp-json\/wp\/v2\/product"}],"about":[{"href":"https:\/\/soydeaqui.ddns.net\/pachuca\/index.php\/wp-json\/wp\/v2\/types\/product"}],"replies":[{"embeddable":true,"href":"https:\/\/soydeaqui.ddns.net\/pachuca\/index.php\/wp-json\/wp\/v2\/comments?post=118845"}],"wp:featuredmedia":[{"embeddable":true,"href":"https:\/\/soydeaqui.ddns.net\/pachuca\/index.php\/wp-json\/wp\/v2\/media\/118844"}],"wp:attachment":[{"href":"https:\/\/soydeaqui.ddns.net\/pachuca\/index.php\/wp-json\/wp\/v2\/media?parent=118845"}],"wp:term":[{"taxonomy":"product_brand","embeddable":true,"href":"https:\/\/soydeaqui.ddns.net\/pachuca\/index.php\/wp-json\/wp\/v2\/product_brand?post=118845"},{"taxonomy":"product_cat","embeddable":true,"href":"https:\/\/soydeaqui.ddns.net\/pachuca\/index.php\/wp-json\/wp\/v2\/product_cat?post=118845"},{"taxonomy":"product_tag","embeddable":true,"href":"https:\/\/soydeaqui.ddns.net\/pachuca\/index.php\/wp-json\/wp\/v2\/product_tag?post=118845"}],"curies":[{"name":"wp","href":"https:\/\/api.w.org\/{rel}","templated":true}]}}