{"id":118838,"date":"2026-03-24T04:33:38","date_gmt":"2026-03-24T04:33:38","guid":{"rendered":"https:\/\/soydeaqui.ddns.net\/pachuca\/index.php\/producto\/localizador-visual-de-fallos-vfl-con-adaptador-de-2-5-mm-para-conectores-sc-st-y-fc-para-probar-conectores-y-continuidad-en-fibra-optica\/"},"modified":"2026-03-24T04:33:59","modified_gmt":"2026-03-24T04:33:59","slug":"localizador-visual-de-fallos-vfl-con-adaptador-de-2-5-mm-para-conectores-sc-st-y-fc-para-probar-conectores-y-continuidad-en-fibra-optica","status":"publish","type":"product","link":"https:\/\/soydeaqui.ddns.net\/pachuca\/index.php\/producto\/localizador-visual-de-fallos-vfl-con-adaptador-de-2-5-mm-para-conectores-sc-st-y-fc-para-probar-conectores-y-continuidad-en-fibra-optica\/","title":{"rendered":"Localizador Visual de Fallos (VFL), Con Adaptador de 2.5 mm para Conectores SC, ST y FC, para Probar Conectores y Continuidad en Fibra \u00d3ptica"},"content":{"rendered":"<div style='width: 100%; max-width: 1200px; margin: 0 auto; font-family: sans-serif; line-height: 1.6; color: inherit; background-color: transparent;'>\n<div style='display: flex; flex-wrap: wrap; gap: 30px; margin-bottom: 30px;'>\n<div style='flex: 1 1 300px; min-width: 280px;'>\n<h3 style='font-size: 22px; border-bottom: 2px solid currentColor; padding-bottom: 5px; margin-top: 0; color: inherit; opacity: 0.8;'>Descripci\u00f3n General<\/h3>\n<p style='font-size: 15px; color: inherit; margin-bottom: 15px;'>El Localizador Visual de Fallos (VFL) de Siemon es una herramienta esencial para probar continuidad del cable y localizar fallos visuales. Mediante la emisi\u00f3n de un rayo de luz roja&comma; el VFL ilumina r\u00e1pidamente rotura de fibras&comma; conectores da\u00f1ados&comma; empalmes defectuosos y curvas de fibra cerradas. El modo continuo o intermitente identifica un fallo o indica el otro extremo de fibra para la verificaci\u00f3n de continuidad.<\/p>\n<p style='font-size: 15px; color: inherit; margin-bottom: 15px;'>El VFL cuenta con un adaptador de 2.5mm integrado para una f\u00e1cil conexi\u00f3n a conectores SC&comma; ST y FC&comma; un adaptador universal de 1.25mm opcional para conexi\u00f3n con conectores LC y MU.<\/p>\n<\/p><\/div>\n<div style='flex: 1 1 300px; min-width: 280px;'>\n<h3 style='font-size: 22px; border-bottom: 2px solid currentColor; padding-bottom: 5px; margin-top: 0; color: inherit; opacity: 0.8;'>Caracter\u00edsticas Principales<\/h3>\n<ul style='padding-left: 20px; font-size: 15px; color: inherit;'>\n<li style='margin-bottom: 5px;'>Dise\u00f1o compacto estilo pluma<\/li>\n<li style='margin-bottom: 5px;'>Clip de retenci\u00f3n<\/li>\n<li style='margin-bottom: 5px;'>Construcci\u00f3n duradera de metal con cubierta protectora de goma<\/li>\n<li style='margin-bottom: 5px;'>Tap\u00f3n anti polvo semi-transparente que permite ver al usuario si el l\u00e1ser enciende<\/li>\n<li style='margin-bottom: 5px;'>Clase de l\u00e1ser 1 (IEC 60825 2011)&comma; 0.5mW de potencia de salida<\/li>\n<li style='margin-bottom: 5px;'>Rango de longitud de onda de 650nm<\/li>\n<\/ul><\/div>\n<\/p><\/div>\n<div style='display: flex; flex-wrap: wrap; gap: 20px; margin-bottom: 30px;'>\n<div style='flex: 1 1 250px; border: 1px solid rgba(150&comma; 150&comma; 150&comma; 0.4); border-radius: 8px; overflow: hidden; display: flex; flex-direction: column;'>\n<div style='padding: 15px; border-bottom: 1px solid rgba(150&comma; 150&comma; 150&comma; 0.2); font-weight: bold; font-size: 18px; color: inherit;'>Especificaciones T\u00e9cnicas<\/div>\n<div style='padding: 15px; color: inherit;'>\n<ul style='padding-left: 20px; margin: 0; font-size: 14px; list-style-type: disc;'>\n<li style='margin-bottom: 5px;'><strong>Longitud de onda:<\/strong> 650 \u00b15nm<\/li>\n<li style='margin-bottom: 5px;'><strong>Potencia de salida:<\/strong> 0.5mW<\/li>\n<li style='margin-bottom: 5px;'><strong>Modos de operaci\u00f3n:<\/strong> Continuo (CW) e intermitente (2-3 Hz)<\/li>\n<li style='margin-bottom: 5px;'><strong>Distancia m\u00e1xima:<\/strong> < 5km (16404 ft)<\/li>\n<li style='margin-bottom: 5px;'><strong>Conectores compatibles:<\/strong> 2.5mm (SC&comma; ST&comma; FC)&comma; 1.25mm opcional (LC&comma; MU)<\/li>\n<li style='margin-bottom: 5px;'><strong>Fuerza de retenci\u00f3n:<\/strong> 1-2 N (0.22 &#8211; 0.45 lbf)<\/li>\n<li style='margin-bottom: 5px;'><strong>Clase de l\u00e1ser:<\/strong> Clase 1 IEC 60825-2011<\/li>\n<li style='margin-bottom: 5px;'><strong>Est\u00e1ndares:<\/strong> CFR 21 Part 1040.10 (USA)<\/li>\n<\/ul><\/div>\n<\/p><\/div>\n<div style='flex: 1 1 250px; border: 1px solid rgba(150&comma; 150&comma; 150&comma; 0.4); border-radius: 8px; overflow: hidden; display: flex; flex-direction: column;'>\n<div style='padding: 15px; border-bottom: 1px solid rgba(150&comma; 150&comma; 150&comma; 0.2); font-weight: bold; font-size: 18px; color: inherit;'>Caracter\u00edsticas F\u00edsicas<\/div>\n<div style='padding: 15px; color: inherit;'>\n<ul style='padding-left: 20px; margin: 0; font-size: 14px; list-style-type: disc;'>\n<li style='margin-bottom: 5px;'><strong>Temperatura operaci\u00f3n:<\/strong> -10 a +45 \u00b0C (14 a +113\u00b0F)<\/li>\n<li style='margin-bottom: 5px;'><strong>Temperatura almacenamiento:<\/strong> -40 a +70 \u00b0C (-40 a +158\u00b0F)<\/li>\n<li style='margin-bottom: 5px;'><strong>Humedad relativa:<\/strong> 95%<\/li>\n<li style='margin-bottom: 5px;'><strong>Material:<\/strong> Metal con cubierta protectora de goma<\/li>\n<li style='margin-bottom: 5px;'><strong>Alimentaci\u00f3n:<\/strong> 2 pilas AAA alcalinas (incluidas)<\/li>\n<li style='margin-bottom: 5px;'><strong>Vida \u00fatil bater\u00edas:<\/strong> \u226540 horas en modo intermitente<\/li>\n<li style='margin-bottom: 5px;'><strong>Peso:<\/strong> 83g incluyendo bater\u00edas<\/li>\n<li style='margin-bottom: 5px;'><strong>Dimensiones:<\/strong> 18mm x 160mm (0.71 x 6.29 in.)<\/li>\n<\/ul><\/div>\n<\/p><\/div>\n<div style='flex: 1 1 250px; border: 1px solid rgba(150&comma; 150&comma; 150&comma; 0.4); border-radius: 8px; overflow: hidden; display: flex; flex-direction: column;'>\n<div style='padding: 15px; border-bottom: 1px solid rgba(150&comma; 150&comma; 150&comma; 0.2); font-weight: bold; font-size: 18px; color: inherit;'>Aplicaciones<\/div>\n<div style='padding: 15px; color: inherit;'>\n<ul style='padding-left: 20px; margin: 0; font-size: 14px; list-style-type: disc;'>\n<li style='margin-bottom: 5px;'>Identificaci\u00f3n de fibra<\/li>\n<li style='margin-bottom: 5px;'>Prueba de continuidad de fibra<\/li>\n<li style='margin-bottom: 5px;'>Prueba de polaridad de conexi\u00f3n<\/li>\n<li style='margin-bottom: 5px;'>Localizaci\u00f3n precisa de fallos \u00f3pticos<\/li>\n<li style='margin-bottom: 5px;'>Localizaci\u00f3n de rutas de cable<\/li>\n<\/ul><\/div>\n<\/p><\/div>\n<\/p><\/div>\n<div style='display: flex; flex-wrap: wrap; gap: 30px; margin-bottom: 30px;'>\n<div style='flex: 1 1 300px; min-width: 280px;'>\n<h3 style='font-size: 22px; border-bottom: 2px solid currentColor; padding-bottom: 5px; margin-top: 0; color: inherit; opacity: 0.8;'>Compatibilidad<\/h3>\n<ul style='padding-left: 20px; font-size: 15px; color: inherit;'>\n<li style='margin-bottom: 5px;'>Adaptador 2.5mm universal para conectores SC&comma; ST y FC<\/li>\n<li style='margin-bottom: 5px;'>Adaptador 1.25mm opcional para conectores LC y MU (FT-VFL-ADPT-A&comma; no incluido)<\/li>\n<li style='margin-bottom: 5px;'>Compatible con ferrules de 2.5mm y 1.25mm<\/li>\n<\/ul><\/div>\n<div style='flex: 1 1 300px; min-width: 280px;'>\n<h3 style='font-size: 22px; border-bottom: 2px solid currentColor; padding-bottom: 5px; margin-top: 0; color: inherit; opacity: 0.8;'>Partes Incluidas<\/h3>\n<ul style='padding-left: 20px; font-size: 15px; color: inherit;'>\n<li style='margin-bottom: 5px;'>Localizador Visual de Fallos estilo pluma<\/li>\n<li style='margin-bottom: 5px;'>Adaptador 2.5mm para conectores SC&comma; ST y FC<\/li>\n<li style='margin-bottom: 5px;'>2 pilas AAA alcalinas<\/li>\n<li style='margin-bottom: 5px;'>Funda protectora<\/li>\n<\/ul><\/div>\n<\/p><\/div>\n<hr style='border: 0; border-top: 1px solid rgba(150&comma; 150&comma; 150&comma; 0.3); margin: 30px 0;'> <\/div>\n","protected":false},"excerpt":{"rendered":"<p>Localizador Visual de Fallos (VFL), Con Adaptador de 2.5 mm para Conectores SC, ST y FC, para Probar Conectores y Continuidad en Fibra \u00d3ptica<\/p>\n","protected":false},"featured_media":118837,"comment_status":"open","ping_status":"closed","template":"","meta":[],"product_brand":[],"product_cat":[636],"product_tag":[611,25,600],"class_list":{"0":"post-118838","1":"product","2":"type-product","3":"status-publish","4":"has-post-thumbnail","6":"product_cat-herramientas-fibra-optica","7":"product_tag-fibra-optica","8":"product_tag-herramientas","9":"product_tag-siemon","11":"first","12":"outofstock","13":"sale","14":"shipping-taxable","15":"purchasable","16":"product-type-simple"},"_links":{"self":[{"href":"https:\/\/soydeaqui.ddns.net\/pachuca\/index.php\/wp-json\/wp\/v2\/product\/118838","targetHints":{"allow":["GET"]}}],"collection":[{"href":"https:\/\/soydeaqui.ddns.net\/pachuca\/index.php\/wp-json\/wp\/v2\/product"}],"about":[{"href":"https:\/\/soydeaqui.ddns.net\/pachuca\/index.php\/wp-json\/wp\/v2\/types\/product"}],"replies":[{"embeddable":true,"href":"https:\/\/soydeaqui.ddns.net\/pachuca\/index.php\/wp-json\/wp\/v2\/comments?post=118838"}],"wp:featuredmedia":[{"embeddable":true,"href":"https:\/\/soydeaqui.ddns.net\/pachuca\/index.php\/wp-json\/wp\/v2\/media\/118837"}],"wp:attachment":[{"href":"https:\/\/soydeaqui.ddns.net\/pachuca\/index.php\/wp-json\/wp\/v2\/media?parent=118838"}],"wp:term":[{"taxonomy":"product_brand","embeddable":true,"href":"https:\/\/soydeaqui.ddns.net\/pachuca\/index.php\/wp-json\/wp\/v2\/product_brand?post=118838"},{"taxonomy":"product_cat","embeddable":true,"href":"https:\/\/soydeaqui.ddns.net\/pachuca\/index.php\/wp-json\/wp\/v2\/product_cat?post=118838"},{"taxonomy":"product_tag","embeddable":true,"href":"https:\/\/soydeaqui.ddns.net\/pachuca\/index.php\/wp-json\/wp\/v2\/product_tag?post=118838"}],"curies":[{"name":"wp","href":"https:\/\/api.w.org\/{rel}","templated":true}]}}