{"id":118809,"date":"2026-03-24T04:32:00","date_gmt":"2026-03-24T04:32:00","guid":{"rendered":"https:\/\/soydeaqui.ddns.net\/pachuca\/index.php\/producto\/joystick-ultrakey-plus-honeywell\/"},"modified":"2026-03-24T04:32:03","modified_gmt":"2026-03-24T04:32:03","slug":"joystick-ultrakey-plus-honeywell","status":"publish","type":"product","link":"https:\/\/soydeaqui.ddns.net\/pachuca\/index.php\/producto\/joystick-ultrakey-plus-honeywell\/","title":{"rendered":"Joystick Ultrakey Plus Honeywell"},"content":{"rendered":"<div style='width: 100%; max-width: 1200px; margin: 0 auto; font-family: sans-serif; line-height: 1.6; color: inherit; background-color: transparent;'>\n<div style='display: flex; flex-wrap: wrap; gap: 30px; margin-bottom: 30px;'>\n<div style='flex: 1 1 300px; min-width: 280px;'>\n<h3 style='font-size: 22px; border-bottom: 2px solid currentColor; padding-bottom: 5px; margin-top: 0; color: inherit; opacity: 0.8;'>Caracter\u00edsticas Principales<\/h3>\n<ul style='padding-left: 20px; font-size: 15px; color: inherit;'>\n<li style='margin-bottom: 5px;'>Pantalla LCD touch a color programable<\/li>\n<li style='margin-bottom: 5px;'>Teclado con personalizaci\u00f3n de colores y funciones<\/li>\n<li style='margin-bottom: 5px;'>Touchpad y touch ring para control preciso<\/li>\n<li style='margin-bottom: 5px;'>Alimentaci\u00f3n PoE con m\u00faltiples interfaces<\/li>\n<li style='margin-bottom: 5px;'>Dise\u00f1o ergon\u00f3mico con reposo de mu\u00f1eca acolchado<\/li>\n<\/ul><\/div>\n<div style='flex: 1 1 300px; min-width: 280px;'>\n<h3 style='font-size: 22px; border-bottom: 2px solid currentColor; padding-bottom: 5px; margin-top: 0; color: inherit; opacity: 0.8;'>Caracter\u00edsticas Detalladas<\/h3>\n<ul style='padding-left: 20px; font-size: 15px; color: inherit;'>\n<li style='margin-bottom: 5px;'>Men\u00fas personalizados completamente programables<\/li>\n<li style='margin-bottom: 5px;'>Pantalla LCD touch a color completamente programable<\/li>\n<li style='margin-bottom: 5px;'>Botones personalizables<\/li>\n<li style='margin-bottom: 5px;'>Teclado soporta diferentes colores y nombre de funci\u00f3n<\/li>\n<li style='margin-bottom: 5px;'>Dise\u00f1o ergon\u00f3mico con reposos de mu\u00f1eca acolchada<\/li>\n<li style='margin-bottom: 5px;'>Control de velocidad variable junto con el Zoom<\/li>\n<li style='margin-bottom: 5px;'>Permite alimentaci\u00f3n PoE<\/li>\n<li style='margin-bottom: 5px;'>M\u00faltiples interfaces (RS232&comma; RS485&comma; RS422 software seleccionable y Ethernet)<\/li>\n<li style='margin-bottom: 5px;'>Conector seguro de energ\u00eda<\/li>\n<li style='margin-bottom: 5px;'>Teclas dedicadas a las funciones m\u00e1s usadas<\/li>\n<li style='margin-bottom: 5px;'>Men\u00fa din\u00e1mico de selecci\u00f3n<\/li>\n<li style='margin-bottom: 5px;'>Acceso v\u00eda web para configuraci\u00f3n y actualizaci\u00f3n<\/li>\n<li style='margin-bottom: 5px;'>Llaves de retroceso l\u00e1ser<\/li>\n<li style='margin-bottom: 5px;'>Reemplazo de la plataforma de goma<\/li>\n<\/ul><\/div>\n<\/p><\/div>\n<div style='display: flex; flex-wrap: wrap; gap: 20px; margin-bottom: 30px;'>\n<div style='flex: 1 1 250px; border: 1px solid rgba(150&comma; 150&comma; 150&comma; 0.4); border-radius: 8px; overflow: hidden; display: flex; flex-direction: column;'>\n<div style='padding: 15px; border-bottom: 1px solid rgba(150&comma; 150&comma; 150&comma; 0.2); font-weight: bold; font-size: 18px; color: inherit;'>Control y Navegaci\u00f3n<\/div>\n<div style='padding: 15px; color: inherit;'>\n<ul style='padding-left: 20px; margin: 0; font-size: 14px; list-style-type: disc;'>\n<li style='margin-bottom: 5px;'>Joystick proporcional para control de velocidad variable<\/li>\n<li style='margin-bottom: 5px;'>Touchpad con anillo de control de 4 botones<\/li>\n<li style='margin-bottom: 5px;'>Botones de enfoque y control de iris<\/li>\n<li style='margin-bottom: 5px;'>Dise\u00f1o ambidiestro<\/li>\n<\/ul><\/div>\n<\/p><\/div>\n<div style='flex: 1 1 250px; border: 1px solid rgba(150&comma; 150&comma; 150&comma; 0.4); border-radius: 8px; overflow: hidden; display: flex; flex-direction: column;'>\n<div style='padding: 15px; border-bottom: 1px solid rgba(150&comma; 150&comma; 150&comma; 0.2); font-weight: bold; font-size: 18px; color: inherit;'>Conectividad<\/div>\n<div style='padding: 15px; color: inherit;'>\n<ul style='padding-left: 20px; margin: 0; font-size: 14px; list-style-type: disc;'>\n<li style='margin-bottom: 5px;'>Ethernet (10Base-T&comma; 100Base-TX) con LED<\/li>\n<li style='margin-bottom: 5px;'>RS232\/422\/485 software seleccionable con LED<\/li>\n<li style='margin-bottom: 5px;'>Alimentaci\u00f3n PoE (48VDC&comma; Clase 3)<\/li>\n<li style='margin-bottom: 5px;'>Conector de alimentaci\u00f3n de seguridad 12VDC<\/li>\n<\/ul><\/div>\n<\/p><\/div>\n<div style='flex: 1 1 250px; border: 1px solid rgba(150&comma; 150&comma; 150&comma; 0.4); border-radius: 8px; overflow: hidden; display: flex; flex-direction: column;'>\n<div style='padding: 15px; border-bottom: 1px solid rgba(150&comma; 150&comma; 150&comma; 0.2); font-weight: bold; font-size: 18px; color: inherit;'>Especificaciones T\u00e9cnicas<\/div>\n<div style='padding: 15px; color: inherit;'>\n<ul style='padding-left: 20px; margin: 0; font-size: 14px; list-style-type: disc;'>\n<li style='margin-bottom: 5px;'><strong>Dimensiones:<\/strong> 437 x 222 x 109 mm<\/li>\n<li style='margin-bottom: 5px;'><strong>Peso:<\/strong> 3.2 kg<\/li>\n<li style='margin-bottom: 5px;'><strong>Temperatura operaci\u00f3n:<\/strong> -10\u00b0C a +55\u00b0C<\/li>\n<li style='margin-bottom: 5px;'><strong>Consumo:<\/strong> 12 W<\/li>\n<\/ul><\/div>\n<\/p><\/div>\n<\/p><\/div>\n<hr style='border: 0; border-top: 1px solid rgba(150&comma; 150&comma; 150&comma; 0.3); margin: 30px 0;'>\n<div style='display: flex; flex-wrap: wrap; gap: 20px;'>\n<div style='flex: 1 1 250px; border: 1px solid rgba(150&comma; 150&comma; 150&comma; 0.4); border-radius: 8px; overflow: hidden; display: flex; flex-direction: column;'>\n<div style='padding: 15px; border-bottom: 1px solid rgba(150&comma; 150&comma; 150&comma; 0.2); font-weight: bold; font-size: 18px; color: inherit;'>Aplicaciones<\/div>\n<div style='padding: 15px; color: inherit;'>\n<ul style='padding-left: 20px; margin: 0; font-size: 14px; list-style-type: disc;'>\n<li style='margin-bottom: 5px;'>Sistemas de videovigilancia de mediano y gran tama\u00f1o<\/li>\n<li style='margin-bottom: 5px;'>Gaming<\/li>\n<li style='margin-bottom: 5px;'>Aeropuertos<\/li>\n<li style='margin-bottom: 5px;'>Gobierno<\/li>\n<\/ul><\/div>\n<\/p><\/div>\n<div style='flex: 1 1 250px; border: 1px solid rgba(150&comma; 150&comma; 150&comma; 0.4); border-radius: 8px; overflow: hidden; display: flex; flex-direction: column;'>\n<div style='padding: 15px; border-bottom: 1px solid rgba(150&comma; 150&comma; 150&comma; 0.2); font-weight: bold; font-size: 18px; color: inherit;'>Certificaciones<\/div>\n<div style='padding: 15px; color: inherit;'>\n<ul style='padding-left: 20px; margin: 0; font-size: 14px; list-style-type: disc;'>\n<li style='margin-bottom: 5px;'>FCC Part 15 clase A<\/li>\n<li style='margin-bottom: 5px;'>EN55022 para emisiones radiadas y conducidas<\/li>\n<li style='margin-bottom: 5px;'>CE: Clase B<\/li>\n<li style='margin-bottom: 5px;'>EN50130-4\/A2:2003<\/li>\n<li style='margin-bottom: 5px;'>UL 60950-1<\/li>\n<\/ul><\/div>\n<\/p><\/div>\n<div style='flex: 1 1 250px; border: 1px solid rgba(150&comma; 150&comma; 150&comma; 0.4); border-radius: 8px; overflow: hidden; display: flex; flex-direction: column;'>\n<div style='padding: 15px; border-bottom: 1px solid rgba(150&comma; 150&comma; 150&comma; 0.2); font-weight: bold; font-size: 18px; color: inherit;'>Incluye<\/div>\n<div style='padding: 15px; color: inherit;'>\n<ul style='padding-left: 20px; margin: 0; font-size: 14px; list-style-type: disc;'>\n<li style='margin-bottom: 5px;'>Fuente de alimentaci\u00f3n 100-240 VAC<\/li>\n<li style='margin-bottom: 5px;'>Cable RJ45 a DB9F (RS232)<\/li>\n<li style='margin-bottom: 5px;'>Cable RJ45 a DB9M (RS422)<\/li>\n<li style='margin-bottom: 5px;'>Cable de red RJ45<\/li>\n<li style='margin-bottom: 5px;'>Cable RJ11 4&#215;6 plano<\/li>\n<\/ul><\/div>\n<\/p><\/div>\n<\/p><\/div>\n<\/p><\/div>\n","protected":false},"excerpt":{"rendered":"<p>Joystick Ultrakey Plus Honeywell<\/p>\n","protected":false},"featured_media":118808,"comment_status":"open","ping_status":"closed","template":"","meta":[],"product_brand":[],"product_cat":[2298],"product_tag":[417,2383,2299],"class_list":{"0":"post-118809","1":"product","2":"type-product","3":"status-publish","4":"has-post-thumbnail","6":"product_cat-controladores-ptz","7":"product_tag-accesorios-generales","8":"product_tag-ademco-honeywell","9":"product_tag-controladores-ptz","11":"first","12":"outofstock","13":"sale","14":"shipping-taxable","15":"purchasable","16":"product-type-simple"},"_links":{"self":[{"href":"https:\/\/soydeaqui.ddns.net\/pachuca\/index.php\/wp-json\/wp\/v2\/product\/118809","targetHints":{"allow":["GET"]}}],"collection":[{"href":"https:\/\/soydeaqui.ddns.net\/pachuca\/index.php\/wp-json\/wp\/v2\/product"}],"about":[{"href":"https:\/\/soydeaqui.ddns.net\/pachuca\/index.php\/wp-json\/wp\/v2\/types\/product"}],"replies":[{"embeddable":true,"href":"https:\/\/soydeaqui.ddns.net\/pachuca\/index.php\/wp-json\/wp\/v2\/comments?post=118809"}],"wp:featuredmedia":[{"embeddable":true,"href":"https:\/\/soydeaqui.ddns.net\/pachuca\/index.php\/wp-json\/wp\/v2\/media\/118808"}],"wp:attachment":[{"href":"https:\/\/soydeaqui.ddns.net\/pachuca\/index.php\/wp-json\/wp\/v2\/media?parent=118809"}],"wp:term":[{"taxonomy":"product_brand","embeddable":true,"href":"https:\/\/soydeaqui.ddns.net\/pachuca\/index.php\/wp-json\/wp\/v2\/product_brand?post=118809"},{"taxonomy":"product_cat","embeddable":true,"href":"https:\/\/soydeaqui.ddns.net\/pachuca\/index.php\/wp-json\/wp\/v2\/product_cat?post=118809"},{"taxonomy":"product_tag","embeddable":true,"href":"https:\/\/soydeaqui.ddns.net\/pachuca\/index.php\/wp-json\/wp\/v2\/product_tag?post=118809"}],"curies":[{"name":"wp","href":"https:\/\/api.w.org\/{rel}","templated":true}]}}