{"id":118780,"date":"2026-03-24T04:30:18","date_gmt":"2026-03-24T04:30:18","guid":{"rendered":"https:\/\/soydeaqui.ddns.net\/pachuca\/index.php\/producto\/ups-de-2000va-1800w-topologia-on-line-doble-conversion-entrada-y-salida-de-120-vca-clavija-de-entrada-nema-5-20p-pantalla-lcd-configurable-formato-rack-torre-3\/"},"modified":"2026-03-24T04:30:18","modified_gmt":"2026-03-24T04:30:18","slug":"ups-de-2000va-1800w-topologia-on-line-doble-conversion-entrada-y-salida-de-120-vca-clavija-de-entrada-nema-5-20p-pantalla-lcd-configurable-formato-rack-torre-3","status":"publish","type":"product","link":"https:\/\/soydeaqui.ddns.net\/pachuca\/index.php\/producto\/ups-de-2000va-1800w-topologia-on-line-doble-conversion-entrada-y-salida-de-120-vca-clavija-de-entrada-nema-5-20p-pantalla-lcd-configurable-formato-rack-torre-3\/","title":{"rendered":"UPS de 2000VA\/1800W \/ Topolog\u00eda On-Line Doble Conversi\u00f3n \/ Entrada y Salida de 120 Vca \/ Clavija de Entrada NEMA 5-20P \/ Pantalla LCD Configurable \/ Formato Rack\/Torre"},"content":{"rendered":"<div style='width: 100%; max-width: 1200px; margin: 0 auto; font-family: sans-serif; line-height: 1.6; color: inherit; background-color: transparent;'> <!-- Descripci\u00f3n principal --> <\/p>\n<div style='margin-bottom: 30px;'>\n<p style='color: inherit; font-size: 15px; margin: 0 0 15px;'> El UPS de topolog\u00eda On-Line (doble conversi\u00f3n) es la versi\u00f3n de alta densidad de Epcom Power Line&comma; dise\u00f1ado para aplicaciones de voltajes de 100\/110\/115\/120\/127 VAC. Est\u00e1 equipado con correcci\u00f3n de factor de potencia (PFC) en la entrada&comma; factor de potencia de 0.9 en la salida&comma; ofreciendo altos niveles de confiabilidad y protecci\u00f3n para sistemas IT&comma; equipo de telecomunicaciones&comma; equipo m\u00e9dico y sistemas de misi\u00f3n cr\u00edtica&comma; es convertible a Rack o Torre y solo toma 2U unidades de Rack. <\/p>\n<\/p><\/div>\n<p> <!-- Caracter\u00edsticas Generales --> <\/p>\n<div style='margin-bottom: 30px;'>\n<h3 style='font-size: 22px; border-bottom: 2px solid currentColor; padding-bottom: 5px; margin-top: 0; color: inherit; opacity: 0.8;'>Caracter\u00edsticas Generales<\/h3>\n<ul style='padding-left: 20px; font-size: 15px; color: inherit;'>\n<li style='margin-bottom: 5px;'><strong>Capacidad:<\/strong> 2000 VA \/ 1800 W<\/li>\n<li style='margin-bottom: 5px;'><strong>Topolog\u00eda:<\/strong> On-Line<\/li>\n<li style='margin-bottom: 5px;'><strong>Con pantalla LCD<\/strong><\/li>\n<li style='margin-bottom: 5px;'><strong>Tipo de onda:<\/strong> Onda senoidal pura<\/li>\n<li style='margin-bottom: 5px;'><strong>Bater\u00eda:<\/strong> 4 x 12V\/9Ah<\/li>\n<li style='margin-bottom: 5px;'><strong>Dimensiones (mm):<\/strong> 88 x 440 x 720 (Alto x Ancho x Profundidad)<\/li>\n<li style='margin-bottom: 5px;'><strong>Factor de potencia de salida:<\/strong> 0.9<\/li>\n<li style='margin-bottom: 5px;'><strong>Regulador de Voltaje:<\/strong> 95 &#8211; 135 VAC<\/li>\n<li style='margin-bottom: 5px;'><strong>Salida de Voltaje:<\/strong> 100 V \/ 110 V \/ 115 V \/ 120 V \/ 127V AC (Configurable v\u00eda LCD)<\/li>\n<li style='margin-bottom: 5px;'><strong>Opci\u00f3n para banco de bater\u00eda<\/strong><\/li>\n<\/ul>\n<p style='margin-top: 15px; color: inherit; font-size: 15px;'><strong>NOTA:<\/strong> En los bornes de alimentaci\u00f3n INPUT corresponde a la entrada y OUTPUT a la salida.<\/p>\n<\/p><\/div>\n<p> <!-- Tiempos de respaldo --> <\/p>\n<div style='margin-bottom: 30px;'>\n<h3 style='font-size: 22px; border-bottom: 2px solid currentColor; padding-bottom: 5px; margin-top: 0; color: inherit; opacity: 0.8;'>Tiempos de Respaldo<\/h3>\n<div style='display: flex; flex-wrap: wrap; gap: 30px; margin-top: 20px;'> <!-- Tiempos sin bater\u00edas adicionales --> <\/p>\n<div style='flex: 1 1 300px; min-width: 280px;'>\n<h4 style='font-size: 18px; margin-top: 0; color: inherit;'>EPU2000RTOL2U<\/h4>\n<ul style='padding-left: 20px; font-size: 14px; color: inherit;'>\n<li style='margin-bottom: 5px;'><strong>Duraci\u00f3n a media carga:<\/strong> 8.3 min<\/li>\n<li style='margin-bottom: 5px;'><strong>Duraci\u00f3n a carga completa:<\/strong> 3.0 min<\/li>\n<li style='margin-bottom: 5px;'><strong>Duraci\u00f3n con 50W:<\/strong> 176.0 min<\/li>\n<li style='margin-bottom: 5px;'><strong>Duraci\u00f3n con 100W:<\/strong> 97.0 min<\/li>\n<li style='margin-bottom: 5px;'><strong>Duraci\u00f3n con 200W:<\/strong> 47.5 min<\/li>\n<li style='margin-bottom: 5px;'><strong>Duraci\u00f3n con 300W:<\/strong> 32.0 min<\/li>\n<li style='margin-bottom: 5px;'><strong>Duraci\u00f3n con 400W:<\/strong> 24.0 min<\/li>\n<li style='margin-bottom: 5px;'><strong>Duraci\u00f3n con 500W:<\/strong> 18.0 min<\/li>\n<li style='margin-bottom: 5px;'><strong>Duraci\u00f3n con 600W:<\/strong> 14.0 min<\/li>\n<li style='margin-bottom: 5px;'><strong>Duraci\u00f3n con 700W:<\/strong> 12.0 min<\/li>\n<li style='margin-bottom: 5px;'><strong>Duraci\u00f3n con 800W:<\/strong> 9.7 min<\/li>\n<li style='margin-bottom: 5px;'><strong>Duraci\u00f3n con 900W:<\/strong> 8.3 min<\/li>\n<li style='margin-bottom: 5px;'><strong>Duraci\u00f3n con 1000W:<\/strong> 7.0 min<\/li>\n<li style='margin-bottom: 5px;'><strong>Duraci\u00f3n con 1100W:<\/strong> 5.7 min<\/li>\n<li style='margin-bottom: 5px;'><strong>Duraci\u00f3n con 1200W:<\/strong> 4.9 min<\/li>\n<li style='margin-bottom: 5px;'><strong>Duraci\u00f3n con 1300W:<\/strong> 4.5 min<\/li>\n<li style='margin-bottom: 5px;'><strong>Duraci\u00f3n con 1400W:<\/strong> 4.3 min<\/li>\n<li style='margin-bottom: 5px;'><strong>Duraci\u00f3n con 1500W:<\/strong> 4.0 min<\/li>\n<li style='margin-bottom: 5px;'><strong>Duraci\u00f3n con 1600W:<\/strong> 3.7 min<\/li>\n<li style='margin-bottom: 5px;'><strong>Duraci\u00f3n con 1700W:<\/strong> 3.4 min<\/li>\n<li style='margin-bottom: 5px;'><strong>Duraci\u00f3n con 1800W:<\/strong> 3.0 min<\/li>\n<\/ul><\/div>\n<p> <!-- Tiempos con 1 bater\u00eda adicional --> <\/p>\n<div style='flex: 1 1 300px; min-width: 280px;'>\n<h4 style='font-size: 18px; margin-top: 0; color: inherit;'>EPU2000RTOL2U + 1 EPU4PACKRT2U<\/h4>\n<ul style='padding-left: 20px; font-size: 14px; color: inherit;'>\n<li style='margin-bottom: 5px;'><strong>Duraci\u00f3n a media carga:<\/strong> 22.0 min<\/li>\n<li style='margin-bottom: 5px;'><strong>Duraci\u00f3n a carga completa:<\/strong> 8.0 min<\/li>\n<li style='margin-bottom: 5px;'><strong>Duraci\u00f3n con 50W:<\/strong> 445.0 min<\/li>\n<li style='margin-bottom: 5px;'><strong>Duraci\u00f3n con 100W:<\/strong> 230.0 min<\/li>\n<li style='margin-bottom: 5px;'><strong>Duraci\u00f3n con 200W:<\/strong> 117.0 min<\/li>\n<li style='margin-bottom: 5px;'><strong>Duraci\u00f3n con 300W:<\/strong> 82.0 min<\/li>\n<li style='margin-bottom: 5px;'><strong>Duraci\u00f3n con 400W:<\/strong> 58.0 min<\/li>\n<li style='margin-bottom: 5px;'><strong>Duraci\u00f3n con 500W:<\/strong> 44.0 min<\/li>\n<li style='margin-bottom: 5px;'><strong>Duraci\u00f3n con 600W:<\/strong> 36.0 min<\/li>\n<li style='margin-bottom: 5px;'><strong>Duraci\u00f3n con 700W:<\/strong> 29.0 min<\/li>\n<li style='margin-bottom: 5px;'><strong>Duraci\u00f3n con 800W:<\/strong> 25.0 min<\/li>\n<li style='margin-bottom: 5px;'><strong>Duraci\u00f3n con 900W:<\/strong> 22.0 min<\/li>\n<li style='margin-bottom: 5px;'><strong>Duraci\u00f3n con 1000W:<\/strong> 19.0 min<\/li>\n<li style='margin-bottom: 5px;'><strong>Duraci\u00f3n con 1100W:<\/strong> 17.0 min<\/li>\n<li style='margin-bottom: 5px;'><strong>Duraci\u00f3n con 1200W:<\/strong> 14.8 min<\/li>\n<li style='margin-bottom: 5px;'><strong>Duraci\u00f3n con 1300W:<\/strong> 13.0 min<\/li>\n<li style='margin-bottom: 5px;'><strong>Duraci\u00f3n con 1400W:<\/strong> 12.0 min<\/li>\n<li style='margin-bottom: 5px;'><strong>Duraci\u00f3n con 1500W:<\/strong> 10.0 min<\/li>\n<li style='margin-bottom: 5px;'><strong>Duraci\u00f3n con 1600W:<\/strong> 9.5 min<\/li>\n<li style='margin-bottom: 5px;'><strong>Duraci\u00f3n con 1700W:<\/strong> 8.9 min<\/li>\n<li style='margin-bottom: 5px;'><strong>Duraci\u00f3n con 1800W:<\/strong> 8.0 min<\/li>\n<\/ul><\/div>\n<p> <!-- Tiempos con 2 bater\u00edas adicionales --> <\/p>\n<div style='flex: 1 1 300px; min-width: 280px;'>\n<h4 style='font-size: 18px; margin-top: 0; color: inherit;'>EPU2000RTOL2U + 2 EPU4PACKRT2U<\/h4>\n<ul style='padding-left: 20px; font-size: 14px; color: inherit;'>\n<li style='margin-bottom: 5px;'><strong>Duraci\u00f3n a media carga:<\/strong> 37.0 min<\/li>\n<li style='margin-bottom: 5px;'><strong>Duraci\u00f3n a carga completa:<\/strong> 14.5 min<\/li>\n<li style='margin-bottom: 5px;'><strong>Duraci\u00f3n con 50W:<\/strong> 600.0 min<\/li>\n<li style='margin-bottom: 5px;'><strong>Duraci\u00f3n con 100W:<\/strong> 415.0 min<\/li>\n<li style='margin-bottom: 5px;'><strong>Duraci\u00f3n con 200W:<\/strong> 199.0 min<\/li>\n<li style='margin-bottom: 5px;'><strong>Duraci\u00f3n con 300W:<\/strong> 137.0 min<\/li>\n<li style='margin-bottom: 5px;'><strong>Duraci\u00f3n con 400W:<\/strong> 100.0 min<\/li>\n<li style='margin-bottom: 5px;'><strong>Duraci\u00f3n con 500W:<\/strong> 78.0 min<\/li>\n<li style='margin-bottom: 5px;'><strong>Duraci\u00f3n con 600W:<\/strong> 62.0 min<\/li>\n<li style='margin-bottom: 5px;'><strong>Duraci\u00f3n con 700W:<\/strong> 50.0 min<\/li>\n<li style='margin-bottom: 5px;'><strong>Duraci\u00f3n con 800W:<\/strong> 42.0 min<\/li>\n<li style='margin-bottom: 5px;'><strong>Duraci\u00f3n con 900W:<\/strong> 37.0 min<\/li>\n<li style='margin-bottom: 5px;'><strong>Duraci\u00f3n con 1000W:<\/strong> 32.0 min<\/li>\n<li style='margin-bottom: 5px;'><strong>Duraci\u00f3n con 1100W:<\/strong> 28.0 min<\/li>\n<li style='margin-bottom: 5px;'><strong>Duraci\u00f3n con 1200W:<\/strong> 25.9 min<\/li>\n<li style='margin-bottom: 5px;'><strong>Duraci\u00f3n con 1300W:<\/strong> 23.0 min<\/li>\n<li style='margin-bottom: 5px;'><strong>Duraci\u00f3n con 1400W:<\/strong> 20.0 min<\/li>\n<li style='margin-bottom: 5px;'><strong>Duraci\u00f3n con 1500W:<\/strong> 18.0 min<\/li>\n<li style='margin-bottom: 5px;'><strong>Duraci\u00f3n con 1600W:<\/strong> 17.0 min<\/li>\n<li style='margin-bottom: 5px;'><strong>Duraci\u00f3n con 1700W:<\/strong> 15.9 min<\/li>\n<li style='margin-bottom: 5px;'><strong>Duraci\u00f3n con 1800W:<\/strong> 14.5 min<\/li>\n<\/ul><\/div>\n<\/p><\/div>\n<\/p><\/div>\n<p> <!-- Secci\u00f3n de im\u00e1genes --> <\/p>\n<div style='margin-bottom: 30px;'>\n<div style='margin-bottom: 30px; text-align: center;'> <img style='width: 100%; max-width: 600px; height: auto; border: 1px solid rgba(150&comma;150&comma;150&comma;0.3); border-radius: 8px;' src='http:\/\/ftp3.syscom.mx\/usuarios\/ftp\/single_page\/epcom_powerline\/ups_header.png' alt='UPS Epcom Power Line'> <\/div>\n<div style='display: flex; flex-wrap: wrap; gap: 30px; justify-content: center;'> <img style='width: 100%; max-width: 350px; height: auto; border: 1px solid rgba(150&comma;150&comma;150&comma;0.3); border-radius: 8px;' src='http:\/\/ftp3.syscom.mx\/usuarios\/ftp\/single_page\/epcom_powerline\/ups_3.png' alt='UPS L\u00ednea Interactiva'> <img style='width: 100%; max-width: 400px; height: auto; border: 1px solid rgba(150&comma;150&comma;150&comma;0.3); border-radius: 8px;' src='http:\/\/ftp3.syscom.mx\/usuarios\/ftp\/single_page\/epcom_powerline\/ups_img1.png' alt='UPS On-Line'> <img style='width: 100%; max-width: 300px; height: auto; border: 1px solid rgba(150&comma;150&comma;150&comma;0.3); border-radius: 8px;' src='http:\/\/ftp3.syscom.mx\/usuarios\/ftp\/single_page\/epcom_powerline\/ups_icono1.png' alt='Icono Energ\u00eda Confiable'> <img style='width: 100%; max-width: 400px; height: auto; border: 1px solid rgba(150&comma;150&comma;150&comma;0.3); border-radius: 8px;' src='http:\/\/ftp3.syscom.mx\/usuarios\/ftp\/single_page\/epcom_powerline\/ups_5.png' alt='Instalaci\u00f3n Rack\/Torre'> <\/div>\n<\/p><\/div>\n<p> <!-- Highlights --> <\/p>\n<div style='margin-bottom: 30px;'>\n<h3 style='font-size: 22px; border-bottom: 2px solid currentColor; padding-bottom: 5px; margin-top: 0; color: inherit; opacity: 0.8;'>Highlights<\/h3>\n<ul style='padding-left: 20px; font-size: 15px; color: inherit;'>\n<li style='margin-bottom: 5px;'>Los UPS On-Line ofrecen tecnolog\u00eda de alta eficiencia de conversi\u00f3n en l\u00ednea doble<\/li>\n<li style='margin-bottom: 5px;'>Onda senoidal pura<\/li>\n<li style='margin-bottom: 5px;'>Funcionamiento en modo Eco para el ahorro energ\u00e9tico<\/li>\n<li style='margin-bottom: 5px;'>Rango din\u00e1mico de voltaje<\/li>\n<li style='margin-bottom: 5px;'>Voltaje configurable de salida v\u00eda LCD<\/li>\n<li style='margin-bottom: 5px;'>M\u00f3dulo de bater\u00edas para extender tiempo de respaldo<\/li>\n<li style='margin-bottom: 5px;'>Instalaci\u00f3n Rack\/Torre<\/li>\n<li style='margin-bottom: 5px;'>Los UPS de topolog\u00eda On-Line pueden ser configurados horizontal o verticalmente<\/li>\n<\/ul><\/div>\n<p> <!-- Rango din\u00e1mico de voltaje --> <\/p>\n<div style='margin-bottom: 30px;'>\n<h3 style='font-size: 22px; border-bottom: 2px solid currentColor; padding-bottom: 5px; margin-top: 0; color: inherit; opacity: 0.8;'>Rango din\u00e1mico de voltaje (AVR)<\/h3>\n<p style='color: inherit; font-size: 15px; margin-top: 15px;'> El rango din\u00e1mico de voltaje (AVR) en los UPS de Epcom Power Line\u00ae ayuda a estabilizar la se\u00f1al entrante de CA&comma; se encarga de controlar los voltajes altos y bajos&comma; manteniendo la energ\u00eda de salida a un nivel nominal de 120V&comma; reduce fallas del sistema e incrementa significativamente la vida de la bater\u00eda. <\/p>\n<\/p><\/div>\n<p> <!-- Voltajes configurables --> <\/p>\n<div style='margin-bottom: 30px;'>\n<h3 style='font-size: 22px; border-bottom: 2px solid currentColor; padding-bottom: 5px; margin-top: 0; color: inherit; opacity: 0.8;'>Voltajes configurables de salida<\/h3>\n<p style='color: inherit; font-size: 15px; margin-top: 15px;'> Algunos modelos de Epcom Power Line\u00ae&comma; pueden ser configurables con voltaje de salida seleccionable: 100 V \/ 110 V \/ 115 V \/ 120 V \/ 127 V AC. <\/p>\n<\/p><\/div>\n<p> <!-- Monitoreo local --> <\/p>\n<div style='margin-bottom: 30px;'>\n<h3 style='font-size: 22px; border-bottom: 2px solid currentColor; padding-bottom: 5px; margin-top: 0; color: inherit; opacity: 0.8;'>Monitoreo Local<\/h3>\n<p style='color: inherit; font-size: 15px; margin-top: 15px;'> Los modelos de Epcom Power Line\u00ae&comma; pueden ser monitoreados de manera local por medio de un cable conectado a una PC con ayuda del software UPSmart. <\/p>\n<p style='color: inherit; font-size: 15px; margin-top: 15px;'> <strong>Las funciones de red como env\u00edo de correos&comma; monitoreo remoto y funciones similares que requieran una conexi\u00f3n remota no est\u00e1n habilitadas&comma; de igual manera el slot de tarjeta SNMP no es funcional.<\/strong> <\/p>\n<\/p><\/div>\n<p> <!-- L\u00ednea de UPS m\u00e1s confiable --> <\/p>\n<div style='margin-bottom: 30px;'>\n<h3 style='font-size: 22px; border-bottom: 2px solid currentColor; padding-bottom: 5px; margin-top: 0; color: inherit; opacity: 0.8;'>La L\u00ednea de UPS m\u00e1s Confiable<\/h3>\n<div style='margin-top: 20px;'>\n<p style='color: inherit; font-size: 15px; margin-bottom: 15px;'> La l\u00ednea de UPS de Epcom Power Line\u00ae fue dise\u00f1ada para brindar alto desempe\u00f1o y una excelente calidad&comma; son usados para proteger y energizar equipos&comma; tambi\u00e9n suministra voltaje puro con regulador autom\u00e1tico de Voltaje (AVR) en boost y buck. Son simples&comma; a bajo costo y su instalaci\u00f3n es sencilla y r\u00e1pida. <\/p>\n<\/p><\/div>\n<\/p><\/div>\n<p> <!-- Logotipo y descarga del calculador --> <\/p>\n<div style='margin-bottom: 30px; text-align: center;'> <img style='width: 100px; height: auto; border: 1px solid rgba(150&comma;150&comma;150&comma;0.3); border-radius: 8px;' src='http:\/\/ftp3.syscom.mx\/usuarios\/ftp\/single_page\/epcom_powerline\/ups_logotipo.png' alt='Logo Epcom Power Line'> <\/p>\n<p style='margin-top: 20px;'> <a style='color: inherit; text-decoration: none; font-weight: bold; font-size: 24px;' href='https:\/\/ftp3.syscom.mx\/usuarios\/acordova\/epcom%20Power%20line\/BACK%20UP.xlsx' target='_blank' rel='noopener'> DESCARGA EL CALCULADOR DE TIEMPO DE RESPALDO <\/a> <\/p>\n<p style='margin-top: 10px;'> <a style='color: inherit; text-decoration: none; font-weight: bold; font-size: 24px;' href='https:\/\/ftp3.syscom.mx\/usuarios\/acordova\/epcom%20Power%20line\/BACK%20UP.xlsx' target='_blank' rel='noopener'> \u00a1AQU\u00cd! <\/a> <\/p>\n<\/p><\/div>\n<p> <!-- Fondo y patr\u00f3n --> <\/p>\n<div style='margin-top: 40px; padding: 20px; border-top: 1px solid rgba(150&comma;150&comma;150&comma;0.3); border-bottom: 1px solid rgba(150&comma;150&comma;150&comma;0.3); background-color: rgba(231&comma;0&comma;0&comma;0.05);'>\n<p style='text-align: center; font-size: 16px; color: inherit;'> Los UPS de la l\u00ednea interactiva de Epcom Power Line\u00ae son especiales para suplir necesidades tales como hardware de redes&comma; computadoras&comma; etc.&comma; estos equipos corrigen fluctuaciones menores de energ\u00eda sin necesidad de cambiar a modo bater\u00eda&comma; haciendo m\u00e1s longevo el tiempo de vida de la bater\u00eda. <\/p>\n<\/p><\/div>\n<p> <!-- Imagen de fondo --> <\/p>\n<div style='margin-top: 40px; padding: 40px 20px; text-align: center; background-image: url('http:\/\/ftp3.syscom.mx\/usuarios\/ftp\/single_page\/epcom_powerline\/ups_background_1.png'); background-repeat: no-repeat; background-position: center top; background-size: cover;'>\n<div style='background-color: rgba(255&comma;255&comma;255&comma;0.8); padding: 20px; display: inline-block; border-radius: 8px;'>\n<p style='color: #e70000; font-weight: bold; margin: 0; font-size: 18px;'> Energ\u00eda Confiable para sus Equipos <\/p>\n<\/p><\/div>\n<\/p><\/div>\n<\/p><\/div>\n","protected":false},"excerpt":{"rendered":"<p>UPS de 2000VA\/1800W \/ Topolog\u00eda On-Line Doble Conversi\u00f3n \/ Entrada y Salida de 120 Vca \/ Clavija de Entrada NEMA 5-20P \/ Pantalla LCD Configurable \/ Formato Rack\/Torre<\/p>\n","protected":false},"featured_media":118779,"comment_status":"open","ping_status":"closed","template":"","meta":[],"product_brand":[],"product_cat":[1231],"product_tag":[142,454,1232],"class_list":{"0":"post-118780","1":"product","2":"type-product","3":"status-publish","4":"has-post-thumbnail","6":"product_cat-ups-no-break-energia-videovigilancia","7":"product_tag-energia","8":"product_tag-epcom-powerline","9":"product_tag-ups-no-break-2","11":"first","12":"outofstock","13":"sale","14":"shipping-taxable","15":"purchasable","16":"product-type-simple"},"_links":{"self":[{"href":"https:\/\/soydeaqui.ddns.net\/pachuca\/index.php\/wp-json\/wp\/v2\/product\/118780","targetHints":{"allow":["GET"]}}],"collection":[{"href":"https:\/\/soydeaqui.ddns.net\/pachuca\/index.php\/wp-json\/wp\/v2\/product"}],"about":[{"href":"https:\/\/soydeaqui.ddns.net\/pachuca\/index.php\/wp-json\/wp\/v2\/types\/product"}],"replies":[{"embeddable":true,"href":"https:\/\/soydeaqui.ddns.net\/pachuca\/index.php\/wp-json\/wp\/v2\/comments?post=118780"}],"wp:featuredmedia":[{"embeddable":true,"href":"https:\/\/soydeaqui.ddns.net\/pachuca\/index.php\/wp-json\/wp\/v2\/media\/118779"}],"wp:attachment":[{"href":"https:\/\/soydeaqui.ddns.net\/pachuca\/index.php\/wp-json\/wp\/v2\/media?parent=118780"}],"wp:term":[{"taxonomy":"product_brand","embeddable":true,"href":"https:\/\/soydeaqui.ddns.net\/pachuca\/index.php\/wp-json\/wp\/v2\/product_brand?post=118780"},{"taxonomy":"product_cat","embeddable":true,"href":"https:\/\/soydeaqui.ddns.net\/pachuca\/index.php\/wp-json\/wp\/v2\/product_cat?post=118780"},{"taxonomy":"product_tag","embeddable":true,"href":"https:\/\/soydeaqui.ddns.net\/pachuca\/index.php\/wp-json\/wp\/v2\/product_tag?post=118780"}],"curies":[{"name":"wp","href":"https:\/\/api.w.org\/{rel}","templated":true}]}}