{"id":118759,"date":"2026-03-24T04:29:07","date_gmt":"2026-03-24T04:29:07","guid":{"rendered":"https:\/\/soydeaqui.ddns.net\/pachuca\/index.php\/producto\/bobina-de-cable-de-152-5-metros-500-pies-cat6-calibre-23-alto-desempeo-super-flexible-ul-color-azul-para-aplicaciones-de-video-vigilancia-hd-y-redes-de-datos-uso-interior\/"},"modified":"2026-03-24T04:29:21","modified_gmt":"2026-03-24T04:29:21","slug":"bobina-de-cable-de-152-5-metros-500-pies-cat6-calibre-23-alto-desempeo-super-flexible-ul-color-azul-para-aplicaciones-de-video-vigilancia-hd-y-redes-de-datos-uso-interior","status":"publish","type":"product","link":"https:\/\/soydeaqui.ddns.net\/pachuca\/index.php\/producto\/bobina-de-cable-de-152-5-metros-500-pies-cat6-calibre-23-alto-desempeo-super-flexible-ul-color-azul-para-aplicaciones-de-video-vigilancia-hd-y-redes-de-datos-uso-interior\/","title":{"rendered":"Bobina de Cable de 152.5 Metros (500 Pies) Cat6+ Calibre 23 Alto Desempe?o, Super Flexible, UL, Color Azul, para Aplicaciones de Video Vigilancia, HD, y Redes de Datos. Uso Interior."},"content":{"rendered":"<div style='width: 100%; max-width: 1200px; margin: 0 auto; font-family: sans-serif; line-height: 1.6; color: inherit; background-color: transparent;'> <!-- T\u00edtulo y descripci\u00f3n principal --> <\/p>\n<div style='margin-bottom: 30px;'>\n<h2 style='font-size: 24px; margin-top: 0; margin-bottom: 10px; color: inherit; opacity: 0.95;'>Cable de alto desempe\u00f1o super flexible<\/h2>\n<p style='font-size: 15px; margin-bottom: 20px; color: inherit; opacity: 0.85;'>Transferencia Full Gigabit sobre condiciones extremas&comma; dise\u00f1ado por integradores profesionales de seguridad.<\/p>\n<\/p><\/div>\n<p> <!-- Imagen de marca --> <\/p>\n<div style='margin-bottom: 30px;'> <img style='width: 100%; max-width: 535px; height: auto; border: 1px solid rgba(150&comma;150&comma;150&comma;0.3); border-radius: 8px; display: block; margin: 0 auto;' src='https:\/\/ftp3.syscom.mx\/usuarios\/jmolinar\/JonathanMolinar\/Camaras\/Ocultas\/LINKEDPROUL.jpg' alt=''> <\/div>\n<p> <!-- Secci\u00f3n de caracter\u00edsticas con flex --> <\/p>\n<div style='display: flex; flex-wrap: wrap; gap: 30px; margin-bottom: 30px;'>\n<div style='flex: 1 1 300px; min-width: 280px;'>\n<h3 style='font-size: 22px; border-bottom: 2px solid currentColor; padding-bottom: 5px; margin-top: 0; color: inherit; opacity: 0.8;'>Caracter\u00edsticas<\/h3>\n<ul style='padding-left: 20px; font-size: 15px; color: inherit;'>\n<li style='margin-bottom: 10px;'>Video vigilancia IP Megapixel \/ Instalaciones de video an\u00e1logo \/ Redes locales de alta velocidad<\/li>\n<li style='margin-bottom: 10px;'>Redes inal\u00e1mbricas<\/li>\n<li style='margin-bottom: 10px;'>Para aplicaciones de alta velocidad de datos&comma; Fast Ethernet y Gigabit Ethernet.<\/li>\n<li style='margin-bottom: 10px;'>Instalaciones Gigabit de voz\/datos.<\/li>\n<li style='margin-bottom: 10px;'>Aplicaciones en 10BASE-T&comma; 100BASE-T.<\/li>\n<\/ul><\/div>\n<div style='flex: 1 1 300px; min-width: 280px;'>\n<h3 style='font-size: 22px; border-bottom: 2px solid currentColor; padding-bottom: 5px; margin-top: 0; color: inherit; opacity: 0.8;'>Caracter\u00edsticas f\u00edsicas y el\u00e9ctricas<\/h3>\n<ul style='padding-left: 20px; font-size: 15px; color: inherit;'>\n<li style='margin-bottom: 10px;'><strong>Conductor:<\/strong> 100% Cobre.<\/li>\n<li style='margin-bottom: 10px;'><strong>Para instalaciones en interior<\/strong> (CM ).<\/li>\n<li style='margin-bottom: 10px;'><strong>Color Exterior:<\/strong> Azul.<\/li>\n<li style='margin-bottom: 10px;'><strong>Calibre:<\/strong> 23.<\/li>\n<li style='margin-bottom: 10px;'><strong>Aislamiento:<\/strong> PVC (CM)<\/li>\n<li style='margin-bottom: 10px;'><strong>Sin blindaje.<\/strong><\/li>\n<li style='margin-bottom: 10px;'><strong>Di\u00e1metro:<\/strong> 6.1 mm.<\/li>\n<li style='margin-bottom: 10px;'><strong>Frecuencia:<\/strong> 250 MHz.<\/li>\n<\/ul><\/div>\n<div style='flex: 1 1 300px; min-width: 280px;'>\n<h3 style='font-size: 22px; border-bottom: 2px solid currentColor; padding-bottom: 5px; margin-top: 0; color: inherit; opacity: 0.8;'>Estandares<\/h3>\n<ul style='padding-left: 20px; font-size: 15px; color: inherit;'>\n<li style='margin-bottom: 10px;'>UL: E488955<\/li>\n<li style='margin-bottom: 10px;'>ANSI\/TIA-560-C.2<\/li>\n<li style='margin-bottom: 10px;'>ISO\/IEC<\/li>\n<li style='margin-bottom: 10px;'>CENELEC EN.<\/li>\n<li style='margin-bottom: 10px;'>RoHS<\/li>\n<li style='margin-bottom: 10px;'>Cumple con las Pruebas de Rendimiento para Enlace Permanente a 90 metros<\/li>\n<\/ul><\/div>\n<\/p><\/div>\n<p> <!-- Separador --> <\/p>\n<hr style='border: 0; border-top: 1px solid rgba(150&comma; 150&comma; 150&comma; 0.3); margin: 30px 0;'> <!-- Informaci\u00f3n adicional --> <\/p>\n<div style='margin-bottom: 30px;'>\n<p style='font-size: 15px; margin: 0; color: inherit;'><strong>* Precio por carrete de 152.5 metros.<\/strong><\/p>\n<\/p><\/div>\n<p> <!-- Imagen adicional --> <\/p>\n<div style='margin-bottom: 30px;'> <img style='width: 100%; height: auto; border: 1px solid rgba(150&comma;150&comma;150&comma;0.3); border-radius: 8px;' src='https:\/\/ftp3.syscom.mx\/usuarios\/ccasares\/CCTV\/Guia%20rapida%20de%20seleccion%20de%20cable.jpg' alt=''> <\/div>\n<p> <!-- Videos de YouTube --> <\/p>\n<div style='display: flex; flex-wrap: wrap; gap: 30px; margin-bottom: 30px;'>\n<div style='flex: 1 1 560px; min-width: 300px;'>\n<div style='position: relative; padding-bottom: 56.25%; height: 0; overflow: hidden;'>   <\/div>\n<\/p><\/div>\n<div style='flex: 1 1 560px; min-width: 300px;'>\n<div style='position: relative; padding-bottom: 56.25%; height: 0; overflow: hidden;'>   <\/div>\n<\/p><\/div>\n<div style='flex: 1 1 560px; min-width: 300px;'>\n<div style='position: relative; padding-bottom: 56.25%; height: 0; overflow: hidden;'>   <\/div>\n<\/p><\/div>\n<\/p><\/div>\n<\/p><\/div>\n","protected":false},"excerpt":{"rendered":"<p>Bobina de Cable de 152.5 Metros (500 Pies) Cat6+ Calibre 23 Alto Desempe?o, Super Flexible, UL, Color Azul, para Aplicaciones de Video Vigilancia, HD, y Redes de Datos. Uso Interior.<\/p>\n","protected":false},"featured_media":118758,"comment_status":"open","ping_status":"closed","template":"","meta":[],"product_brand":[],"product_cat":[576],"product_tag":[488,577,435],"class_list":{"0":"post-118759","1":"product","2":"type-product","3":"status-publish","4":"has-post-thumbnail","6":"product_cat-categoria-6","7":"product_tag-cables-y-conectores","8":"product_tag-categoria-6","9":"product_tag-linkedpro-by-epcom","11":"first","12":"outofstock","13":"sale","14":"shipping-taxable","15":"purchasable","16":"product-type-simple"},"_links":{"self":[{"href":"https:\/\/soydeaqui.ddns.net\/pachuca\/index.php\/wp-json\/wp\/v2\/product\/118759","targetHints":{"allow":["GET"]}}],"collection":[{"href":"https:\/\/soydeaqui.ddns.net\/pachuca\/index.php\/wp-json\/wp\/v2\/product"}],"about":[{"href":"https:\/\/soydeaqui.ddns.net\/pachuca\/index.php\/wp-json\/wp\/v2\/types\/product"}],"replies":[{"embeddable":true,"href":"https:\/\/soydeaqui.ddns.net\/pachuca\/index.php\/wp-json\/wp\/v2\/comments?post=118759"}],"wp:featuredmedia":[{"embeddable":true,"href":"https:\/\/soydeaqui.ddns.net\/pachuca\/index.php\/wp-json\/wp\/v2\/media\/118758"}],"wp:attachment":[{"href":"https:\/\/soydeaqui.ddns.net\/pachuca\/index.php\/wp-json\/wp\/v2\/media?parent=118759"}],"wp:term":[{"taxonomy":"product_brand","embeddable":true,"href":"https:\/\/soydeaqui.ddns.net\/pachuca\/index.php\/wp-json\/wp\/v2\/product_brand?post=118759"},{"taxonomy":"product_cat","embeddable":true,"href":"https:\/\/soydeaqui.ddns.net\/pachuca\/index.php\/wp-json\/wp\/v2\/product_cat?post=118759"},{"taxonomy":"product_tag","embeddable":true,"href":"https:\/\/soydeaqui.ddns.net\/pachuca\/index.php\/wp-json\/wp\/v2\/product_tag?post=118759"}],"curies":[{"name":"wp","href":"https:\/\/api.w.org\/{rel}","templated":true}]}}