{"id":118626,"date":"2026-03-24T04:21:41","date_gmt":"2026-03-24T04:21:41","guid":{"rendered":"https:\/\/soydeaqui.ddns.net\/pachuca\/index.php\/producto\/bala-ip-2-megapixel-50-mts-ir-anticorrosivo-ultra-low-light-lente-var-3-8-16-mm-wdr-60ips-exterior-ip67-onvif-wfc2-c5-m\/"},"modified":"2026-03-24T04:21:44","modified_gmt":"2026-03-24T04:21:44","slug":"bala-ip-2-megapixel-50-mts-ir-anticorrosivo-ultra-low-light-lente-var-3-8-16-mm-wdr-60ips-exterior-ip67-onvif-wfc2-c5-m","status":"publish","type":"product","link":"https:\/\/soydeaqui.ddns.net\/pachuca\/index.php\/producto\/bala-ip-2-megapixel-50-mts-ir-anticorrosivo-ultra-low-light-lente-var-3-8-16-mm-wdr-60ips-exterior-ip67-onvif-wfc2-c5-m\/","title":{"rendered":"Bala IP 2 Megapixel \/ 50 mts IR \/ Anticorrosivo \/ Ultra Low Light \/ Lente Var. 3.8 &#8211; 16 mm \/ WDR \/ 60IPS \/ Exterior IP67 \/ ONVIF \/ WFC2 \/ C5-M"},"content":{"rendered":"<div style='width: 100%; max-width: 1200px; margin: 0 auto; font-family: sans-serif; line-height: 1.6; color: inherit; background-color: transparent;'> <!-- Logo --> <\/p>\n<div style='width: 100%; margin: 20px 0;'> <img style='width: 100%; max-width: 420px; height: auto; border: 1px solid rgba(150&comma;150&comma;150&comma;0.3); border-radius: 8px;' src='http:\/\/ftp3.syscom.mx\/usuarios\/jdelafuente\/HIKVISION\/hikvision%20logo%20complete.png' alt='Logo Hikvision'> <\/div>\n<p> <!-- Videos --> <\/p>\n<div style='display: flex; flex-wrap: wrap; gap: 20px; margin: 30px 0;'>\n<div style='flex: 1 1 420px; min-width: 280px;'>\n<div style='position: relative; padding-bottom: 56.25%; height: 0; overflow: hidden; margin-bottom: 10px;'>   <\/div>\n<\/p><\/div>\n<div style='flex: 1 1 420px; min-width: 280px;'>\n<div style='position: relative; padding-bottom: 56.25%; height: 0; overflow: hidden; margin-bottom: 10px;'>   <\/div>\n<\/p><\/div>\n<\/p><\/div>\n<p> <!-- Secci\u00f3n de caracter\u00edsticas --> <\/p>\n<div style='display: flex; flex-wrap: wrap; gap: 30px; margin-bottom: 30px;'>\n<div style='flex: 1 1 300px; min-width: 280px;'>\n<h3 style='font-size: 22px; border-bottom: 2px solid currentColor; padding-bottom: 5px; margin-top: 0; color: inherit; opacity: 0.8;'>Caracter\u00edsticas de la c\u00e1mara<\/h3>\n<ul style='padding-left: 20px; font-size: 15px; color: inherit;'>\n<li style='margin-bottom: 5px;'><strong>Sensor de imagen:<\/strong> 1\/1.8&#8242; CMOS Scan Progresivo<\/li>\n<li style='margin-bottom: 5px;'><strong>Iluminaci\u00f3n m\u00ednima:<\/strong> Color: 0.002 Lux @ (F1.2&comma; AGC ON) B\/W: 0.0002 Lux @ (F1.2&comma; AGC ON)<\/li>\n<li style='margin-bottom: 5px;'><strong>Velocidad del obturador:<\/strong> 1 s a 1\/100&comma;000 s<\/li>\n<li style='margin-bottom: 5px;'><strong>D\u00eda \/ Noche:<\/strong> Real con filtro ICR<\/li>\n<li style='margin-bottom: 5px;'><strong>Lente Varifocal:<\/strong> 3.8 a 16 mm<\/li>\n<li style='margin-bottom: 5px;'><strong>Distancia de IR:<\/strong> 50 m con Smart IR<\/li>\n<\/ul><\/div>\n<div style='flex: 1 1 300px; min-width: 280px;'>\n<h3 style='font-size: 22px; border-bottom: 2px solid currentColor; padding-bottom: 5px; margin-top: 0; color: inherit; opacity: 0.8;'>Funciones avanzadas<\/h3>\n<ul style='padding-left: 20px; font-size: 15px; color: inherit;'>\n<li style='margin-bottom: 5px;'><strong>Procesamiento de imagen:<\/strong> WDR real (120dB)<\/li>\n<li style='margin-bottom: 5px;'><strong>Reducci\u00f3n de ruido:<\/strong> 3D-DNR<\/li>\n<li style='margin-bottom: 5px;'><strong>Correcci\u00f3n de luz:<\/strong> BLC&comma; Defog<\/li>\n<li style='margin-bottom: 5px;'><strong>Inteligencia de video:<\/strong> Cruce de l\u00ednea&comma; Intrusi\u00f3n de \u00e1rea&comma; detecci\u00f3n de rostros&comma; detecci\u00f3n de excepci\u00f3n de audio&comma; detecci\u00f3n de des-enfoque&comma; detecci\u00f3n de movimiento&comma; detecci\u00f3n de entrada\/salida de \u00e1rea&comma; objeto removido&comma; objeto olvidado&comma; conteo de objetos<\/li>\n<li style='margin-bottom: 5px;'><strong>ROI:<\/strong> Soportado<\/li>\n<\/ul><\/div>\n<\/p><\/div>\n<p> <!-- Secci\u00f3n de compresi\u00f3n y resoluci\u00f3n --> <\/p>\n<div style='display: flex; flex-wrap: wrap; gap: 30px; margin-bottom: 30px;'>\n<div style='flex: 1 1 300px; min-width: 280px;'>\n<h3 style='font-size: 22px; border-bottom: 2px solid currentColor; padding-bottom: 5px; margin-top: 0; color: inherit; opacity: 0.8;'>Compresi\u00f3n de video y resoluci\u00f3n<\/h3>\n<ul style='padding-left: 20px; font-size: 15px; color: inherit;'>\n<li style='margin-bottom: 5px;'><strong>Formato de compresi\u00f3n:<\/strong> H.264 \/ MJPEG \/ MPEG4<\/li>\n<li style='margin-bottom: 5px;'><strong>Video bit rate:<\/strong> 32 Kbps &#8211; 16 Mbps<\/li>\n<li style='margin-bottom: 5px;'><strong>Compresi\u00f3n de audio:<\/strong> G.711\/G.722.1\/G.726\/MP2L2<\/li>\n<li style='margin-bottom: 5px;'><strong>Audio bit rate:<\/strong> 64Kbps(G.711) \/ 16Kbps (G.722.1) \/ 16Kbps (G.726) \/ 32-128Kbps (MP2L2)<\/li>\n<li style='margin-bottom: 5px;'><strong>Resoluci\u00f3n m\u00e1xima:<\/strong> 1920 \u00d7 1080 (2 MP)<\/li>\n<\/ul><\/div>\n<div style='flex: 1 1 300px; min-width: 280px;'>\n<h3 style='font-size: 22px; border-bottom: 2px solid currentColor; padding-bottom: 5px; margin-top: 0; color: inherit; opacity: 0.8;'>Velocidades de transmisi\u00f3n<\/h3>\n<ul style='padding-left: 20px; font-size: 15px; color: inherit;'>\n<li style='margin-bottom: 5px;'><strong>Main stream:<\/strong> 50Hz: 50fps (1920 \u00d7 1080&comma; 1280 \u00d7 960&comma; 1280 \u00d7 720) 60Hz: 60fps (1920 \u00d7 1080&comma; 1280 \u00d7 960&comma; 1280 \u00d7 720)<\/li>\n<li style='margin-bottom: 5px;'><strong>Sub stream:<\/strong> 50Hz: 25fps (704 \u00d7 576&comma; 640 \u00d7 480&comma; 352 \u00d7 288&comma; 320 \u00d7 240) 60Hz: 30fps (704 \u00d7 480&comma; 640 \u00d7 480&comma; 352 \u00d7 240&comma; 320 \u00d7 240)<\/li>\n<\/ul><\/div>\n<\/p><\/div>\n<p> <!-- Secci\u00f3n de red y almacenamiento --> <\/p>\n<div style='display: flex; flex-wrap: wrap; gap: 30px; margin-bottom: 30px;'>\n<div style='flex: 1 1 300px; min-width: 280px;'>\n<h3 style='font-size: 22px; border-bottom: 2px solid currentColor; padding-bottom: 5px; margin-top: 0; color: inherit; opacity: 0.8;'>Funciones de red y almacenamiento<\/h3>\n<ul style='padding-left: 20px; font-size: 15px; color: inherit;'>\n<li style='margin-bottom: 5px;'><strong>Soporta NAS:<\/strong> (NFS&comma; SMB\/CIFS)<\/li>\n<li style='margin-bottom: 5px;'><strong>Protocolos:<\/strong> TCP\/IP&comma; ICMP&comma; HTTP&comma; HTTPS&comma; FTP&comma; DHCP&comma; DNS&comma; DDNS&comma; RTP&comma; RTSP&comma; RTCP&comma; PPPoE&comma; NTP&comma; UPnP&comma; SMTP&comma; SNMP&comma; IGMP&comma; 802.1X&comma; QoS&comma; IPv6&comma; Bonjour<\/li>\n<li style='margin-bottom: 5px;'><strong>ONVIF:<\/strong> PROFILE S&comma; PROFILE G&comma; PSIA&comma; CGI&comma; ISAPI&comma; GB28181<\/li>\n<\/ul><\/div>\n<div style='flex: 1 1 300px; min-width: 280px;'>\n<h3 style='font-size: 22px; border-bottom: 2px solid currentColor; padding-bottom: 5px; margin-top: 0; color: inherit; opacity: 0.8;'>Interfaces y audio<\/h3>\n<ul style='padding-left: 20px; font-size: 15px; color: inherit;'>\n<li style='margin-bottom: 5px;'><strong>Audio:<\/strong> 1 entrada y 1 salida<\/li>\n<li style='margin-bottom: 5px;'><strong>Red:<\/strong> 1 puerto RJ45 10\/100 Mbps<\/li>\n<li style='margin-bottom: 5px;'><strong>Alarma:<\/strong> 1 entrada y 1 salida (24Vcc&comma; 1A \u00f3 110Vca. 500mA)<\/li>\n<\/ul><\/div>\n<\/p><\/div>\n<p> <!-- Secci\u00f3n de caracter\u00edsticas f\u00edsicas --> <\/p>\n<div style='display: flex; flex-wrap: wrap; gap: 30px; margin-bottom: 30px;'>\n<div style='flex: 1 1 300px; min-width: 280px;'>\n<h3 style='font-size: 22px; border-bottom: 2px solid currentColor; padding-bottom: 5px; margin-top: 0; color: inherit; opacity: 0.8;'>Caracter\u00edsticas f\u00edsicas<\/h3>\n<ul style='padding-left: 20px; font-size: 15px; color: inherit;'>\n<li style='margin-bottom: 5px;'><strong>Temperatura de operaci\u00f3n:<\/strong> -40 a 60 \u00b0C (-22 \u00b0F \u2013 140 \u00b0F)&comma; humedad 95%<\/li>\n<li style='margin-bottom: 5px;'><strong>Alimentaci\u00f3n:<\/strong> 24 VCA<\/li>\n<li style='margin-bottom: 5px;'><strong>Aplicaci\u00f3n:<\/strong> Interior \/ Exterior<\/li>\n<li style='margin-bottom: 5px;'><strong>Protecci\u00f3n:<\/strong> IP67&comma; Certificaci\u00f3n NEMA 4&comma; C5-M<\/li>\n<li style='margin-bottom: 5px;'><strong>Dise\u00f1ada para:<\/strong> Ambientes h\u00famedos y con salitre (Costas&comma; plantas de agua&comma; plantas qu\u00edmicas&comma; barcos&comma; islas o todo ambiente que requiera un alto nivel anticorrosivo)<\/li>\n<li style='margin-bottom: 5px;'><strong>Dimensiones:<\/strong> 465 \u00d7 189.7 \u00d7 180 mm (18.3&#8242; \u00d7 7.5&#8242; \u00d7 7.1&#8242;)<\/li>\n<li style='margin-bottom: 5px;'><strong>Peso:<\/strong> 10.1 kg<\/li>\n<\/ul><\/div>\n<\/p><\/div>\n<p> <!-- Banner --> <\/p>\n<div style='width: 100%; margin: 30px 0;'> <img style='width: 100%; height: auto; border: 1px solid rgba(150&comma;150&comma;150&comma;0.3); border-radius: 8px;' src='https:\/\/ftp3.syscom.mx\/usuarios\/jsosa\/HIKVISION\/imagenes\/banners\/solution%20complete.png' alt='Banner Hikvision'> <\/div>\n<\/p><\/div>\n","protected":false},"excerpt":{"rendered":"<p>Bala IP 2 Megapixel \/ 50 mts IR \/ Anticorrosivo \/ Ultra Low Light \/ Lente Var. 3.8 &#8211; 16 mm \/ WDR \/ 60IPS \/ Exterior IP67 \/ ONVIF \/ WFC2 \/ C5-M<\/p>\n","protected":false},"featured_media":118625,"comment_status":"open","ping_status":"closed","template":"","meta":[],"product_brand":[],"product_cat":[2289],"product_tag":[2290,122,54],"class_list":{"0":"post-118626","1":"product","2":"type-product","3":"status-publish","4":"has-post-thumbnail","6":"product_cat-ambientes-salinos-anticorrosion","7":"product_tag-ambientes-salinos-anticorrosion","8":"product_tag-camaras-ip-y-nvrs","9":"product_tag-hikvision","11":"first","12":"outofstock","13":"sale","14":"shipping-taxable","15":"purchasable","16":"product-type-simple"},"_links":{"self":[{"href":"https:\/\/soydeaqui.ddns.net\/pachuca\/index.php\/wp-json\/wp\/v2\/product\/118626","targetHints":{"allow":["GET"]}}],"collection":[{"href":"https:\/\/soydeaqui.ddns.net\/pachuca\/index.php\/wp-json\/wp\/v2\/product"}],"about":[{"href":"https:\/\/soydeaqui.ddns.net\/pachuca\/index.php\/wp-json\/wp\/v2\/types\/product"}],"replies":[{"embeddable":true,"href":"https:\/\/soydeaqui.ddns.net\/pachuca\/index.php\/wp-json\/wp\/v2\/comments?post=118626"}],"wp:featuredmedia":[{"embeddable":true,"href":"https:\/\/soydeaqui.ddns.net\/pachuca\/index.php\/wp-json\/wp\/v2\/media\/118625"}],"wp:attachment":[{"href":"https:\/\/soydeaqui.ddns.net\/pachuca\/index.php\/wp-json\/wp\/v2\/media?parent=118626"}],"wp:term":[{"taxonomy":"product_brand","embeddable":true,"href":"https:\/\/soydeaqui.ddns.net\/pachuca\/index.php\/wp-json\/wp\/v2\/product_brand?post=118626"},{"taxonomy":"product_cat","embeddable":true,"href":"https:\/\/soydeaqui.ddns.net\/pachuca\/index.php\/wp-json\/wp\/v2\/product_cat?post=118626"},{"taxonomy":"product_tag","embeddable":true,"href":"https:\/\/soydeaqui.ddns.net\/pachuca\/index.php\/wp-json\/wp\/v2\/product_tag?post=118626"}],"curies":[{"name":"wp","href":"https:\/\/api.w.org\/{rel}","templated":true}]}}