{"id":118583,"date":"2026-03-24T04:19:10","date_gmt":"2026-03-24T04:19:10","guid":{"rendered":"https:\/\/soydeaqui.ddns.net\/pachuca\/index.php\/producto\/arnes-de-suspension-con-cinturon-talla-36-40-4-argollas\/"},"modified":"2026-03-24T04:19:12","modified_gmt":"2026-03-24T04:19:12","slug":"arnes-de-suspension-con-cinturon-talla-36-40-4-argollas","status":"publish","type":"product","link":"https:\/\/soydeaqui.ddns.net\/pachuca\/index.php\/producto\/arnes-de-suspension-con-cinturon-talla-36-40-4-argollas\/","title":{"rendered":"Arn\u00e9s de Suspensi\u00f3n con Cintur\u00f3n Talla 36-40 (4 Argollas)"},"content":{"rendered":"<div style='width: 100%; max-width: 1200px; margin: 0 auto; font-family: sans-serif; line-height: 1.6; color: inherit;'>\n<div style='display: flex; flex-wrap: wrap; gap: 30px; margin-bottom: 30px;'>\n<div style='flex: 1 1 300px; min-width: 280px;'>\n<h3 style='font-size: 22px; border-bottom: 2px solid currentColor; padding-bottom: 5px; margin-top: 0; color: inherit; opacity: 0.8;'>Caracter\u00edsticas Principales<\/h3>\n<ul style='padding-left: 20px; font-size: 15px; color: inherit;'>\n<li style='margin-bottom: 5px;'>Hebilla de r\u00e1pida conexi\u00f3n<\/li>\n<li style='margin-bottom: 5px;'>Arn\u00e9s contra ca\u00eddas con y sin cintur\u00f3n<\/li>\n<li style='margin-bottom: 5px;'>Anillo forjado en D en la espalda deslizante fabricado en acero recubierto de zinc y bicromado<\/li>\n<li style='margin-bottom: 5px;'>Dise\u00f1o antica\u00edda de posici\u00f3n elevada<\/li>\n<li style='margin-bottom: 5px;'><strong>Banda de resistencia a la tensi\u00f3n:<\/strong> 3&comma;090 kg<\/li>\n<li style='margin-bottom: 5px;'><strong>Talla:<\/strong> 36 a 40<\/li>\n<li style='margin-bottom: 5px;'><strong>Dimensiones (ancho&comma; largo&comma; alto):<\/strong> 10.00 x 25.00 x 36.00<\/li>\n<li style='margin-bottom: 5px;'><strong>Normas:<\/strong> ANSI A10.14 ANSI Z 359.1<\/li>\n<\/ul><\/div>\n<\/p><\/div>\n<hr style='border: 0; border-top: 1px solid rgba(150&comma; 150&comma; 150&comma; 0.3); margin: 30px 0;'> <\/div>\n","protected":false},"excerpt":{"rendered":"<p>Arn\u00e9s de Suspensi\u00f3n con Cintur\u00f3n Talla 36-40 (4 Argollas)<\/p>\n","protected":false},"featured_media":118582,"comment_status":"open","ping_status":"closed","template":"","meta":[],"product_brand":[],"product_cat":[1133],"product_tag":[1058,1134,554],"class_list":{"0":"post-118583","1":"product","2":"type-product","3":"status-publish","4":"has-post-thumbnail","6":"product_cat-seguridad-personal","7":"product_tag-ferreteria","8":"product_tag-seguridad-personal","9":"product_tag-urrea","11":"first","12":"outofstock","13":"sale","14":"shipping-taxable","15":"purchasable","16":"product-type-simple"},"_links":{"self":[{"href":"https:\/\/soydeaqui.ddns.net\/pachuca\/index.php\/wp-json\/wp\/v2\/product\/118583","targetHints":{"allow":["GET"]}}],"collection":[{"href":"https:\/\/soydeaqui.ddns.net\/pachuca\/index.php\/wp-json\/wp\/v2\/product"}],"about":[{"href":"https:\/\/soydeaqui.ddns.net\/pachuca\/index.php\/wp-json\/wp\/v2\/types\/product"}],"replies":[{"embeddable":true,"href":"https:\/\/soydeaqui.ddns.net\/pachuca\/index.php\/wp-json\/wp\/v2\/comments?post=118583"}],"wp:featuredmedia":[{"embeddable":true,"href":"https:\/\/soydeaqui.ddns.net\/pachuca\/index.php\/wp-json\/wp\/v2\/media\/118582"}],"wp:attachment":[{"href":"https:\/\/soydeaqui.ddns.net\/pachuca\/index.php\/wp-json\/wp\/v2\/media?parent=118583"}],"wp:term":[{"taxonomy":"product_brand","embeddable":true,"href":"https:\/\/soydeaqui.ddns.net\/pachuca\/index.php\/wp-json\/wp\/v2\/product_brand?post=118583"},{"taxonomy":"product_cat","embeddable":true,"href":"https:\/\/soydeaqui.ddns.net\/pachuca\/index.php\/wp-json\/wp\/v2\/product_cat?post=118583"},{"taxonomy":"product_tag","embeddable":true,"href":"https:\/\/soydeaqui.ddns.net\/pachuca\/index.php\/wp-json\/wp\/v2\/product_tag?post=118583"}],"curies":[{"name":"wp","href":"https:\/\/api.w.org\/{rel}","templated":true}]}}