{"id":118477,"date":"2026-03-24T04:13:22","date_gmt":"2026-03-24T04:13:22","guid":{"rendered":"https:\/\/soydeaqui.ddns.net\/pachuca\/index.php\/producto\/fuente-de-poder-de-12-vcc-5a-4-camaras-filtro-de-ruido-especial-para-camaras-4k-fusible-reseteable-inter-construido-ptc-proteccion-contra-sobre-tensiones-y-contra-cortocircuito-recomendado\/"},"modified":"2026-03-24T04:13:47","modified_gmt":"2026-03-24T04:13:47","slug":"fuente-de-poder-de-12-vcc-5a-4-camaras-filtro-de-ruido-especial-para-camaras-4k-fusible-reseteable-inter-construido-ptc-proteccion-contra-sobre-tensiones-y-contra-cortocircuito-recomendado","status":"publish","type":"product","link":"https:\/\/soydeaqui.ddns.net\/pachuca\/index.php\/producto\/fuente-de-poder-de-12-vcc-5a-4-camaras-filtro-de-ruido-especial-para-camaras-4k-fusible-reseteable-inter-construido-ptc-proteccion-contra-sobre-tensiones-y-contra-cortocircuito-recomendado\/","title":{"rendered":"Fuente de Poder de 12 Vcc @ 5A \/ 4 C\u00e1maras \/ FILTRO DE RUIDO ESPECIAL PARA CAMARAS 4K \/ Fusible Reseteable Inter Construido PTC \/ Protecci\u00f3n Contra Sobre-Tensiones y Contra Cortocircuito \/ Recomendado para c\u00e1maras 4K."},"content":{"rendered":"<div style='width: 100%; max-width: 1200px; margin: 0 auto; font-family: sans-serif; line-height: 1.6; color: inherit; background-color: transparent;'>\n<div style='width: 100%; text-align: center; margin-bottom: 30px;'>\n<h1 style='font-size: 28px; margin: 0 0 10px; color: inherit; font-weight: bold;'>PS-12DC-4KV<\/h1>\n<h3 style='font-size: 20px; margin: 0 0 20px; color: inherit; font-weight: normal;'>Fuente de alimentaci\u00f3n de 12 Vcc @ 5 Amper \/ 4 C\u00e1maras \/ FILTRO DE RUIDO ESPECIAL \/ Para C\u00e1maras 4K<\/h3>\n<p style='font-size: 15px; margin: 0 auto; max-width: 800px; color: inherit;'>EPCOM POWER LINE marca lider en adapatores con alta eficiencia en alimentaci\u00f3n para equipos de seguridad electr\u00f3nica por sus ventajas de aprobaciones y certificaciones&comma; protecci\u00f3n contra sobretensiones&comma; y circuitos de protecci\u00f3n contra anti-interferencia.La Fuente PS-12DC4KV es especial para camaras TURBOHD con resolucion de 4K (8 Megapixel). esta tambien cuenta con inteligencia distribuida&comma; puede suministrar hasta 3 Amperes en una salida sin exceder la capacidad m\u00e1x de 5 Amperes.<\/p>\n<\/p><\/div>\n<div style='display: flex; flex-wrap: wrap; gap: 30px; margin-bottom: 30px;'>\n<div style='flex: 1 1 300px; min-width: 280px;'>\n<div style='width: 100%; border: 1px solid rgba(150&comma;150&comma;150&comma;0.3); border-radius: 8px; overflow: hidden;'>\n<div style='width: 100%; height: auto; border-bottom: 1px solid rgba(150&comma;150&comma;150&comma;0.3);'> <img style='width: 100%; height: auto; border: none; border-radius: 0;' src='http:\/\/ftp3.syscom.mx\/usuarios\/hallende\/Familia%20Centro\/Fuentes\/PS-12DC-4K\/PS12DC4K-1.png' alt=''> <\/div>\n<div style='padding: 15px;'>\n<h3 style='font-size: 22px; border-bottom: 2px solid currentColor; padding-bottom: 5px; margin-top: 0; color: inherit; opacity: 0.8;'>Caracter\u00edsticas Principales:<\/h3>\n<ul style='padding-left: 20px; font-size: 15px; color: inherit; list-style-type: disc;'>\n<li style='margin-bottom: 5px;'>Voltaje de entrada 110V &#8211; 240Vca<\/li>\n<li style='margin-bottom: 5px;'>Voltaje de salida 12V DC +\/- 5%<\/li>\n<li style='margin-bottom: 5px;'>Sistema de 5 A inteligentes (Distribuidos en 4 salidas).<\/li>\n<li style='margin-bottom: 5px;'>Aprobaciones de seguridad CE<\/li>\n<li style='margin-bottom: 5px;'>LED indicador de alimentaci\u00f3n.<\/li>\n<\/ul><\/div>\n<\/p><\/div>\n<\/p><\/div>\n<div style='flex: 1 1 300px; min-width: 280px;'>\n<div style='width: 100%; border: 1px solid rgba(150&comma;150&comma;150&comma;0.3); border-radius: 8px; overflow: hidden;'>\n<div style='width: 100%; height: auto; border-bottom: 1px solid rgba(150&comma;150&comma;150&comma;0.3);'> <img style='width: 100%; height: auto; border: none; border-radius: 0;' src='http:\/\/ftp3.syscom.mx\/usuarios\/hallende\/Familia%20Centro\/Fuentes\/PS-12DC-4K\/PS12DC4K-AD-2.png' alt=''> <\/div>\n<div style='padding: 15px;'>\n<h3 style='font-size: 22px; border-bottom: 2px solid currentColor; padding-bottom: 5px; margin-top: 0; color: inherit; opacity: 0.8;'>Caracter\u00edsticas F\u00edsicas y El\u00e9ctricas:<\/h3>\n<ul style='padding-left: 20px; font-size: 15px; color: inherit; list-style-type: disc;'>\n<li style='margin-bottom: 5px;'>Dimensiones (W x H x D) 70 x 65 x 24 mm<\/li>\n<li style='margin-bottom: 5px;'>Peso: 400g<\/li>\n<li style='margin-bottom: 5px;'>Certificaci\u00f3n UL Listed&comma; CE<\/li>\n<\/ul><\/div>\n<\/p><\/div>\n<\/p><\/div>\n<div style='flex: 1 1 300px; min-width: 280px;'>\n<div style='width: 100%; border: 1px solid rgba(150&comma;150&comma;150&comma;0.3); border-radius: 8px; overflow: hidden;'>\n<div style='width: 100%; height: auto; border-bottom: 1px solid rgba(150&comma;150&comma;150&comma;0.3);'> <img style='width: 100%; height: auto; border: none; border-radius: 0;' src='http:\/\/ftp3.syscom.mx\/usuarios\/hallende\/Familia%20Centro\/Fuentes\/PS-12DC-4K\/PS12DC4K-AD-3.png' alt=''> <\/div>\n<div style='padding: 15px;'>\n<h3 style='font-size: 22px; border-bottom: 2px solid currentColor; padding-bottom: 5px; margin-top: 0; color: inherit; opacity: 0.8;'>Caracter\u00edsticas Destacadas:<\/h3>\n<ul style='padding-left: 20px; font-size: 15px; color: inherit; list-style-type: disc;'>\n<li style='margin-bottom: 5px;'>Fusible reseteable interconstruido PTC<\/li>\n<li style='margin-bottom: 5px;'>Protecci\u00f3n contra sobre-tensiones y contra cortocircuito<\/li>\n<li style='margin-bottom: 5px;'>Sistema de liberaci\u00f3n de calor&comma;con estructura de ventilaci\u00f3n de calor<\/li>\n<li style='margin-bottom: 5px;'>La interferencia m\u00e1s baja para evitar las se\u00f1ales de alta frecuencia&comma; dise\u00f1ado para el uso de Sistemas de vigilancia<\/li>\n<\/ul><\/div>\n<\/p><\/div>\n<\/p><\/div>\n<\/p><\/div>\n<\/p><\/div>\n","protected":false},"excerpt":{"rendered":"<p>Fuente de Poder de 12 Vcc @ 5A \/ 4 C\u00e1maras \/ FILTRO DE RUIDO ESPECIAL PARA CAMARAS 4K \/ Fusible Reseteable Inter Construido PTC \/ Protecci\u00f3n Contra Sobre-Tensiones y Contra Cortocircuito \/ Recomendado para c\u00e1maras 4K.<\/p>\n","protected":false},"featured_media":118476,"comment_status":"open","ping_status":"closed","template":"","meta":[],"product_brand":[],"product_cat":[1103],"product_tag":[142,454,457],"class_list":{"0":"post-118477","1":"product","2":"type-product","3":"status-publish","4":"has-post-thumbnail","6":"product_cat-fuentes-de-alimentacion-energia-videovigilancia","7":"product_tag-energia","8":"product_tag-epcom-powerline","9":"product_tag-fuentes-de-alimentacion","11":"first","12":"instock","13":"sale","14":"shipping-taxable","15":"purchasable","16":"product-type-simple"},"_links":{"self":[{"href":"https:\/\/soydeaqui.ddns.net\/pachuca\/index.php\/wp-json\/wp\/v2\/product\/118477","targetHints":{"allow":["GET"]}}],"collection":[{"href":"https:\/\/soydeaqui.ddns.net\/pachuca\/index.php\/wp-json\/wp\/v2\/product"}],"about":[{"href":"https:\/\/soydeaqui.ddns.net\/pachuca\/index.php\/wp-json\/wp\/v2\/types\/product"}],"replies":[{"embeddable":true,"href":"https:\/\/soydeaqui.ddns.net\/pachuca\/index.php\/wp-json\/wp\/v2\/comments?post=118477"}],"wp:featuredmedia":[{"embeddable":true,"href":"https:\/\/soydeaqui.ddns.net\/pachuca\/index.php\/wp-json\/wp\/v2\/media\/118476"}],"wp:attachment":[{"href":"https:\/\/soydeaqui.ddns.net\/pachuca\/index.php\/wp-json\/wp\/v2\/media?parent=118477"}],"wp:term":[{"taxonomy":"product_brand","embeddable":true,"href":"https:\/\/soydeaqui.ddns.net\/pachuca\/index.php\/wp-json\/wp\/v2\/product_brand?post=118477"},{"taxonomy":"product_cat","embeddable":true,"href":"https:\/\/soydeaqui.ddns.net\/pachuca\/index.php\/wp-json\/wp\/v2\/product_cat?post=118477"},{"taxonomy":"product_tag","embeddable":true,"href":"https:\/\/soydeaqui.ddns.net\/pachuca\/index.php\/wp-json\/wp\/v2\/product_tag?post=118477"}],"curies":[{"name":"wp","href":"https:\/\/api.w.org\/{rel}","templated":true}]}}