{"id":118465,"date":"2026-03-24T04:12:41","date_gmt":"2026-03-24T04:12:41","guid":{"rendered":"https:\/\/soydeaqui.ddns.net\/pachuca\/index.php\/producto\/fuente-de-poder-profesional-heavy-duty-16-amperes-8-canales-hasta-2a-por-salida-ajuste-independiente-de-11-a-15-vcc-por-salida-proteccion-contra-sobrecargas-filtro-de-ruido-especial-para-c\/"},"modified":"2026-03-24T04:13:11","modified_gmt":"2026-03-24T04:13:11","slug":"fuente-de-poder-profesional-heavy-duty-16-amperes-8-canales-hasta-2a-por-salida-ajuste-independiente-de-11-a-15-vcc-por-salida-proteccion-contra-sobrecargas-filtro-de-ruido-especial-para-c","status":"publish","type":"product","link":"https:\/\/soydeaqui.ddns.net\/pachuca\/index.php\/producto\/fuente-de-poder-profesional-heavy-duty-16-amperes-8-canales-hasta-2a-por-salida-ajuste-independiente-de-11-a-15-vcc-por-salida-proteccion-contra-sobrecargas-filtro-de-ruido-especial-para-c\/","title":{"rendered":"Fuente de Poder Profesional HEAVY DUTY @ 16 Amperes \/ 8 Canales \/ Hasta 2A por Salida \/ Ajuste independiente de 11 a 15 Vcc por Salida \/ Protecci\u00f3n Contra Sobrecargas \/ Filtro de Ruido Especial para C\u00e1maras 4K."},"content":{"rendered":"<div style='width: 100%; max-width: 1200px; margin: 0 auto; font-family: sans-serif; line-height: 1.6; color: inherit; background-color: transparent;'>\n<div style='width: 100%; text-align: center; margin: 0 auto 30px auto;'>\n<h1 style='font-size: 28px; margin: 0 0 10px 0; color: inherit; font-weight: bold;'>XP8-DC-16-4KV<\/h1>\n<h3 style='margin: 0 0 20px 0; color: inherit; font-size: 16px; font-weight: normal;'>Fuente de poder profesional HEAVY DUTY de 11-15 Vcc @ 16 Amper&comma; para 8 c\u00e1maras&comma; con voltaje de entrada de: 110-220 Vca&comma; 50~60 Hz \/ Compatible con c\u00e1maras 4K<\/h3>\n<p style='font-size: 14px; color: inherit; margin: 10px auto 50px auto; max-width: 800px;'>Epcom POWER LINE marca l\u00edder en fuentes de poder profesionales con alta eficiencia en alimentaci\u00f3n para equipos de seguridad electr\u00f3nica por sus ventajas de aprobaciones y certificaciones&comma; protecci\u00f3n contra sobretensiones y circuitos de protecci\u00f3n contra anti-interferencia. Por su salida de poder filtrada para evitar ruido y protegidas contra sobretensiones XP-16DC-20-4KV es ideal para c\u00e1maras 4K.<\/p>\n<\/p><\/div>\n<div style='display: flex; flex-wrap: wrap; gap: 30px; margin-bottom: 30px;'>\n<div style='flex: 1 1 300px; min-width: 280px;'>\n<div style='width: 100%;'> <img style='width: 100%; height: auto; border: 1px solid rgba(150&comma;150&comma;150&comma;0.3); border-radius: 8px;' src='http:\/\/ftp3.syscom.mx\/usuarios\/hallende\/Familia%20Centro\/Fuentes\/XP-8DC-16-4KV\/XP8DC164KV-1.png' alt=''> <\/div>\n<div style='width: 100%; border: 1px solid rgba(150&comma;150&comma;150&comma;0.3); border-top: 5px solid #DF001D; border-radius: 8px; margin-top: 15px; overflow: hidden;'>\n<div style='padding: 15px; font-weight: bold; font-size: 18px; color: inherit; border-bottom: 1px solid rgba(150&comma;150&comma;150&comma;0.2);'>Caracter\u00edsticas Principales:<\/div>\n<div style='padding: 15px; color: inherit;'>\n<ul style='padding-left: 20px; margin: 0; font-size: 14px; list-style-type: disc;'>\n<li style='margin-bottom: 5px;'>Soporta c\u00e1maras 4K<\/li>\n<li style='margin-bottom: 5px;'>Voltaje de entrada 110V &#8211; 220Vca<\/li>\n<li style='margin-bottom: 5px;'>Salida de voltaje 11.5 ~ 15 Vcc. (ajustable) por salida<\/li>\n<li style='margin-bottom: 5px;'>Corriente de Salida (Max) 16A<\/li>\n<li style='margin-bottom: 5px;'>Corriente de salida por canal hasta 2A<\/li>\n<li style='margin-bottom: 5px;'>Tablilla de distribuci\u00f3n: 8 salidas.<\/li>\n<li style='margin-bottom: 5px;'>Fusible de protecci\u00f3n individual por cada canal<\/li>\n<li style='margin-bottom: 5px;'><strong>5 a\u00f1os de garantia.<\/strong><\/li>\n<\/ul><\/div>\n<\/p><\/div>\n<\/p><\/div>\n<div style='flex: 1 1 300px; min-width: 280px;'>\n<div style='width: 100%;'> <img style='width: 100%; height: auto; border: 1px solid rgba(150&comma;150&comma;150&comma;0.3); border-radius: 8px;' src='http:\/\/ftp3.syscom.mx\/usuarios\/hallende\/Familia%20Centro\/Fuentes\/XP-8DC-16-4KV\/XP8DC164KV-2.png' alt=''> <\/div>\n<div style='width: 100%; border: 1px solid rgba(150&comma;150&comma;150&comma;0.3); border-top: 5px solid #DF001D; border-radius: 8px; margin-top: 15px; overflow: hidden;'>\n<div style='padding: 15px; font-weight: bold; font-size: 18px; color: inherit; border-bottom: 1px solid rgba(150&comma;150&comma;150&comma;0.2);'>Caracter\u00edsticas F\u00edsicas y El\u00e9ctricas:<\/div>\n<div style='padding: 15px; color: inherit;'>\n<ul style='padding-left: 20px; margin: 0; font-size: 14px; list-style-type: disc;'>\n<li style='margin-bottom: 5px;'>Aprobaciones: IEC\/EN\/UL\/CSA&comma; 60950 GB4943<\/li>\n<li style='margin-bottom: 5px;'>Frecuencia de operacion 50-60 Hz<\/li>\n<li style='margin-bottom: 5px;'>Regulaci\u00f3n de carga A \u00b1 5%<\/li>\n<li style='margin-bottom: 5px;'>Resistencia de insulaci\u00f3n 5 mA 50Hz@DC 1000 V<\/li>\n<li style='margin-bottom: 5px;'>Dimensiones (W x H x D) 265 x 255 x 80 mm<\/li>\n<li style='margin-bottom: 5px;'>Temperatura de operaci\u00f3n: -10 \u00b0C ~ 50 \u00b0C<\/li>\n<li style='margin-bottom: 5px;'>Peso 2.450 Kg<\/li>\n<\/ul><\/div>\n<\/p><\/div>\n<\/p><\/div>\n<div style='flex: 1 1 300px; min-width: 280px;'>\n<div style='width: 100%;'> <img style='width: 100%; height: auto; border: 1px solid rgba(150&comma;150&comma;150&comma;0.3); border-radius: 8px;' src='http:\/\/ftp3.syscom.mx\/usuarios\/hallende\/Familia%20Centro\/Fuentes\/XP-8DC-16-4KV\/XP8DC164KV-3.png' alt=''> <\/div>\n<div style='width: 100%; border: 1px solid rgba(150&comma;150&comma;150&comma;0.3); border-top: 5px solid #DF001D; border-radius: 8px; margin-top: 15px; overflow: hidden;'>\n<div style='padding: 15px; font-weight: bold; font-size: 18px; color: inherit; border-bottom: 1px solid rgba(150&comma;150&comma;150&comma;0.2);'>Caracter\u00edsticas Destacadas:<\/div>\n<div style='padding: 15px; color: inherit;'>\n<ul style='padding-left: 20px; margin: 0; font-size: 14px; list-style-type: disc;'>\n<li style='margin-bottom: 5px;'>Gabinete azul para fijarse en pared&comma; est\u00e9tico&comma; de f\u00e1cil instalaci\u00f3n<\/li>\n<li style='margin-bottom: 5px;'>Leds indicadores externos por cada salida de canal.<\/li>\n<li style='margin-bottom: 5px;'>Probada 100% a plena carga. Alta eficiencia&comma; larga vida \u00fatil&comma; alta confiabilidad.<\/li>\n<li style='margin-bottom: 5px;'>Protecci\u00f3n contra cortocircuito&comma; sobretensiones y descargas el\u00e9ctricas.<\/li>\n<li style='margin-bottom: 5px;'>Protecci\u00f3n de sobre temperatura.<\/li>\n<li style='margin-bottom: 5px;'>Sistema de enfriamiento por convenci\u00f3n del aire<\/li>\n<\/ul><\/div>\n<\/p><\/div>\n<\/p><\/div>\n<\/p><\/div>\n<\/p><\/div>\n","protected":false},"excerpt":{"rendered":"<p>Fuente de Poder Profesional HEAVY DUTY @ 16 Amperes \/ 8 Canales \/ Hasta 2A por Salida \/ Ajuste independiente de 11 a 15 Vcc por Salida \/ Protecci\u00f3n Contra Sobrecargas \/ Filtro de Ruido Especial para C\u00e1maras 4K.<\/p>\n","protected":false},"featured_media":118464,"comment_status":"open","ping_status":"closed","template":"","meta":[],"product_brand":[],"product_cat":[1103],"product_tag":[142,454,457],"class_list":{"0":"post-118465","1":"product","2":"type-product","3":"status-publish","4":"has-post-thumbnail","6":"product_cat-fuentes-de-alimentacion-energia-videovigilancia","7":"product_tag-energia","8":"product_tag-epcom-powerline","9":"product_tag-fuentes-de-alimentacion","11":"first","12":"outofstock","13":"sale","14":"shipping-taxable","15":"purchasable","16":"product-type-simple"},"_links":{"self":[{"href":"https:\/\/soydeaqui.ddns.net\/pachuca\/index.php\/wp-json\/wp\/v2\/product\/118465","targetHints":{"allow":["GET"]}}],"collection":[{"href":"https:\/\/soydeaqui.ddns.net\/pachuca\/index.php\/wp-json\/wp\/v2\/product"}],"about":[{"href":"https:\/\/soydeaqui.ddns.net\/pachuca\/index.php\/wp-json\/wp\/v2\/types\/product"}],"replies":[{"embeddable":true,"href":"https:\/\/soydeaqui.ddns.net\/pachuca\/index.php\/wp-json\/wp\/v2\/comments?post=118465"}],"wp:featuredmedia":[{"embeddable":true,"href":"https:\/\/soydeaqui.ddns.net\/pachuca\/index.php\/wp-json\/wp\/v2\/media\/118464"}],"wp:attachment":[{"href":"https:\/\/soydeaqui.ddns.net\/pachuca\/index.php\/wp-json\/wp\/v2\/media?parent=118465"}],"wp:term":[{"taxonomy":"product_brand","embeddable":true,"href":"https:\/\/soydeaqui.ddns.net\/pachuca\/index.php\/wp-json\/wp\/v2\/product_brand?post=118465"},{"taxonomy":"product_cat","embeddable":true,"href":"https:\/\/soydeaqui.ddns.net\/pachuca\/index.php\/wp-json\/wp\/v2\/product_cat?post=118465"},{"taxonomy":"product_tag","embeddable":true,"href":"https:\/\/soydeaqui.ddns.net\/pachuca\/index.php\/wp-json\/wp\/v2\/product_tag?post=118465"}],"curies":[{"name":"wp","href":"https:\/\/api.w.org\/{rel}","templated":true}]}}